{"id":15714,"date":"2023-10-30T11:31:25","date_gmt":"2023-10-30T10:31:25","guid":{"rendered":"https:\/\/baralivres.ma\/?post_type=product&#038;p=15714"},"modified":"2023-10-30T11:31:25","modified_gmt":"2023-10-30T10:31:25","slug":"les-enfants-sont-rois","status":"publish","type":"product","link":"https:\/\/baralivres.ma\/?product=les-enfants-sont-rois","title":{"rendered":"Les enfants sont rois"},"content":{"rendered":"<p>Dans le tissu des trag\u00e9dies les plus \u00e9prouvantes, les fa\u00e7ades jouent un r\u00f4le pr\u00e9pond\u00e9rant. M\u00e9lanie, \u00e9lev\u00e9e dans la v\u00e9n\u00e9ration de la t\u00e9l\u00e9r\u00e9alit\u00e9, aspire avant tout \u00e0 la c\u00e9l\u00e9brit\u00e9. Cependant, sa seule apparition \u00e0 l&rsquo;\u00e9cran tourne au d\u00e9sastre. Des ann\u00e9es plus tard, maintenant \u00e9pouse et m\u00e8re, elle d\u00e9cide de documenter la vie quotidienne de ses enfants sur YouTube. Le succ\u00e8s est imm\u00e9diat, attirant des millions d&rsquo;abonn\u00e9s. Mais un jour, sa fille dispara\u00eet. De l&rsquo;\u00e8re Loft Story jusqu&rsquo;aux ann\u00e9es 2030, une \u00e8re marqu\u00e9e par l&rsquo;omnipotence des r\u00e9seaux sociaux, Delphine de Vigan explore les d\u00e9rives d&rsquo;une \u00e9poque o\u00f9 l&rsquo;existence ne trouve de sens que dans le regard des autres.<\/p>\n","protected":false},"excerpt":{"rendered":"<p>Qu\u00eate de c\u00e9l\u00e9brit\u00e9 via t\u00e9l\u00e9r\u00e9alit\u00e9 et YouTube tourne au drame familial bouleversant surr\u00e9aliste.<\/p>\n","protected":false},"featured_media":15721,"comment_status":"open","ping_status":"closed","template":"","meta":{"inline_featured_image":false},"product_cat":[204,143],"product_tag":[],"class_list":{"0":"post-15714","1":"product","2":"type-product","3":"status-publish","4":"has-post-thumbnail","6":"product_cat-francais","7":"product_cat-roman","8":"pa_auteurs-delphine-de-vigan","10":"first","11":"instock","12":"shipping-taxable","13":"purchasable","14":"product-type-simple"},"_links":{"self":[{"href":"https:\/\/baralivres.ma\/index.php?rest_route=\/wp\/v2\/product\/15714","targetHints":{"allow":["GET"]}}],"collection":[{"href":"https:\/\/baralivres.ma\/index.php?rest_route=\/wp\/v2\/product"}],"about":[{"href":"https:\/\/baralivres.ma\/index.php?rest_route=\/wp\/v2\/types\/product"}],"replies":[{"embeddable":true,"href":"https:\/\/baralivres.ma\/index.php?rest_route=%2Fwp%2Fv2%2Fcomments&post=15714"}],"version-history":[{"count":1,"href":"https:\/\/baralivres.ma\/index.php?rest_route=\/wp\/v2\/product\/15714\/revisions"}],"predecessor-version":[{"id":15722,"href":"https:\/\/baralivres.ma\/index.php?rest_route=\/wp\/v2\/product\/15714\/revisions\/15722"}],"wp:featuredmedia":[{"embeddable":true,"href":"https:\/\/baralivres.ma\/index.php?rest_route=\/wp\/v2\/media\/15721"}],"wp:attachment":[{"href":"https:\/\/baralivres.ma\/index.php?rest_route=%2Fwp%2Fv2%2Fmedia&parent=15714"}],"wp:term":[{"taxonomy":"product_cat","embeddable":true,"href":"https:\/\/baralivres.ma\/index.php?rest_route=%2Fwp%2Fv2%2Fproduct_cat&post=15714"},{"taxonomy":"product_tag","embeddable":true,"href":"https:\/\/baralivres.ma\/index.php?rest_route=%2Fwp%2Fv2%2Fproduct_tag&post=15714"}],"curies":[{"name":"wp","href":"https:\/\/api.w.org\/{rel}","templated":true}]}}