{"id":15710,"date":"2023-10-30T11:29:50","date_gmt":"2023-10-30T10:29:50","guid":{"rendered":"https:\/\/baralivres.ma\/?post_type=product&#038;p=15710"},"modified":"2023-10-30T11:29:50","modified_gmt":"2023-10-30T10:29:50","slug":"la-punition","status":"publish","type":"product","link":"https:\/\/baralivres.ma\/?product=la-punition","title":{"rendered":"La punition"},"content":{"rendered":"<p>\u00ab\u00a0Des ordres sont donn\u00e9s, des insultes telles que \u00ab\u00a0nous allons instruire ce individu\u00a0\u00bb sont prof\u00e9r\u00e9es. L&rsquo;\u00e9paisse fum\u00e9e \u00e9mane du moteur de la jeep militaire. C&rsquo;\u00e9tait une \u00e9poque empreinte de peur, o\u00f9 les conversations se d\u00e9roulaient \u00e0 voix basse, chacun se m\u00e9fiant des murs qui semblaient retenir les mots prononc\u00e9s \u00e0 l&rsquo;encontre du r\u00e9gime, du roi et de ses agents. Avant de partir, l&rsquo;un des deux soldats a dit \u00e0 mon p\u00e8re : \u00ab\u00a0Demain, ton fils doit se rendre au camp d&rsquo;El Hajeb sur ordre du g\u00e9n\u00e9ral. Voici son billet de train en classe \u00e9conomique. Il ferait bien de ne pas se d\u00e9rober.\u00a0\u00bb En 1965, sous le r\u00e8gne d&rsquo;Hassan II au Maroc, quatre-vingt-quatorze \u00e9tudiants ont \u00e9t\u00e9 appr\u00e9hend\u00e9s pour avoir manifest\u00e9 en faveur de la d\u00e9mocratie. Ils ont endur\u00e9 dix-neuf mois d&#8217;emprisonnement, de brimades et de mauvais traitements. Tahar Ben Jelloun a \u00e9t\u00e9 l&rsquo;un d&rsquo;entre eux. \u00ab\u00a0La punition\u00a0\u00bb relate de pr\u00e8s les \u00e9v\u00e9nements de ces longs mois qui l&rsquo;ont marqu\u00e9 \u00e0 jamais et l&rsquo;ont secr\u00e8tement pouss\u00e9 \u00e0 devenir \u00e9crivain.\u00a0\u00bb<\/p>\n","protected":false},"excerpt":{"rendered":"<p>Tahar Ben Jelloun subit arrestation, emprisonnement et torture pour manifestation pro-d\u00e9mocratie sous le r\u00e8gne de Hassan II. Devenir \u00e9crivain.<\/p>\n","protected":false},"featured_media":15711,"comment_status":"open","ping_status":"closed","template":"","meta":{"inline_featured_image":false},"product_cat":[204,143],"product_tag":[],"class_list":{"0":"post-15710","1":"product","2":"type-product","3":"status-publish","4":"has-post-thumbnail","6":"product_cat-francais","7":"product_cat-roman","8":"pa_auteurs-tahar-ben-jelloun","10":"first","11":"instock","12":"shipping-taxable","13":"purchasable","14":"product-type-simple"},"_links":{"self":[{"href":"https:\/\/baralivres.ma\/index.php?rest_route=\/wp\/v2\/product\/15710","targetHints":{"allow":["GET"]}}],"collection":[{"href":"https:\/\/baralivres.ma\/index.php?rest_route=\/wp\/v2\/product"}],"about":[{"href":"https:\/\/baralivres.ma\/index.php?rest_route=\/wp\/v2\/types\/product"}],"replies":[{"embeddable":true,"href":"https:\/\/baralivres.ma\/index.php?rest_route=%2Fwp%2Fv2%2Fcomments&post=15710"}],"version-history":[{"count":1,"href":"https:\/\/baralivres.ma\/index.php?rest_route=\/wp\/v2\/product\/15710\/revisions"}],"predecessor-version":[{"id":15718,"href":"https:\/\/baralivres.ma\/index.php?rest_route=\/wp\/v2\/product\/15710\/revisions\/15718"}],"wp:featuredmedia":[{"embeddable":true,"href":"https:\/\/baralivres.ma\/index.php?rest_route=\/wp\/v2\/media\/15711"}],"wp:attachment":[{"href":"https:\/\/baralivres.ma\/index.php?rest_route=%2Fwp%2Fv2%2Fmedia&parent=15710"}],"wp:term":[{"taxonomy":"product_cat","embeddable":true,"href":"https:\/\/baralivres.ma\/index.php?rest_route=%2Fwp%2Fv2%2Fproduct_cat&post=15710"},{"taxonomy":"product_tag","embeddable":true,"href":"https:\/\/baralivres.ma\/index.php?rest_route=%2Fwp%2Fv2%2Fproduct_tag&post=15710"}],"curies":[{"name":"wp","href":"https:\/\/api.w.org\/{rel}","templated":true}]}}