{"id":15689,"date":"2023-10-30T11:19:47","date_gmt":"2023-10-30T10:19:47","guid":{"rendered":"https:\/\/baralivres.ma\/?post_type=product&#038;p=15689"},"modified":"2023-10-30T11:19:47","modified_gmt":"2023-10-30T10:19:47","slug":"les-racines-du-ciel","status":"publish","type":"product","link":"https:\/\/baralivres.ma\/?product=les-racines-du-ciel","title":{"rendered":"Les racines du ciel"},"content":{"rendered":"<p>\u00ab\u00a0Le d\u00e9sir le plus ancien, le plus tangible et le plus r\u00e9pandu de l&rsquo;humanit\u00e9 \u00e9tait la consommation de viande. En pensant \u00e0 Morel et \u00e0 ses chasses d&rsquo;\u00e9l\u00e9phants, une amertume s&#8217;empara de lui. Pour les hommes blancs, l&rsquo;\u00e9l\u00e9phant \u00e9tait principalement une source d&rsquo;ivoire pendant longtemps, tandis que pour les hommes noirs, il repr\u00e9sentait essentiellement de la viande, une abondante r\u00e9serve que seule une chance opportune et une sagaie empoisonn\u00e9e pouvaient procurer. L&rsquo;id\u00e9e de la \u00ab\u00a0beaut\u00e9\u00a0\u00bb ou de la \u00ab\u00a0noblesse\u00a0\u00bb de l&rsquo;\u00e9l\u00e9phant \u00e9tait consid\u00e9r\u00e9e comme une notion propre \u00e0 ceux qui \u00e9taient combl\u00e9s et rassasi\u00e9s&#8230;\u00a0\u00bb<\/p>\n","protected":false},"excerpt":{"rendered":"<div class=\"group w-full text-token-text-primary border-b border-black\/10 gizmo:border-0 dark:border-gray-900\/50 gizmo:dark:border-0 bg-gray-50 gizmo:bg-transparent dark:bg-[#444654] gizmo:dark:bg-transparent\" data-testid=\"conversation-turn-5\">\n<div class=\"p-4 gizmo:py-2 justify-center text-base md:gap-6 md:py-6 m-auto\">\n<div class=\"flex flex-1 gap-4 text-base mx-auto md:gap-6 gizmo:gap-3 gizmo:md:px-5 gizmo:lg:px-1 gizmo:xl:px-5 md:max-w-2xl lg:max-w-[38rem] gizmo:md:max-w-3xl gizmo:lg:max-w-[40rem] gizmo:xl:max-w-[48rem] xl:max-w-3xl }\">\n<div class=\"relative flex w-[calc(100%-50px)] flex-col gizmo:w-full lg:w-[calc(100%-115px)] agent-turn\">\n<div class=\"flex-col gap-1 md:gap-3\">\n<div class=\"flex flex-grow flex-col gap-3 max-w-full\">\n<div class=\"min-h-[20px] flex flex-col items-start gap-3 whitespace-pre-wrap break-words overflow-x-auto\" data-message-author-role=\"assistant\" data-message-id=\"f0bd849b-f476-4783-ba5f-f251f52b2961\">\n<div class=\"markdown prose w-full break-words dark:prose-invert light\">\n<p>D\u00e9sir ancestral de viande : l&rsquo;\u00e9l\u00e9phant, entre ivoire pour l&rsquo;homme blanc, viande pour l&rsquo;homme noir<\/p>\n<\/div>\n<\/div>\n<\/div>\n<\/div>\n<\/div>\n<\/div>\n<\/div>\n<\/div>\n","protected":false},"featured_media":15694,"comment_status":"open","ping_status":"closed","template":"","meta":{"inline_featured_image":false},"product_cat":[204,143],"product_tag":[],"class_list":{"0":"post-15689","1":"product","2":"type-product","3":"status-publish","4":"has-post-thumbnail","6":"product_cat-francais","7":"product_cat-roman","8":"pa_auteurs-romain-gary","10":"first","11":"instock","12":"shipping-taxable","13":"purchasable","14":"product-type-simple"},"_links":{"self":[{"href":"https:\/\/baralivres.ma\/index.php?rest_route=\/wp\/v2\/product\/15689","targetHints":{"allow":["GET"]}}],"collection":[{"href":"https:\/\/baralivres.ma\/index.php?rest_route=\/wp\/v2\/product"}],"about":[{"href":"https:\/\/baralivres.ma\/index.php?rest_route=\/wp\/v2\/types\/product"}],"replies":[{"embeddable":true,"href":"https:\/\/baralivres.ma\/index.php?rest_route=%2Fwp%2Fv2%2Fcomments&post=15689"}],"version-history":[{"count":1,"href":"https:\/\/baralivres.ma\/index.php?rest_route=\/wp\/v2\/product\/15689\/revisions"}],"predecessor-version":[{"id":15695,"href":"https:\/\/baralivres.ma\/index.php?rest_route=\/wp\/v2\/product\/15689\/revisions\/15695"}],"wp:featuredmedia":[{"embeddable":true,"href":"https:\/\/baralivres.ma\/index.php?rest_route=\/wp\/v2\/media\/15694"}],"wp:attachment":[{"href":"https:\/\/baralivres.ma\/index.php?rest_route=%2Fwp%2Fv2%2Fmedia&parent=15689"}],"wp:term":[{"taxonomy":"product_cat","embeddable":true,"href":"https:\/\/baralivres.ma\/index.php?rest_route=%2Fwp%2Fv2%2Fproduct_cat&post=15689"},{"taxonomy":"product_tag","embeddable":true,"href":"https:\/\/baralivres.ma\/index.php?rest_route=%2Fwp%2Fv2%2Fproduct_tag&post=15689"}],"curies":[{"name":"wp","href":"https:\/\/api.w.org\/{rel}","templated":true}]}}