{"id":15639,"date":"2023-10-30T10:54:08","date_gmt":"2023-10-30T09:54:08","guid":{"rendered":"https:\/\/baralivres.ma\/?post_type=product&#038;p=15639"},"modified":"2023-10-30T10:54:09","modified_gmt":"2023-10-30T09:54:09","slug":"la-honte","status":"publish","type":"product","link":"https:\/\/baralivres.ma\/?product=la-honte","title":{"rendered":"La honte"},"content":{"rendered":"<p>\u00ab\u00a0Toujours, j&rsquo;ai ressenti le d\u00e9sir d&rsquo;\u00e9crire des livres qui me plongeraient dans un mutisme total, qui rendraient incommensurable le jugement d&rsquo;autrui. Cependant, comment pourrais-je supporter la honte que susciterait la r\u00e9daction d&rsquo;un livre \u00e9quivalent \u00e0 ce que j&rsquo;ai v\u00e9cu \u00e0 l&rsquo;\u00e2ge de douze ans ?\u00a0\u00bb &#8211; Annie Ernaux.<\/p>\n","protected":false},"excerpt":{"rendered":"<p>Annie Ernaux aspire \u00e0 cr\u00e9er des livres inexprimables, redoutant l&rsquo;\u00e9criture \u00e0 la hauteur de son exp\u00e9rience \u00e0 12 ans.<\/p>\n","protected":false},"featured_media":15641,"comment_status":"open","ping_status":"closed","template":"","meta":{"inline_featured_image":false},"product_cat":[204,143],"product_tag":[],"class_list":{"0":"post-15639","1":"product","2":"type-product","3":"status-publish","4":"has-post-thumbnail","6":"product_cat-francais","7":"product_cat-roman","8":"pa_auteurs-annie-ernaux","10":"first","11":"instock","12":"shipping-taxable","13":"purchasable","14":"product-type-simple"},"_links":{"self":[{"href":"https:\/\/baralivres.ma\/index.php?rest_route=\/wp\/v2\/product\/15639","targetHints":{"allow":["GET"]}}],"collection":[{"href":"https:\/\/baralivres.ma\/index.php?rest_route=\/wp\/v2\/product"}],"about":[{"href":"https:\/\/baralivres.ma\/index.php?rest_route=\/wp\/v2\/types\/product"}],"replies":[{"embeddable":true,"href":"https:\/\/baralivres.ma\/index.php?rest_route=%2Fwp%2Fv2%2Fcomments&post=15639"}],"version-history":[{"count":1,"href":"https:\/\/baralivres.ma\/index.php?rest_route=\/wp\/v2\/product\/15639\/revisions"}],"predecessor-version":[{"id":15644,"href":"https:\/\/baralivres.ma\/index.php?rest_route=\/wp\/v2\/product\/15639\/revisions\/15644"}],"wp:featuredmedia":[{"embeddable":true,"href":"https:\/\/baralivres.ma\/index.php?rest_route=\/wp\/v2\/media\/15641"}],"wp:attachment":[{"href":"https:\/\/baralivres.ma\/index.php?rest_route=%2Fwp%2Fv2%2Fmedia&parent=15639"}],"wp:term":[{"taxonomy":"product_cat","embeddable":true,"href":"https:\/\/baralivres.ma\/index.php?rest_route=%2Fwp%2Fv2%2Fproduct_cat&post=15639"},{"taxonomy":"product_tag","embeddable":true,"href":"https:\/\/baralivres.ma\/index.php?rest_route=%2Fwp%2Fv2%2Fproduct_tag&post=15639"}],"curies":[{"name":"wp","href":"https:\/\/api.w.org\/{rel}","templated":true}]}}