{"id":15629,"date":"2023-10-30T10:45:24","date_gmt":"2023-10-30T09:45:24","guid":{"rendered":"https:\/\/baralivres.ma\/?post_type=product&#038;p=15629"},"modified":"2023-10-30T10:45:24","modified_gmt":"2023-10-30T09:45:24","slug":"la-lenteur","status":"publish","type":"product","link":"https:\/\/baralivres.ma\/?product=la-lenteur","title":{"rendered":"La lenteur"},"content":{"rendered":"<p>\u00ab\u00a0\u00c0 maintes reprises, tu as exprim\u00e9 le d\u00e9sir d&rsquo;\u00e9crire un jour un roman d\u00e9pourvu de toute gravit\u00e9. Une Fantaisie Monumentale pour Ton Divertissement. J&rsquo;ai des appr\u00e9hensions quant au moment qui semble approcher. Je tiens simplement \u00e0 t&rsquo;avertir : sois prudent. Je penche ma t\u00eate encore plus bas. \u00ab\u00a0Te souviens-tu des paroles de ta m\u00e8re ? J&rsquo;entends sa voix comme si c&rsquo;\u00e9tait hier : Milanku, arr\u00eate de plaisanter. Personne ne te comprendra. Tu offenseras tout le monde et tout le monde finira par te rejeter. Te souviens-tu ? &#8211; Oui,\u00a0\u00bb r\u00e9pondis-je. &#8211; Je te mets en garde. Le s\u00e9rieux te servait de rempart. L&rsquo;absence de s\u00e9rieux te laissera expos\u00e9 devant les pr\u00e9dateurs. Et tu sais qu&rsquo;ils guettent, ces pr\u00e9dateurs.\u00a0\u00bb<\/p>\n","protected":false},"excerpt":{"rendered":"<p>Avertissement sur l&rsquo;\u00e9criture d&rsquo;un roman l\u00e9ger, rappel des dangers et avertissement concernant l&rsquo;absence de s\u00e9r<\/p>\n","protected":false},"featured_media":15632,"comment_status":"open","ping_status":"closed","template":"","meta":{"inline_featured_image":false},"product_cat":[204,143],"product_tag":[],"class_list":{"0":"post-15629","1":"product","2":"type-product","3":"status-publish","4":"has-post-thumbnail","6":"product_cat-francais","7":"product_cat-roman","8":"pa_auteurs-milan-kundera","10":"first","11":"instock","12":"shipping-taxable","13":"purchasable","14":"product-type-simple"},"_links":{"self":[{"href":"https:\/\/baralivres.ma\/index.php?rest_route=\/wp\/v2\/product\/15629","targetHints":{"allow":["GET"]}}],"collection":[{"href":"https:\/\/baralivres.ma\/index.php?rest_route=\/wp\/v2\/product"}],"about":[{"href":"https:\/\/baralivres.ma\/index.php?rest_route=\/wp\/v2\/types\/product"}],"replies":[{"embeddable":true,"href":"https:\/\/baralivres.ma\/index.php?rest_route=%2Fwp%2Fv2%2Fcomments&post=15629"}],"version-history":[{"count":1,"href":"https:\/\/baralivres.ma\/index.php?rest_route=\/wp\/v2\/product\/15629\/revisions"}],"predecessor-version":[{"id":15633,"href":"https:\/\/baralivres.ma\/index.php?rest_route=\/wp\/v2\/product\/15629\/revisions\/15633"}],"wp:featuredmedia":[{"embeddable":true,"href":"https:\/\/baralivres.ma\/index.php?rest_route=\/wp\/v2\/media\/15632"}],"wp:attachment":[{"href":"https:\/\/baralivres.ma\/index.php?rest_route=%2Fwp%2Fv2%2Fmedia&parent=15629"}],"wp:term":[{"taxonomy":"product_cat","embeddable":true,"href":"https:\/\/baralivres.ma\/index.php?rest_route=%2Fwp%2Fv2%2Fproduct_cat&post=15629"},{"taxonomy":"product_tag","embeddable":true,"href":"https:\/\/baralivres.ma\/index.php?rest_route=%2Fwp%2Fv2%2Fproduct_tag&post=15629"}],"curies":[{"name":"wp","href":"https:\/\/api.w.org\/{rel}","templated":true}]}}