{"id":15626,"date":"2023-10-30T10:43:26","date_gmt":"2023-10-30T09:43:26","guid":{"rendered":"https:\/\/baralivres.ma\/?post_type=product&#038;p=15626"},"modified":"2023-12-18T15:33:19","modified_gmt":"2023-12-18T14:33:19","slug":"storybrand-n-couverture","status":"publish","type":"product","link":"https:\/\/baralivres.ma\/?product=storybrand-n-couverture","title":{"rendered":"STORYBRAND"},"content":{"rendered":"<p>Cet ouvrage expose les m\u00e9thodes innovantes des marketeurs pour attirer l&rsquo;attention du public. Il d\u00e9cortique les motivations d&rsquo;achat des consommateurs, l&rsquo;art de raconter des histoires engageantes pour \u00e9tablir des liens client-entreprise, et partage des conseils pour simplifier les messages et am\u00e9liorer l&rsquo;attrait des supports marketing en ligne.<\/p>\n","protected":false},"excerpt":{"rendered":"<p>Nouvelles techniques marketing : motivations d&rsquo;achat, storytelling, simplicit\u00e9 des messages, attrait des supports en ligne.<\/p>\n","protected":false},"featured_media":20664,"comment_status":"open","ping_status":"closed","template":"","meta":{"inline_featured_image":false},"product_cat":[204,91],"product_tag":[],"class_list":{"0":"post-15626","1":"product","2":"type-product","3":"status-publish","4":"has-post-thumbnail","6":"product_cat-francais","7":"product_cat-developpement","8":"pa_auteurs-donald-miller","10":"first","11":"instock","12":"shipping-taxable","13":"purchasable","14":"product-type-simple"},"_links":{"self":[{"href":"https:\/\/baralivres.ma\/index.php?rest_route=\/wp\/v2\/product\/15626","targetHints":{"allow":["GET"]}}],"collection":[{"href":"https:\/\/baralivres.ma\/index.php?rest_route=\/wp\/v2\/product"}],"about":[{"href":"https:\/\/baralivres.ma\/index.php?rest_route=\/wp\/v2\/types\/product"}],"replies":[{"embeddable":true,"href":"https:\/\/baralivres.ma\/index.php?rest_route=%2Fwp%2Fv2%2Fcomments&post=15626"}],"version-history":[{"count":3,"href":"https:\/\/baralivres.ma\/index.php?rest_route=\/wp\/v2\/product\/15626\/revisions"}],"predecessor-version":[{"id":20665,"href":"https:\/\/baralivres.ma\/index.php?rest_route=\/wp\/v2\/product\/15626\/revisions\/20665"}],"wp:featuredmedia":[{"embeddable":true,"href":"https:\/\/baralivres.ma\/index.php?rest_route=\/wp\/v2\/media\/20664"}],"wp:attachment":[{"href":"https:\/\/baralivres.ma\/index.php?rest_route=%2Fwp%2Fv2%2Fmedia&parent=15626"}],"wp:term":[{"taxonomy":"product_cat","embeddable":true,"href":"https:\/\/baralivres.ma\/index.php?rest_route=%2Fwp%2Fv2%2Fproduct_cat&post=15626"},{"taxonomy":"product_tag","embeddable":true,"href":"https:\/\/baralivres.ma\/index.php?rest_route=%2Fwp%2Fv2%2Fproduct_tag&post=15626"}],"curies":[{"name":"wp","href":"https:\/\/api.w.org\/{rel}","templated":true}]}}