{"id":15607,"date":"2023-10-30T10:31:51","date_gmt":"2023-10-30T09:31:51","guid":{"rendered":"https:\/\/baralivres.ma\/?post_type=product&#038;p=15607"},"modified":"2023-10-30T10:31:51","modified_gmt":"2023-10-30T09:31:51","slug":"lart-du-roman","status":"publish","type":"product","link":"https:\/\/baralivres.ma\/?product=lart-du-roman","title":{"rendered":"L&rsquo;art du roman"},"content":{"rendered":"<p>\u00ab\u00a0Je ne me situe pas dans le monde des th\u00e9ories, mais dans celui de la pratique. Mes pens\u00e9es proviennent de l&rsquo;exp\u00e9rience. Chaque \u00e9crivain v\u00e9hicule une vision sous-jacente de l&rsquo;histoire du roman, une conception de ce qu&rsquo;est cet art litt\u00e9raire. C&rsquo;est cette conception du roman, pr\u00e9sente de mani\u00e8re implicite dans mes ouvrages, que j&rsquo;ai cherch\u00e9 \u00e0 exprimer.\u00a0\u00bb &#8211; Milan Kundera<\/p>\n","protected":false},"excerpt":{"rendered":"<p>\u00ab\u00a0Kundera privil\u00e9gie la pratique romanesque et exprime implicitement sa conception litt\u00e9raire \u00e0 travers ses \u0153uvres.\u00a0\u00bb<\/p>\n","protected":false},"featured_media":15611,"comment_status":"open","ping_status":"closed","template":"","meta":{"inline_featured_image":false},"product_cat":[204,143],"product_tag":[],"class_list":{"0":"post-15607","1":"product","2":"type-product","3":"status-publish","4":"has-post-thumbnail","6":"product_cat-francais","7":"product_cat-roman","8":"pa_auteurs-milan-kundera","10":"first","11":"instock","12":"shipping-taxable","13":"purchasable","14":"product-type-simple"},"_links":{"self":[{"href":"https:\/\/baralivres.ma\/index.php?rest_route=\/wp\/v2\/product\/15607","targetHints":{"allow":["GET"]}}],"collection":[{"href":"https:\/\/baralivres.ma\/index.php?rest_route=\/wp\/v2\/product"}],"about":[{"href":"https:\/\/baralivres.ma\/index.php?rest_route=\/wp\/v2\/types\/product"}],"replies":[{"embeddable":true,"href":"https:\/\/baralivres.ma\/index.php?rest_route=%2Fwp%2Fv2%2Fcomments&post=15607"}],"version-history":[{"count":1,"href":"https:\/\/baralivres.ma\/index.php?rest_route=\/wp\/v2\/product\/15607\/revisions"}],"predecessor-version":[{"id":15613,"href":"https:\/\/baralivres.ma\/index.php?rest_route=\/wp\/v2\/product\/15607\/revisions\/15613"}],"wp:featuredmedia":[{"embeddable":true,"href":"https:\/\/baralivres.ma\/index.php?rest_route=\/wp\/v2\/media\/15611"}],"wp:attachment":[{"href":"https:\/\/baralivres.ma\/index.php?rest_route=%2Fwp%2Fv2%2Fmedia&parent=15607"}],"wp:term":[{"taxonomy":"product_cat","embeddable":true,"href":"https:\/\/baralivres.ma\/index.php?rest_route=%2Fwp%2Fv2%2Fproduct_cat&post=15607"},{"taxonomy":"product_tag","embeddable":true,"href":"https:\/\/baralivres.ma\/index.php?rest_route=%2Fwp%2Fv2%2Fproduct_tag&post=15607"}],"curies":[{"name":"wp","href":"https:\/\/api.w.org\/{rel}","templated":true}]}}