{"id":15600,"date":"2023-10-30T10:28:29","date_gmt":"2023-10-30T09:28:29","guid":{"rendered":"https:\/\/baralivres.ma\/?post_type=product&#038;p=15600"},"modified":"2023-10-30T10:28:29","modified_gmt":"2023-10-30T09:28:29","slug":"lignorance","status":"publish","type":"product","link":"https:\/\/baralivres.ma\/?product=lignorance","title":{"rendered":"L&rsquo;ignorance"},"content":{"rendered":"<p>Les pr\u00e9visions sur l&rsquo;avenir se r\u00e9v\u00e8lent souvent erron\u00e9es. L&rsquo;homme, en r\u00e9alit\u00e9, ne peut \u00eatre certain que du moment pr\u00e9sent. Cependant, peut-il r\u00e9ellement appr\u00e9hender ce moment pr\u00e9sent ? Est-il capable de le juger ? Assur\u00e9ment pas. Car comment celui qui ne d\u00e9tient pas la connaissance de l&rsquo;avenir pourrait-il interpr\u00e9ter le sens du pr\u00e9sent ? Si nous ignorons la destination vers laquelle le pr\u00e9sent nous conduit, comment pourrions-nous \u00e9valuer si ce pr\u00e9sent est positif ou n\u00e9gatif, s&rsquo;il m\u00e9rite notre approbation, notre m\u00e9fiance ou notre aversion ?<\/p>\n","protected":false},"excerpt":{"rendered":"<p>La certitude du pr\u00e9sent \u00e9chappe \u00e0 l&rsquo;homme sans connaissance de l&rsquo;avenir pour \u00e9valuer correctement.<\/p>\n","protected":false},"featured_media":15605,"comment_status":"open","ping_status":"closed","template":"","meta":{"inline_featured_image":false},"product_cat":[204,143],"product_tag":[],"class_list":{"0":"post-15600","1":"product","2":"type-product","3":"status-publish","4":"has-post-thumbnail","6":"product_cat-francais","7":"product_cat-roman","8":"pa_auteurs-milan-kundera","10":"first","11":"instock","12":"shipping-taxable","13":"purchasable","14":"product-type-simple"},"_links":{"self":[{"href":"https:\/\/baralivres.ma\/index.php?rest_route=\/wp\/v2\/product\/15600","targetHints":{"allow":["GET"]}}],"collection":[{"href":"https:\/\/baralivres.ma\/index.php?rest_route=\/wp\/v2\/product"}],"about":[{"href":"https:\/\/baralivres.ma\/index.php?rest_route=\/wp\/v2\/types\/product"}],"replies":[{"embeddable":true,"href":"https:\/\/baralivres.ma\/index.php?rest_route=%2Fwp%2Fv2%2Fcomments&post=15600"}],"version-history":[{"count":1,"href":"https:\/\/baralivres.ma\/index.php?rest_route=\/wp\/v2\/product\/15600\/revisions"}],"predecessor-version":[{"id":15606,"href":"https:\/\/baralivres.ma\/index.php?rest_route=\/wp\/v2\/product\/15600\/revisions\/15606"}],"wp:featuredmedia":[{"embeddable":true,"href":"https:\/\/baralivres.ma\/index.php?rest_route=\/wp\/v2\/media\/15605"}],"wp:attachment":[{"href":"https:\/\/baralivres.ma\/index.php?rest_route=%2Fwp%2Fv2%2Fmedia&parent=15600"}],"wp:term":[{"taxonomy":"product_cat","embeddable":true,"href":"https:\/\/baralivres.ma\/index.php?rest_route=%2Fwp%2Fv2%2Fproduct_cat&post=15600"},{"taxonomy":"product_tag","embeddable":true,"href":"https:\/\/baralivres.ma\/index.php?rest_route=%2Fwp%2Fv2%2Fproduct_tag&post=15600"}],"curies":[{"name":"wp","href":"https:\/\/api.w.org\/{rel}","templated":true}]}}