{"id":15585,"date":"2023-10-30T10:21:42","date_gmt":"2023-10-30T09:21:42","guid":{"rendered":"https:\/\/baralivres.ma\/?post_type=product&#038;p=15585"},"modified":"2024-11-22T11:58:17","modified_gmt":"2024-11-22T10:58:17","slug":"lile-du-couchant","status":"publish","type":"product","link":"https:\/\/baralivres.ma\/?product=lile-du-couchant","title":{"rendered":"L&rsquo;\u00eele du Couchant"},"content":{"rendered":"<p>\u00ab\u00a0Si le royaume m&rsquo;a \u00e9t\u00e9 confi\u00e9 par la volont\u00e9 divine, nul ne peut me le d\u00e9rober.\u00a0\u00bb C&rsquo;est ainsi que s&rsquo;exprime Moulay Isma\u00efl le 10 avril 1672 \u00e0 Mekn\u00e8s, au moment o\u00f9 il acc\u00e8de au tr\u00f4ne du Maroc. Pendant les cinquante ann\u00e9es de son r\u00e8gne extraordinaire, cet homme exceptionnel a r\u00e9ussi l&rsquo;impossible : unifier et \u00e9tendre son royaume. On le surnomme le Roi-Soleil du Maroc. L&rsquo;Europe se tourne vers lui, et les premi\u00e8res tentatives de colonisation se profilent d\u00e9j\u00e0 \u00e0 l&rsquo;horizon. Cette \u00e9pop\u00e9e, faite de conflits, de complots et de triomphes, brille \u00e0 travers les yeux de Casimir Giordano, un Fran\u00e7ais qui exerce en tant que m\u00e9decin personnel du sultan.<\/p>\n","protected":false},"excerpt":{"rendered":"<p>Sultan Moulay Isma\u00efl, r\u00e8gne 50 ans, unifie le Maroc, d\u00e9fie l&rsquo;Europe coloniale, m\u00e9decin fran\u00e7ais, t\u00e9moigne.<\/p>\n","protected":false},"featured_media":15588,"comment_status":"open","ping_status":"closed","template":"","meta":{"inline_featured_image":false},"product_cat":[3873,143],"product_tag":[],"class_list":{"0":"post-15585","1":"product","2":"type-product","3":"status-publish","4":"has-post-thumbnail","6":"product_cat-roman-en-francais","7":"product_cat-roman","8":"pa_auteurs-gilbert-sinoue","10":"first","11":"instock","12":"shipping-taxable","13":"purchasable","14":"product-type-simple"},"_links":{"self":[{"href":"https:\/\/baralivres.ma\/index.php?rest_route=\/wp\/v2\/product\/15585","targetHints":{"allow":["GET"]}}],"collection":[{"href":"https:\/\/baralivres.ma\/index.php?rest_route=\/wp\/v2\/product"}],"about":[{"href":"https:\/\/baralivres.ma\/index.php?rest_route=\/wp\/v2\/types\/product"}],"replies":[{"embeddable":true,"href":"https:\/\/baralivres.ma\/index.php?rest_route=%2Fwp%2Fv2%2Fcomments&post=15585"}],"version-history":[{"count":1,"href":"https:\/\/baralivres.ma\/index.php?rest_route=\/wp\/v2\/product\/15585\/revisions"}],"predecessor-version":[{"id":15592,"href":"https:\/\/baralivres.ma\/index.php?rest_route=\/wp\/v2\/product\/15585\/revisions\/15592"}],"wp:featuredmedia":[{"embeddable":true,"href":"https:\/\/baralivres.ma\/index.php?rest_route=\/wp\/v2\/media\/15588"}],"wp:attachment":[{"href":"https:\/\/baralivres.ma\/index.php?rest_route=%2Fwp%2Fv2%2Fmedia&parent=15585"}],"wp:term":[{"taxonomy":"product_cat","embeddable":true,"href":"https:\/\/baralivres.ma\/index.php?rest_route=%2Fwp%2Fv2%2Fproduct_cat&post=15585"},{"taxonomy":"product_tag","embeddable":true,"href":"https:\/\/baralivres.ma\/index.php?rest_route=%2Fwp%2Fv2%2Fproduct_tag&post=15585"}],"curies":[{"name":"wp","href":"https:\/\/api.w.org\/{rel}","templated":true}]}}