{"id":15583,"date":"2023-10-30T10:20:35","date_gmt":"2023-10-30T09:20:35","guid":{"rendered":"https:\/\/baralivres.ma\/?post_type=product&#038;p=15583"},"modified":"2023-10-30T10:20:35","modified_gmt":"2023-10-30T09:20:35","slug":"le-livre-du-rire-et-de-loubli","status":"publish","type":"product","link":"https:\/\/baralivres.ma\/?product=le-livre-du-rire-et-de-loubli","title":{"rendered":"Le livre du rire et de l&rsquo;oubli"},"content":{"rendered":"<p>L&rsquo;int\u00e9gralit\u00e9 de ce livre constitue un r\u00e9cit sous forme de variations. Ses diff\u00e9rentes parties s&rsquo;encha\u00eenent telles les \u00e9tapes successives d&rsquo;un p\u00e9riple menant au c\u0153ur d&rsquo;un th\u00e8me, d&rsquo;une pens\u00e9e, d&rsquo;une situation unique dont la pleine compr\u00e9hension se perd dans l&rsquo;immensit\u00e9. Il s&rsquo;agit d&rsquo;un r\u00e9cit centr\u00e9 sur Tamina, et d\u00e8s l&rsquo;instant o\u00f9 Tamina quitte le devant de la sc\u00e8ne, il devient un r\u00e9cit destin\u00e9 \u00e0 Tamina. Elle demeure le personnage principal et le destinataire principal, et toutes les autres histoires ne sont que des variations de son propre r\u00e9cit, se rejoignant dans sa vie comme dans un miroir. C&rsquo;est un r\u00e9cit sur le rire et l&rsquo;oubli, sur l&rsquo;oubli et Prague, sur Prague et les anges.<\/p>\n","protected":false},"excerpt":{"rendered":"<p>Roman en variations explorant la vie de Tamina, l&rsquo;oubli, Prague et les anges dans l&rsquo;histoire.<\/p>\n","protected":false},"featured_media":15589,"comment_status":"open","ping_status":"closed","template":"","meta":{"inline_featured_image":false},"product_cat":[204,143],"product_tag":[],"class_list":{"0":"post-15583","1":"product","2":"type-product","3":"status-publish","4":"has-post-thumbnail","6":"product_cat-francais","7":"product_cat-roman","8":"pa_auteurs-milan-kundera","10":"first","11":"instock","12":"shipping-taxable","13":"purchasable","14":"product-type-simple"},"_links":{"self":[{"href":"https:\/\/baralivres.ma\/index.php?rest_route=\/wp\/v2\/product\/15583","targetHints":{"allow":["GET"]}}],"collection":[{"href":"https:\/\/baralivres.ma\/index.php?rest_route=\/wp\/v2\/product"}],"about":[{"href":"https:\/\/baralivres.ma\/index.php?rest_route=\/wp\/v2\/types\/product"}],"replies":[{"embeddable":true,"href":"https:\/\/baralivres.ma\/index.php?rest_route=%2Fwp%2Fv2%2Fcomments&post=15583"}],"version-history":[{"count":1,"href":"https:\/\/baralivres.ma\/index.php?rest_route=\/wp\/v2\/product\/15583\/revisions"}],"predecessor-version":[{"id":15590,"href":"https:\/\/baralivres.ma\/index.php?rest_route=\/wp\/v2\/product\/15583\/revisions\/15590"}],"wp:featuredmedia":[{"embeddable":true,"href":"https:\/\/baralivres.ma\/index.php?rest_route=\/wp\/v2\/media\/15589"}],"wp:attachment":[{"href":"https:\/\/baralivres.ma\/index.php?rest_route=%2Fwp%2Fv2%2Fmedia&parent=15583"}],"wp:term":[{"taxonomy":"product_cat","embeddable":true,"href":"https:\/\/baralivres.ma\/index.php?rest_route=%2Fwp%2Fv2%2Fproduct_cat&post=15583"},{"taxonomy":"product_tag","embeddable":true,"href":"https:\/\/baralivres.ma\/index.php?rest_route=%2Fwp%2Fv2%2Fproduct_tag&post=15583"}],"curies":[{"name":"wp","href":"https:\/\/api.w.org\/{rel}","templated":true}]}}