{"id":15562,"date":"2023-10-30T10:09:46","date_gmt":"2023-10-30T09:09:46","guid":{"rendered":"https:\/\/baralivres.ma\/?post_type=product&#038;p=15562"},"modified":"2023-10-30T10:09:46","modified_gmt":"2023-10-30T09:09:46","slug":"la-vie-est-ailleurs","status":"publish","type":"product","link":"https:\/\/baralivres.ma\/?product=la-vie-est-ailleurs","title":{"rendered":"La vie est ailleurs"},"content":{"rendered":"<p>L&rsquo;\u00e9crivain avait envisag\u00e9, dans un premier temps, de baptiser ce roman \u00ab\u00a0L&rsquo;\u00e2ge lyrique\u00a0\u00bb. Pour Kundera, l&rsquo;\u00e2ge lyrique repr\u00e9sente la jeunesse, et ce r\u00e9cit constitue principalement une saga sur l&rsquo;adolescence ; une saga ironique qui d\u00e9construit avec tendresse les valeurs sacr\u00e9es : l&rsquo;Enfance, la Maternit\u00e9, la R\u00e9volution, et m\u00eame &#8211; la Po\u00e9sie. En effet, Jaromil est un po\u00e8te. Sa m\u00e8re est celle qui a fait de lui un po\u00e8te, l&rsquo;accompagnant (d&rsquo;une mani\u00e8re immat\u00e9rielle) jusqu&rsquo;\u00e0 ses relations amoureuses et (d&rsquo;une mani\u00e8re mat\u00e9rielle) jusqu&rsquo;\u00e0 son dernier souffle. Personnage \u00e0 la fois risible et \u00e9mouvant, horrible et d&rsquo;une puret\u00e9 totale (avec \u00ab\u00a0l&rsquo;innocence arborant un sourire sanguin\u00a0\u00bb !), Jaromil incarne simultan\u00e9ment un v\u00e9ritable po\u00e8te. Il n&rsquo;est pas malveillant, il est Rimbaud. Rimbaud pris au pi\u00e8ge du r\u00e9gime communiste, pris au pi\u00e8ge d&rsquo;une com\u00e9die sombre.<\/p>\n","protected":false},"excerpt":{"rendered":"<p>Saga ironique sur l&rsquo;adolescence et la po\u00e9sie, suivant Jaromil, Rimbaud coinc\u00e9 dans la r\u00e9volution communiste.<\/p>\n","protected":false},"featured_media":15567,"comment_status":"open","ping_status":"closed","template":"","meta":{"inline_featured_image":false},"product_cat":[204,143],"product_tag":[],"class_list":{"0":"post-15562","1":"product","2":"type-product","3":"status-publish","4":"has-post-thumbnail","6":"product_cat-francais","7":"product_cat-roman","8":"pa_auteurs-milan-kundera","10":"first","11":"instock","12":"shipping-taxable","13":"purchasable","14":"product-type-simple"},"_links":{"self":[{"href":"https:\/\/baralivres.ma\/index.php?rest_route=\/wp\/v2\/product\/15562","targetHints":{"allow":["GET"]}}],"collection":[{"href":"https:\/\/baralivres.ma\/index.php?rest_route=\/wp\/v2\/product"}],"about":[{"href":"https:\/\/baralivres.ma\/index.php?rest_route=\/wp\/v2\/types\/product"}],"replies":[{"embeddable":true,"href":"https:\/\/baralivres.ma\/index.php?rest_route=%2Fwp%2Fv2%2Fcomments&post=15562"}],"version-history":[{"count":1,"href":"https:\/\/baralivres.ma\/index.php?rest_route=\/wp\/v2\/product\/15562\/revisions"}],"predecessor-version":[{"id":15568,"href":"https:\/\/baralivres.ma\/index.php?rest_route=\/wp\/v2\/product\/15562\/revisions\/15568"}],"wp:featuredmedia":[{"embeddable":true,"href":"https:\/\/baralivres.ma\/index.php?rest_route=\/wp\/v2\/media\/15567"}],"wp:attachment":[{"href":"https:\/\/baralivres.ma\/index.php?rest_route=%2Fwp%2Fv2%2Fmedia&parent=15562"}],"wp:term":[{"taxonomy":"product_cat","embeddable":true,"href":"https:\/\/baralivres.ma\/index.php?rest_route=%2Fwp%2Fv2%2Fproduct_cat&post=15562"},{"taxonomy":"product_tag","embeddable":true,"href":"https:\/\/baralivres.ma\/index.php?rest_route=%2Fwp%2Fv2%2Fproduct_tag&post=15562"}],"curies":[{"name":"wp","href":"https:\/\/api.w.org\/{rel}","templated":true}]}}