{"id":15495,"date":"2023-10-27T16:46:07","date_gmt":"2023-10-27T15:46:07","guid":{"rendered":"https:\/\/baralivres.ma\/?post_type=product&#038;p=15495"},"modified":"2023-10-27T16:46:08","modified_gmt":"2023-10-27T15:46:08","slug":"le-monde-de-dieu","status":"publish","type":"product","link":"https:\/\/baralivres.ma\/?product=le-monde-de-dieu","title":{"rendered":"Le Monde de Dieu"},"content":{"rendered":"<p>Dans ces quatorze nouvelles, Naguib Mahfouz, laur\u00e9at du prix Nobel de litt\u00e9rature en 1988, se pr\u00e9sente comme un observateur critique de l&rsquo;\u00c9gypte en pleine transformation. \u00c0 travers des r\u00e9cits r\u00e9alistes, m\u00e9taphysiques, all\u00e9goriques ou absurdes, il explore les enjeux des conflits qui se d\u00e9roulent tant \u00e0 l&rsquo;\u00e9chelle nationale que dans le contexte familial et individuel.<\/p>\n","protected":false},"excerpt":{"rendered":"<p>Naguib Mahfouz, prix Nobel de litt\u00e9rature en 1988, d\u00e9crit les mutations en \u00c9gypte \u00e0 travers 14 nouvelles vari\u00e9es, analysant les luttes \u00e0 la fois nationales, familiales et individuelles.<\/p>\n","protected":false},"featured_media":15496,"comment_status":"open","ping_status":"closed","template":"","meta":{"inline_featured_image":false},"product_cat":[204,143],"product_tag":[],"class_list":{"0":"post-15495","1":"product","2":"type-product","3":"status-publish","4":"has-post-thumbnail","6":"product_cat-francais","7":"product_cat-roman","8":"pa_auteurs-naguib-mahfouz","10":"first","11":"instock","12":"shipping-taxable","13":"purchasable","14":"product-type-simple"},"_links":{"self":[{"href":"https:\/\/baralivres.ma\/index.php?rest_route=\/wp\/v2\/product\/15495","targetHints":{"allow":["GET"]}}],"collection":[{"href":"https:\/\/baralivres.ma\/index.php?rest_route=\/wp\/v2\/product"}],"about":[{"href":"https:\/\/baralivres.ma\/index.php?rest_route=\/wp\/v2\/types\/product"}],"replies":[{"embeddable":true,"href":"https:\/\/baralivres.ma\/index.php?rest_route=%2Fwp%2Fv2%2Fcomments&post=15495"}],"version-history":[{"count":1,"href":"https:\/\/baralivres.ma\/index.php?rest_route=\/wp\/v2\/product\/15495\/revisions"}],"predecessor-version":[{"id":15500,"href":"https:\/\/baralivres.ma\/index.php?rest_route=\/wp\/v2\/product\/15495\/revisions\/15500"}],"wp:featuredmedia":[{"embeddable":true,"href":"https:\/\/baralivres.ma\/index.php?rest_route=\/wp\/v2\/media\/15496"}],"wp:attachment":[{"href":"https:\/\/baralivres.ma\/index.php?rest_route=%2Fwp%2Fv2%2Fmedia&parent=15495"}],"wp:term":[{"taxonomy":"product_cat","embeddable":true,"href":"https:\/\/baralivres.ma\/index.php?rest_route=%2Fwp%2Fv2%2Fproduct_cat&post=15495"},{"taxonomy":"product_tag","embeddable":true,"href":"https:\/\/baralivres.ma\/index.php?rest_route=%2Fwp%2Fv2%2Fproduct_tag&post=15495"}],"curies":[{"name":"wp","href":"https:\/\/api.w.org\/{rel}","templated":true}]}}