{"id":15488,"date":"2023-10-27T16:45:25","date_gmt":"2023-10-27T15:45:25","guid":{"rendered":"https:\/\/baralivres.ma\/?post_type=product&#038;p=15488"},"modified":"2023-10-27T16:45:25","modified_gmt":"2023-10-27T15:45:25","slug":"cours-de-linguistique-generale","status":"publish","type":"product","link":"https:\/\/baralivres.ma\/?product=cours-de-linguistique-generale","title":{"rendered":"COURS DE LINGUISTIQUE GENERALE"},"content":{"rendered":"<p>Le \u00ab\u00a0Cours de linguistique g\u00e9n\u00e9rale\u00a0\u00bb, paru en 1916, est un monument des sciences humaines qui a r\u00e9volutionn\u00e9 divers domaines. Ferdinand de Saussure, en mettant l&rsquo;accent sur la nature relationnelle du langage en tant qu&rsquo;outil de communication, a propos\u00e9 une vision novatrice de la langue et d\u00e9velopp\u00e9 une th\u00e9orie du signe. Il a \u00e9galement pr\u00e9figur\u00e9 l&rsquo;\u00e9mergence de la s\u00e9miologie, une discipline \u00e9tudiant les signes dans le contexte de la vie sociale, dont la linguistique fait partie int\u00e9grante. Ce livre a eu un impact significatif sur l&rsquo;anthropologie, la pr\u00e9histoire, l&rsquo;ethnologie, la sociologie, la psychologie et la psychanalyse, ainsi que sur notre compr\u00e9hension de l&rsquo;humanit\u00e9.<\/p>\n","protected":false},"excerpt":{"rendered":"<p>Le \u00ab\u00a0Cours de linguistique g\u00e9n\u00e9rale\u00a0\u00bb de Saussure r\u00e9volutionne les sciences humaines en red\u00e9finissant le langage et la s\u00e9miologie.<\/p>\n","protected":false},"featured_media":15493,"comment_status":"open","ping_status":"closed","template":"","meta":{"inline_featured_image":false},"product_cat":[204,143],"product_tag":[],"class_list":{"0":"post-15488","1":"product","2":"type-product","3":"status-publish","4":"has-post-thumbnail","6":"product_cat-francais","7":"product_cat-roman","8":"pa_auteurs-ferdinand-de-saussure","10":"first","11":"instock","12":"shipping-taxable","13":"purchasable","14":"product-type-simple"},"_links":{"self":[{"href":"https:\/\/baralivres.ma\/index.php?rest_route=\/wp\/v2\/product\/15488","targetHints":{"allow":["GET"]}}],"collection":[{"href":"https:\/\/baralivres.ma\/index.php?rest_route=\/wp\/v2\/product"}],"about":[{"href":"https:\/\/baralivres.ma\/index.php?rest_route=\/wp\/v2\/types\/product"}],"replies":[{"embeddable":true,"href":"https:\/\/baralivres.ma\/index.php?rest_route=%2Fwp%2Fv2%2Fcomments&post=15488"}],"version-history":[{"count":1,"href":"https:\/\/baralivres.ma\/index.php?rest_route=\/wp\/v2\/product\/15488\/revisions"}],"predecessor-version":[{"id":15498,"href":"https:\/\/baralivres.ma\/index.php?rest_route=\/wp\/v2\/product\/15488\/revisions\/15498"}],"wp:featuredmedia":[{"embeddable":true,"href":"https:\/\/baralivres.ma\/index.php?rest_route=\/wp\/v2\/media\/15493"}],"wp:attachment":[{"href":"https:\/\/baralivres.ma\/index.php?rest_route=%2Fwp%2Fv2%2Fmedia&parent=15488"}],"wp:term":[{"taxonomy":"product_cat","embeddable":true,"href":"https:\/\/baralivres.ma\/index.php?rest_route=%2Fwp%2Fv2%2Fproduct_cat&post=15488"},{"taxonomy":"product_tag","embeddable":true,"href":"https:\/\/baralivres.ma\/index.php?rest_route=%2Fwp%2Fv2%2Fproduct_tag&post=15488"}],"curies":[{"name":"wp","href":"https:\/\/api.w.org\/{rel}","templated":true}]}}