{"id":15477,"date":"2023-10-27T16:35:09","date_gmt":"2023-10-27T15:35:09","guid":{"rendered":"https:\/\/baralivres.ma\/?post_type=product&#038;p=15477"},"modified":"2023-10-27T16:35:10","modified_gmt":"2023-10-27T15:35:10","slug":"silo-origines","status":"publish","type":"product","link":"https:\/\/baralivres.ma\/?product=silo-origines","title":{"rendered":"Silo Origines"},"content":{"rendered":"<p>En l&rsquo;an 2049, notre plan\u00e8te demeure famili\u00e8re, mais l&rsquo;horloge tourne inexorablement. Seuls quelques puissants d\u00e9tiennent les secrets de ce qui nous attend dans le futur&#8230; Ce deuxi\u00e8me volet, se pr\u00e9sentant sous forme de pr\u00e9quelle, enrichit de mani\u00e8re impressionnante l&rsquo;univers cr\u00e9\u00e9 par Hugh Howey dans sa trilogie embl\u00e9matique \u00ab\u00a0Silo\u00a0\u00bb.<\/p>\n","protected":false},"excerpt":{"rendered":"<p>En 2049, le monde est sous tension, des puissants d\u00e9tiennent des secrets sur l&rsquo;avenir. La pr\u00e9quelle de la trilogie culte \u00ab\u00a0Silo\u00a0\u00bb d&rsquo;Hugh Howey explore un univers complexe et \u00e9tendu.<\/p>\n","protected":false},"featured_media":15482,"comment_status":"open","ping_status":"closed","template":"","meta":{"inline_featured_image":false},"product_cat":[204,143],"product_tag":[],"class_list":{"0":"post-15477","1":"product","2":"type-product","3":"status-publish","4":"has-post-thumbnail","6":"product_cat-francais","7":"product_cat-roman","8":"pa_auteurs-hugh-howey","10":"first","11":"instock","12":"shipping-taxable","13":"purchasable","14":"product-type-simple"},"_links":{"self":[{"href":"https:\/\/baralivres.ma\/index.php?rest_route=\/wp\/v2\/product\/15477","targetHints":{"allow":["GET"]}}],"collection":[{"href":"https:\/\/baralivres.ma\/index.php?rest_route=\/wp\/v2\/product"}],"about":[{"href":"https:\/\/baralivres.ma\/index.php?rest_route=\/wp\/v2\/types\/product"}],"replies":[{"embeddable":true,"href":"https:\/\/baralivres.ma\/index.php?rest_route=%2Fwp%2Fv2%2Fcomments&post=15477"}],"version-history":[{"count":1,"href":"https:\/\/baralivres.ma\/index.php?rest_route=\/wp\/v2\/product\/15477\/revisions"}],"predecessor-version":[{"id":15486,"href":"https:\/\/baralivres.ma\/index.php?rest_route=\/wp\/v2\/product\/15477\/revisions\/15486"}],"wp:featuredmedia":[{"embeddable":true,"href":"https:\/\/baralivres.ma\/index.php?rest_route=\/wp\/v2\/media\/15482"}],"wp:attachment":[{"href":"https:\/\/baralivres.ma\/index.php?rest_route=%2Fwp%2Fv2%2Fmedia&parent=15477"}],"wp:term":[{"taxonomy":"product_cat","embeddable":true,"href":"https:\/\/baralivres.ma\/index.php?rest_route=%2Fwp%2Fv2%2Fproduct_cat&post=15477"},{"taxonomy":"product_tag","embeddable":true,"href":"https:\/\/baralivres.ma\/index.php?rest_route=%2Fwp%2Fv2%2Fproduct_tag&post=15477"}],"curies":[{"name":"wp","href":"https:\/\/api.w.org\/{rel}","templated":true}]}}