{"id":15475,"date":"2023-10-27T16:30:29","date_gmt":"2023-10-27T15:30:29","guid":{"rendered":"https:\/\/baralivres.ma\/?post_type=product&#038;p=15475"},"modified":"2023-10-27T16:30:30","modified_gmt":"2023-10-27T15:30:30","slug":"discours-sur-lhistoire-universelle","status":"publish","type":"product","link":"https:\/\/baralivres.ma\/?product=discours-sur-lhistoire-universelle","title":{"rendered":"Discours sur l&rsquo;histoire universelle"},"content":{"rendered":"<p>et ouvrage, \u00e9crit au XIVe si\u00e8cle par un pr\u00e9curseur de la sociologie et de la philosophie de l&rsquo;histoire, est consid\u00e9r\u00e9 comme l&rsquo;\u0153uvre majeure de cet historien. Gaston Wiet affirme que ce g\u00e9nie est le pionnier de la philosophie de l&rsquo;histoire en langue arabe.<\/p>\n","protected":false},"excerpt":{"rendered":"<p>Ouvrage majeur du XIVe si\u00e8cle par un pr\u00e9curseur de la philosophie de l&rsquo;histoire en langue arabe.<\/p>\n","protected":false},"featured_media":15479,"comment_status":"open","ping_status":"closed","template":"","meta":{"inline_featured_image":false},"product_cat":[204,143],"product_tag":[],"class_list":{"0":"post-15475","1":"product","2":"type-product","3":"status-publish","4":"has-post-thumbnail","6":"product_cat-francais","7":"product_cat-roman","8":"pa_auteurs-ibn-khaldun","10":"first","11":"instock","12":"shipping-taxable","13":"purchasable","14":"product-type-simple"},"_links":{"self":[{"href":"https:\/\/baralivres.ma\/index.php?rest_route=\/wp\/v2\/product\/15475","targetHints":{"allow":["GET"]}}],"collection":[{"href":"https:\/\/baralivres.ma\/index.php?rest_route=\/wp\/v2\/product"}],"about":[{"href":"https:\/\/baralivres.ma\/index.php?rest_route=\/wp\/v2\/types\/product"}],"replies":[{"embeddable":true,"href":"https:\/\/baralivres.ma\/index.php?rest_route=%2Fwp%2Fv2%2Fcomments&post=15475"}],"version-history":[{"count":1,"href":"https:\/\/baralivres.ma\/index.php?rest_route=\/wp\/v2\/product\/15475\/revisions"}],"predecessor-version":[{"id":15480,"href":"https:\/\/baralivres.ma\/index.php?rest_route=\/wp\/v2\/product\/15475\/revisions\/15480"}],"wp:featuredmedia":[{"embeddable":true,"href":"https:\/\/baralivres.ma\/index.php?rest_route=\/wp\/v2\/media\/15479"}],"wp:attachment":[{"href":"https:\/\/baralivres.ma\/index.php?rest_route=%2Fwp%2Fv2%2Fmedia&parent=15475"}],"wp:term":[{"taxonomy":"product_cat","embeddable":true,"href":"https:\/\/baralivres.ma\/index.php?rest_route=%2Fwp%2Fv2%2Fproduct_cat&post=15475"},{"taxonomy":"product_tag","embeddable":true,"href":"https:\/\/baralivres.ma\/index.php?rest_route=%2Fwp%2Fv2%2Fproduct_tag&post=15475"}],"curies":[{"name":"wp","href":"https:\/\/api.w.org\/{rel}","templated":true}]}}