{"id":15425,"date":"2023-10-27T15:46:14","date_gmt":"2023-10-27T14:46:14","guid":{"rendered":"https:\/\/baralivres.ma\/?post_type=product&#038;p=15425"},"modified":"2023-10-27T15:46:15","modified_gmt":"2023-10-27T14:46:15","slug":"les-fossoyeurs","status":"publish","type":"product","link":"https:\/\/baralivres.ma\/?product=les-fossoyeurs","title":{"rendered":"Les fossoyeurs"},"content":{"rendered":"<p>Apr\u00e8s trois ann\u00e9es d&rsquo;investigation, impliquant 250 t\u00e9moins et soutenu par le courage de quelques lanceurs d&rsquo;alerte, une multitude de documents compromettants a \u00e9t\u00e9 d\u00e9voil\u00e9e pour mettre en lumi\u00e8re les pratiques internes du groupe Orp\u00e9a, leader mondial dans le secteur des Ehpad et des cliniques. Cette r\u00e9v\u00e9lation a expos\u00e9 des cas de maltraitance envers les personnes \u00e2g\u00e9es, des traitements injustes envers les employ\u00e9s, des manipulations comptables douteuses, et une utilisation irresponsable de fonds publics. Ce r\u00e9cit fascinant et \u00e9motionnel a \u00e9galement mis en \u00e9vidence un r\u00e9seau d&rsquo;influence \u00e9tendu, bien \u00e9loign\u00e9 de l&rsquo;image d\u00e9vou\u00e9e des soignants et des \u00e9quipes d&rsquo;aide qui se consacrent principalement au bien-\u00eatre des individus les plus vuln\u00e9rables. La publication de ces informations a encourag\u00e9 de nombreuses personnes \u00e0 parler et a engendr\u00e9 un d\u00e9bat public d&rsquo;envergure nationale. De nombreuses enqu\u00eates ont \u00e9t\u00e9 initi\u00e9es par les autorit\u00e9s, cr\u00e9ant ainsi une onde de choc qui d\u00e9passe largement le cadre de l&rsquo;entreprise Orp\u00e9a.<\/p>\n","protected":false},"excerpt":{"rendered":"<p>R\u00e9v\u00e9lation de maltraitance et malversations chez Orp\u00e9a, d\u00e9clenchant enqu\u00eates, d\u00e9bats, et sensibilisation sur les soins aux personnes \u00e2g\u00e9es.<\/p>\n","protected":false},"featured_media":15431,"comment_status":"open","ping_status":"closed","template":"","meta":{"inline_featured_image":false},"product_cat":[204,143],"product_tag":[],"class_list":{"0":"post-15425","1":"product","2":"type-product","3":"status-publish","4":"has-post-thumbnail","6":"product_cat-francais","7":"product_cat-roman","8":"pa_auteurs-victor-castanet","10":"first","11":"instock","12":"shipping-taxable","13":"purchasable","14":"product-type-simple"},"_links":{"self":[{"href":"https:\/\/baralivres.ma\/index.php?rest_route=\/wp\/v2\/product\/15425","targetHints":{"allow":["GET"]}}],"collection":[{"href":"https:\/\/baralivres.ma\/index.php?rest_route=\/wp\/v2\/product"}],"about":[{"href":"https:\/\/baralivres.ma\/index.php?rest_route=\/wp\/v2\/types\/product"}],"replies":[{"embeddable":true,"href":"https:\/\/baralivres.ma\/index.php?rest_route=%2Fwp%2Fv2%2Fcomments&post=15425"}],"version-history":[{"count":1,"href":"https:\/\/baralivres.ma\/index.php?rest_route=\/wp\/v2\/product\/15425\/revisions"}],"predecessor-version":[{"id":15432,"href":"https:\/\/baralivres.ma\/index.php?rest_route=\/wp\/v2\/product\/15425\/revisions\/15432"}],"wp:featuredmedia":[{"embeddable":true,"href":"https:\/\/baralivres.ma\/index.php?rest_route=\/wp\/v2\/media\/15431"}],"wp:attachment":[{"href":"https:\/\/baralivres.ma\/index.php?rest_route=%2Fwp%2Fv2%2Fmedia&parent=15425"}],"wp:term":[{"taxonomy":"product_cat","embeddable":true,"href":"https:\/\/baralivres.ma\/index.php?rest_route=%2Fwp%2Fv2%2Fproduct_cat&post=15425"},{"taxonomy":"product_tag","embeddable":true,"href":"https:\/\/baralivres.ma\/index.php?rest_route=%2Fwp%2Fv2%2Fproduct_tag&post=15425"}],"curies":[{"name":"wp","href":"https:\/\/api.w.org\/{rel}","templated":true}]}}