{"id":15345,"date":"2023-10-27T15:03:37","date_gmt":"2023-10-27T14:03:37","guid":{"rendered":"https:\/\/baralivres.ma\/?post_type=product&#038;p=15345"},"modified":"2023-10-27T15:03:38","modified_gmt":"2023-10-27T14:03:38","slug":"faut-pas-rever","status":"publish","type":"product","link":"https:\/\/baralivres.ma\/?product=faut-pas-rever","title":{"rendered":"Faut pas r\u00eaver"},"content":{"rendered":"<p>Louise se trouve confront\u00e9e \u00e0 un dilemme inqui\u00e9tant lorsque son compagnon Carlos, en proie \u00e0 des cauchemars r\u00e9currents, la r\u00e9veille chaque nuit en hurlant en espagnol. Bien qu&rsquo;il semble revivre une sc\u00e8ne violente, il pr\u00e9tend ne se souvenir de rien au r\u00e9veil, laissant Louise perplexe. Cherchant \u00e0 percer le myst\u00e8re de ces somniloquies troublantes, Louise d\u00e9cide de recueillir des enregistrements audio pendant le sommeil de Carlos, puis, avec l&rsquo;aide de son amie Jeanne, elle traduit et analyse le contenu de ces cauchemars. Ce qu&rsquo;elles d\u00e9couvrent est alarmant : les r\u00eaves de Carlos semblent \u00eatre li\u00e9s \u00e0 un crime \u00e0 Marbella, en Andalousie, soulevant des questions troublantes quant \u00e0 son implication. D\u00e9cidant de r\u00e9soudre ce myst\u00e8re, les deux femmes entreprennent un voyage sur les lieux du r\u00eave, sans se douter que leur paisible destination de vacances se transformera en un v\u00e9ritable cauchemar.<\/p>\n","protected":false},"excerpt":{"rendered":"<p>Carlos hurle en espagnol en dormant. Ses cauchemars r\u00e9v\u00e8lent un crime \u00e0 Marbella, poussant Louise \u00e0 enqu\u00eater.<\/p>\n","protected":false},"featured_media":15350,"comment_status":"open","ping_status":"closed","template":"","meta":{"inline_featured_image":false},"product_cat":[204,143],"product_tag":[],"class_list":{"0":"post-15345","1":"product","2":"type-product","3":"status-publish","4":"has-post-thumbnail","6":"product_cat-francais","7":"product_cat-roman","8":"pa_auteurs-pascale-dietrich","10":"first","11":"instock","12":"shipping-taxable","13":"purchasable","14":"product-type-simple"},"_links":{"self":[{"href":"https:\/\/baralivres.ma\/index.php?rest_route=\/wp\/v2\/product\/15345","targetHints":{"allow":["GET"]}}],"collection":[{"href":"https:\/\/baralivres.ma\/index.php?rest_route=\/wp\/v2\/product"}],"about":[{"href":"https:\/\/baralivres.ma\/index.php?rest_route=\/wp\/v2\/types\/product"}],"replies":[{"embeddable":true,"href":"https:\/\/baralivres.ma\/index.php?rest_route=%2Fwp%2Fv2%2Fcomments&post=15345"}],"version-history":[{"count":1,"href":"https:\/\/baralivres.ma\/index.php?rest_route=\/wp\/v2\/product\/15345\/revisions"}],"predecessor-version":[{"id":15351,"href":"https:\/\/baralivres.ma\/index.php?rest_route=\/wp\/v2\/product\/15345\/revisions\/15351"}],"wp:featuredmedia":[{"embeddable":true,"href":"https:\/\/baralivres.ma\/index.php?rest_route=\/wp\/v2\/media\/15350"}],"wp:attachment":[{"href":"https:\/\/baralivres.ma\/index.php?rest_route=%2Fwp%2Fv2%2Fmedia&parent=15345"}],"wp:term":[{"taxonomy":"product_cat","embeddable":true,"href":"https:\/\/baralivres.ma\/index.php?rest_route=%2Fwp%2Fv2%2Fproduct_cat&post=15345"},{"taxonomy":"product_tag","embeddable":true,"href":"https:\/\/baralivres.ma\/index.php?rest_route=%2Fwp%2Fv2%2Fproduct_tag&post=15345"}],"curies":[{"name":"wp","href":"https:\/\/api.w.org\/{rel}","templated":true}]}}