{"id":15313,"date":"2023-10-27T14:47:40","date_gmt":"2023-10-27T13:47:40","guid":{"rendered":"https:\/\/baralivres.ma\/?post_type=product&#038;p=15313"},"modified":"2023-10-27T14:47:40","modified_gmt":"2023-10-27T13:47:40","slug":"personne-na-peur-des-gens-qui-sourient","status":"publish","type":"product","link":"https:\/\/baralivres.ma\/?product=personne-na-peur-des-gens-qui-sourient","title":{"rendered":"Personne n&rsquo;a peur des gens qui sourient"},"content":{"rendered":"<p>Un jour de juin, Gloria d\u00e9cide de prendre ses filles par surprise pour les emmener dans la maison alsacienne o\u00f9 elle avait l&rsquo;habitude de passer ses vacances lorsqu&rsquo;elle \u00e9tait enfant. La raison de ce d\u00e9part soudain est li\u00e9e \u00e0 une menace qu&rsquo;elle cherche \u00e0 fuir. Pour en comprendre les d\u00e9tails, il est n\u00e9cessaire de plonger dans les eaux troubles de son pass\u00e9, de rencontrer Giovannangeli, qui l&rsquo;a prot\u00e9g\u00e9e \u00e0 la disparition de son p\u00e8re, de lever le voile sur la mort de Samuel, le p\u00e8re de ses enfants, et enfin de d\u00e9mystifier le r\u00f4le de l&rsquo;avocat Santini dans cette histoire. Ce roman extr\u00eamement tendu explore les limites de la protection maternelle, alors que Gloria transforme son inqui\u00e9tude face au monde en une d\u00e9termination implacable pour le confronter.<\/p>\n","protected":false},"excerpt":{"rendered":"<p>Gloria, fuyant une menace, emm\u00e8ne ses filles dans sa maison d&rsquo;enfance, plongeant dans un pass\u00e9 troubl\u00e9.<\/p>\n","protected":false},"featured_media":15319,"comment_status":"open","ping_status":"closed","template":"","meta":{"inline_featured_image":false},"product_cat":[204,143],"product_tag":[],"class_list":{"0":"post-15313","1":"product","2":"type-product","3":"status-publish","4":"has-post-thumbnail","6":"product_cat-francais","7":"product_cat-roman","8":"pa_auteurs-veronique-ovalde","10":"first","11":"instock","12":"shipping-taxable","13":"purchasable","14":"product-type-simple"},"_links":{"self":[{"href":"https:\/\/baralivres.ma\/index.php?rest_route=\/wp\/v2\/product\/15313","targetHints":{"allow":["GET"]}}],"collection":[{"href":"https:\/\/baralivres.ma\/index.php?rest_route=\/wp\/v2\/product"}],"about":[{"href":"https:\/\/baralivres.ma\/index.php?rest_route=\/wp\/v2\/types\/product"}],"replies":[{"embeddable":true,"href":"https:\/\/baralivres.ma\/index.php?rest_route=%2Fwp%2Fv2%2Fcomments&post=15313"}],"version-history":[{"count":1,"href":"https:\/\/baralivres.ma\/index.php?rest_route=\/wp\/v2\/product\/15313\/revisions"}],"predecessor-version":[{"id":15320,"href":"https:\/\/baralivres.ma\/index.php?rest_route=\/wp\/v2\/product\/15313\/revisions\/15320"}],"wp:featuredmedia":[{"embeddable":true,"href":"https:\/\/baralivres.ma\/index.php?rest_route=\/wp\/v2\/media\/15319"}],"wp:attachment":[{"href":"https:\/\/baralivres.ma\/index.php?rest_route=%2Fwp%2Fv2%2Fmedia&parent=15313"}],"wp:term":[{"taxonomy":"product_cat","embeddable":true,"href":"https:\/\/baralivres.ma\/index.php?rest_route=%2Fwp%2Fv2%2Fproduct_cat&post=15313"},{"taxonomy":"product_tag","embeddable":true,"href":"https:\/\/baralivres.ma\/index.php?rest_route=%2Fwp%2Fv2%2Fproduct_tag&post=15313"}],"curies":[{"name":"wp","href":"https:\/\/api.w.org\/{rel}","templated":true}]}}