{"id":15295,"date":"2023-10-27T14:38:16","date_gmt":"2023-10-27T13:38:16","guid":{"rendered":"https:\/\/baralivres.ma\/?post_type=product&#038;p=15295"},"modified":"2023-10-27T14:38:16","modified_gmt":"2023-10-27T13:38:16","slug":"dans-la-mer-il-y-a-des-crocodiles","status":"publish","type":"product","link":"https:\/\/baralivres.ma\/?product=dans-la-mer-il-y-a-des-crocodiles","title":{"rendered":"Dans la mer il y a des crocodiles"},"content":{"rendered":"<p>Enaiat, un jeune dont l&rsquo;\u00e2ge demeure incertain, se trouve confront\u00e9 \u00e0 une condamnation \u00e0 mort imminente du fait de sa naissance en tant que Hazara, une ethnie afghane vivement m\u00e9pris\u00e9e par les Pachtounes et les talibans. Pour assurer sa survie, sa m\u00e8re prend la difficile d\u00e9cision de l&rsquo;abandonner de l&rsquo;autre c\u00f4t\u00e9 de la fronti\u00e8re, au Pakistan. D\u00e8s lors, d\u00e9bute pour ce gar\u00e7on, dont la taille n&rsquo;exc\u00e8de pas celle d&rsquo;une ch\u00e8vre, un p\u00e9riple de cinq ann\u00e9es, le conduisant \u00e0 travers l&rsquo;Iran, la Turquie, la Gr\u00e8ce, pour finalement atteindre l&rsquo;Italie. Dans ce r\u00e9cit empreint d&rsquo;espoir, il nous d\u00e9voile les aspects de sa vie quotidienne, o\u00f9 la d\u00e9brouille rivalise avec la peur, et o\u00f9 l&rsquo;entraide s&rsquo;oppose \u00e0 la brutalit\u00e9. Comme le font tous ceux qui relatent des exp\u00e9riences insoutenables, Enaiat partage son histoire sans amertume, en adoptant une perspective calme et objective, agr\u00e9ment\u00e9e d&rsquo;une pointe d&rsquo;ironie, tout en retracant les \u00e9tapes de ce voyage extraordinaire.<\/p>\n","protected":false},"excerpt":{"rendered":"<p>Enaiat, jeune Hazara afghan, fuit sa condamnation \u00e0 mort en parcourant cinq ans de dangereux p\u00e9riples vers l&rsquo;Italie.<\/p>\n","protected":false},"featured_media":15298,"comment_status":"open","ping_status":"closed","template":"","meta":{"inline_featured_image":false},"product_cat":[204,143],"product_tag":[],"class_list":{"0":"post-15295","1":"product","2":"type-product","3":"status-publish","4":"has-post-thumbnail","6":"product_cat-francais","7":"product_cat-roman","8":"pa_auteurs-fabio-geda","10":"first","11":"instock","12":"shipping-taxable","13":"purchasable","14":"product-type-simple"},"_links":{"self":[{"href":"https:\/\/baralivres.ma\/index.php?rest_route=\/wp\/v2\/product\/15295","targetHints":{"allow":["GET"]}}],"collection":[{"href":"https:\/\/baralivres.ma\/index.php?rest_route=\/wp\/v2\/product"}],"about":[{"href":"https:\/\/baralivres.ma\/index.php?rest_route=\/wp\/v2\/types\/product"}],"replies":[{"embeddable":true,"href":"https:\/\/baralivres.ma\/index.php?rest_route=%2Fwp%2Fv2%2Fcomments&post=15295"}],"version-history":[{"count":1,"href":"https:\/\/baralivres.ma\/index.php?rest_route=\/wp\/v2\/product\/15295\/revisions"}],"predecessor-version":[{"id":15299,"href":"https:\/\/baralivres.ma\/index.php?rest_route=\/wp\/v2\/product\/15295\/revisions\/15299"}],"wp:featuredmedia":[{"embeddable":true,"href":"https:\/\/baralivres.ma\/index.php?rest_route=\/wp\/v2\/media\/15298"}],"wp:attachment":[{"href":"https:\/\/baralivres.ma\/index.php?rest_route=%2Fwp%2Fv2%2Fmedia&parent=15295"}],"wp:term":[{"taxonomy":"product_cat","embeddable":true,"href":"https:\/\/baralivres.ma\/index.php?rest_route=%2Fwp%2Fv2%2Fproduct_cat&post=15295"},{"taxonomy":"product_tag","embeddable":true,"href":"https:\/\/baralivres.ma\/index.php?rest_route=%2Fwp%2Fv2%2Fproduct_tag&post=15295"}],"curies":[{"name":"wp","href":"https:\/\/api.w.org\/{rel}","templated":true}]}}