{"id":15282,"date":"2023-10-27T14:35:46","date_gmt":"2023-10-27T13:35:46","guid":{"rendered":"https:\/\/baralivres.ma\/?post_type=product&#038;p=15282"},"modified":"2023-10-27T14:35:46","modified_gmt":"2023-10-27T13:35:46","slug":"une-breve-histoire-du-temps","status":"publish","type":"product","link":"https:\/\/baralivres.ma\/?product=une-breve-histoire-du-temps","title":{"rendered":"Une br\u00e8ve histoire du temps"},"content":{"rendered":"<p>Le tout premier livre de Stephen Hawking, con\u00e7u pour \u00eatre accessible au grand public, est devenu un succ\u00e8s incontournable d\u00e8s sa publication. Intitul\u00e9 \u00ab\u00a0Une br\u00e8ve histoire du temps\u00a0\u00bb, cet ouvrage pr\u00e9sente, dans un langage simple et compr\u00e9hensible, les avanc\u00e9es contemporaines de l&rsquo;astrophysique. Il retrace les grandes th\u00e9ories qui ont fa\u00e7onn\u00e9 notre compr\u00e9hension de l&rsquo;univers, depuis les travaux de Galil\u00e9e et de Newton jusqu&rsquo;aux avanc\u00e9es r\u00e9volutionnaires d&rsquo;Einstein et de Poincar\u00e9. En expliquant les incroyables progr\u00e8s de la recherche sur l&rsquo;espace et le temps, ainsi que la nature des myst\u00e9rieux trous noirs, l&rsquo;auteur se lance dans la qu\u00eate du plus grand d\u00e9fi de la science moderne : trouver une th\u00e9orie unifi\u00e9e capable de concilier la relativit\u00e9 g\u00e9n\u00e9rale et la m\u00e9canique quantique.<\/p>\n","protected":false},"excerpt":{"rendered":"<p>\u00ab\u00a0Premier livre de Hawking, &lsquo;Une br\u00e8ve histoire du temps&rsquo;, explique astrophysique, th\u00e9ories, trous noirs, et qu\u00eate unification.\u00a0\u00bb<\/p>\n","protected":false},"featured_media":15285,"comment_status":"open","ping_status":"closed","template":"","meta":{"inline_featured_image":false},"product_cat":[204,143],"product_tag":[],"class_list":{"0":"post-15282","1":"product","2":"type-product","3":"status-publish","4":"has-post-thumbnail","6":"product_cat-francais","7":"product_cat-roman","8":"pa_auteurs-christophe-galfard","10":"first","11":"instock","12":"shipping-taxable","13":"purchasable","14":"product-type-simple"},"_links":{"self":[{"href":"https:\/\/baralivres.ma\/index.php?rest_route=\/wp\/v2\/product\/15282","targetHints":{"allow":["GET"]}}],"collection":[{"href":"https:\/\/baralivres.ma\/index.php?rest_route=\/wp\/v2\/product"}],"about":[{"href":"https:\/\/baralivres.ma\/index.php?rest_route=\/wp\/v2\/types\/product"}],"replies":[{"embeddable":true,"href":"https:\/\/baralivres.ma\/index.php?rest_route=%2Fwp%2Fv2%2Fcomments&post=15282"}],"version-history":[{"count":1,"href":"https:\/\/baralivres.ma\/index.php?rest_route=\/wp\/v2\/product\/15282\/revisions"}],"predecessor-version":[{"id":15292,"href":"https:\/\/baralivres.ma\/index.php?rest_route=\/wp\/v2\/product\/15282\/revisions\/15292"}],"wp:featuredmedia":[{"embeddable":true,"href":"https:\/\/baralivres.ma\/index.php?rest_route=\/wp\/v2\/media\/15285"}],"wp:attachment":[{"href":"https:\/\/baralivres.ma\/index.php?rest_route=%2Fwp%2Fv2%2Fmedia&parent=15282"}],"wp:term":[{"taxonomy":"product_cat","embeddable":true,"href":"https:\/\/baralivres.ma\/index.php?rest_route=%2Fwp%2Fv2%2Fproduct_cat&post=15282"},{"taxonomy":"product_tag","embeddable":true,"href":"https:\/\/baralivres.ma\/index.php?rest_route=%2Fwp%2Fv2%2Fproduct_tag&post=15282"}],"curies":[{"name":"wp","href":"https:\/\/api.w.org\/{rel}","templated":true}]}}