{"id":15281,"date":"2023-10-27T14:35:34","date_gmt":"2023-10-27T13:35:34","guid":{"rendered":"https:\/\/baralivres.ma\/?post_type=product&#038;p=15281"},"modified":"2023-10-27T14:35:34","modified_gmt":"2023-10-27T13:35:34","slug":"le-silence-des-vaincues","status":"publish","type":"product","link":"https:\/\/baralivres.ma\/?product=le-silence-des-vaincues","title":{"rendered":"Le silence des vaincues"},"content":{"rendered":"<p>En quelques heures, la belle Bris\u00e9is, qui \u00e9tait la reine de Lyrnessos, a vu sa vie boulevers\u00e9e lorsque les murailles de sa cit\u00e9 ont c\u00e9d\u00e9 face \u00e0 l&rsquo;assaut des Grecs. Au milieu de ce drame, son mari et ses fr\u00e8res ont \u00e9t\u00e9 tragiquement tu\u00e9s, et elle est devenue l&rsquo;esclave, le troph\u00e9e parmi d&rsquo;autres, d&rsquo;un homme puissant qui l&rsquo;a conquise : le l\u00e9gendaire Achille, dont les g\u00e9n\u00e9rations futures glorifieront les exploits. Bris\u00e9is se trouve alors confront\u00e9e \u00e0 un choix difficile : accepter sa destin\u00e9e et survivre pour raconter son histoire, une histoire qui finira par jouer un r\u00f4le crucial dans le cours de la guerre de Troie. Avec elle, apr\u00e8s des mill\u00e9naires de silence, c&rsquo;est la voix de toutes les femmes, celles dont l&rsquo;histoire a trop souvent ignor\u00e9 les souffrances et les exp\u00e9riences, qui se fait entendre. Qu&rsquo;elles soient esclaves, prostitu\u00e9es, gu\u00e9risseuses, ou simplement \u00e9clips\u00e9es par les hauts faits des guerriers, l&rsquo;auteure Pat Barker nous offre une relecture captivante de l&rsquo;\u00e9pop\u00e9e d&rsquo;Hom\u00e8re, mettant en lumi\u00e8re une perspective f\u00e9minine remarquable gr\u00e2ce \u00e0 sa prose pr\u00e9cise et son style \u00e9poustouflant.<\/p>\n","protected":false},"excerpt":{"rendered":"<p>Bris\u00e9is, reine de Lyrnessos, devient esclave d&rsquo;Achille, changeant le r\u00e9cit de la guerre de Troie.<\/p>\n","protected":false},"featured_media":15289,"comment_status":"open","ping_status":"closed","template":"","meta":{"inline_featured_image":false},"product_cat":[204,143],"product_tag":[],"class_list":{"0":"post-15281","1":"product","2":"type-product","3":"status-publish","4":"has-post-thumbnail","6":"product_cat-francais","7":"product_cat-roman","8":"pa_auteurs-pat-barker","10":"first","11":"instock","12":"shipping-taxable","13":"purchasable","14":"product-type-simple"},"_links":{"self":[{"href":"https:\/\/baralivres.ma\/index.php?rest_route=\/wp\/v2\/product\/15281","targetHints":{"allow":["GET"]}}],"collection":[{"href":"https:\/\/baralivres.ma\/index.php?rest_route=\/wp\/v2\/product"}],"about":[{"href":"https:\/\/baralivres.ma\/index.php?rest_route=\/wp\/v2\/types\/product"}],"replies":[{"embeddable":true,"href":"https:\/\/baralivres.ma\/index.php?rest_route=%2Fwp%2Fv2%2Fcomments&post=15281"}],"version-history":[{"count":1,"href":"https:\/\/baralivres.ma\/index.php?rest_route=\/wp\/v2\/product\/15281\/revisions"}],"predecessor-version":[{"id":15290,"href":"https:\/\/baralivres.ma\/index.php?rest_route=\/wp\/v2\/product\/15281\/revisions\/15290"}],"wp:featuredmedia":[{"embeddable":true,"href":"https:\/\/baralivres.ma\/index.php?rest_route=\/wp\/v2\/media\/15289"}],"wp:attachment":[{"href":"https:\/\/baralivres.ma\/index.php?rest_route=%2Fwp%2Fv2%2Fmedia&parent=15281"}],"wp:term":[{"taxonomy":"product_cat","embeddable":true,"href":"https:\/\/baralivres.ma\/index.php?rest_route=%2Fwp%2Fv2%2Fproduct_cat&post=15281"},{"taxonomy":"product_tag","embeddable":true,"href":"https:\/\/baralivres.ma\/index.php?rest_route=%2Fwp%2Fv2%2Fproduct_tag&post=15281"}],"curies":[{"name":"wp","href":"https:\/\/api.w.org\/{rel}","templated":true}]}}