{"id":15275,"date":"2023-10-27T14:35:20","date_gmt":"2023-10-27T13:35:20","guid":{"rendered":"https:\/\/baralivres.ma\/?post_type=product&#038;p=15275"},"modified":"2023-10-27T14:35:20","modified_gmt":"2023-10-27T13:35:20","slug":"millenium-tome-6-millenium-6-la-fille-qui-devait-mourir","status":"publish","type":"product","link":"https:\/\/baralivres.ma\/?product=millenium-tome-6-millenium-6-la-fille-qui-devait-mourir","title":{"rendered":"Mill\u00e9nium &#8211; Tome 6 : Mill\u00e9nium 6 &#8211; La fille qui devait mourir"},"content":{"rendered":"<p>Le r\u00e9cit d\u00e9bute avec la mort myst\u00e9rieuse d&rsquo;un SDF mutil\u00e9. Le m\u00e9decin l\u00e9giste, Fredrika Nyman, suspecte un lien avec le ministre Johannes Forsell. Mikael Blomkvist est intrigu\u00e9 et cherche l&rsquo;aide de Lisbeth Salander, qui est \u00e0 Moscou pour r\u00e9gler des affaires familiales. \u00abLa Fille qui devait mourir\u00bb m\u00eale politique, manipulations internationales, g\u00e9n\u00e9tique, Himalaya et d\u00e9sinformation russe.<\/p>\n","protected":false},"excerpt":{"rendered":"<p>Mort \u00e9nigmatique SDF li\u00e9e ministre. Blomkvist, Salander, enqu\u00eate politique, manipulation, g\u00e9n\u00e9tique, Himalaya, d\u00e9sinformation russe.<\/p>\n","protected":false},"featured_media":15284,"comment_status":"open","ping_status":"closed","template":"","meta":{"inline_featured_image":false},"product_cat":[204,143],"product_tag":[],"class_list":{"0":"post-15275","1":"product","2":"type-product","3":"status-publish","4":"has-post-thumbnail","6":"product_cat-francais","7":"product_cat-roman","8":"pa_auteurs-stieg-larsson","10":"first","11":"instock","12":"shipping-taxable","13":"purchasable","14":"product-type-simple"},"_links":{"self":[{"href":"https:\/\/baralivres.ma\/index.php?rest_route=\/wp\/v2\/product\/15275","targetHints":{"allow":["GET"]}}],"collection":[{"href":"https:\/\/baralivres.ma\/index.php?rest_route=\/wp\/v2\/product"}],"about":[{"href":"https:\/\/baralivres.ma\/index.php?rest_route=\/wp\/v2\/types\/product"}],"replies":[{"embeddable":true,"href":"https:\/\/baralivres.ma\/index.php?rest_route=%2Fwp%2Fv2%2Fcomments&post=15275"}],"version-history":[{"count":1,"href":"https:\/\/baralivres.ma\/index.php?rest_route=\/wp\/v2\/product\/15275\/revisions"}],"predecessor-version":[{"id":15287,"href":"https:\/\/baralivres.ma\/index.php?rest_route=\/wp\/v2\/product\/15275\/revisions\/15287"}],"wp:featuredmedia":[{"embeddable":true,"href":"https:\/\/baralivres.ma\/index.php?rest_route=\/wp\/v2\/media\/15284"}],"wp:attachment":[{"href":"https:\/\/baralivres.ma\/index.php?rest_route=%2Fwp%2Fv2%2Fmedia&parent=15275"}],"wp:term":[{"taxonomy":"product_cat","embeddable":true,"href":"https:\/\/baralivres.ma\/index.php?rest_route=%2Fwp%2Fv2%2Fproduct_cat&post=15275"},{"taxonomy":"product_tag","embeddable":true,"href":"https:\/\/baralivres.ma\/index.php?rest_route=%2Fwp%2Fv2%2Fproduct_tag&post=15275"}],"curies":[{"name":"wp","href":"https:\/\/api.w.org\/{rel}","templated":true}]}}