{"id":15268,"date":"2023-10-27T14:29:34","date_gmt":"2023-10-27T13:29:34","guid":{"rendered":"https:\/\/baralivres.ma\/?post_type=product&#038;p=15268"},"modified":"2023-10-27T14:29:34","modified_gmt":"2023-10-27T13:29:34","slug":"lassassin-royal-les-secrets-de-castelcerf-tome-9-lassassin-royal","status":"publish","type":"product","link":"https:\/\/baralivres.ma\/?product=lassassin-royal-les-secrets-de-castelcerf-tome-9-lassassin-royal","title":{"rendered":"L&rsquo;Assassin royal &#8211; Les secrets de Castelcerf Tome 9 : L&rsquo;Assassin royal"},"content":{"rendered":"<p>FitzChevalerie, le personnage de l&rsquo;Assassin Royal, a r\u00e9cemment sauv\u00e9 le prince Devoir, l&rsquo;h\u00e9ritier du tr\u00f4ne des Six-Duch\u00e9s, des mains de la famille Pie. Maintenant sous l&rsquo;identit\u00e9 de Tom Blaireau, Fitz recherche enfin la tranquillit\u00e9. Il souhaite \u00e9claircir sa relation avec Jinna, la sorci\u00e8re des Haies, voir son fils adoptif Heur grandir, et faire son deuil de son fid\u00e8le compagnon, le loup \u0152il-de-Nuit. Cependant, les fian\u00e7ailles annonc\u00e9es entre le prince Devoir et la Narcheska Elliana vont subitement monopoliser toute son attention. Il se demande si les membres de la famille Pie pourraient profiter de cet \u00e9v\u00e9nement diplomatique pour tenter quelque chose de nouveau.<\/p>\n","protected":false},"excerpt":{"rendered":"<div class=\"group w-full text-token-text-primary border-b border-black\/10 gizmo:border-0 dark:border-gray-900\/50 gizmo:dark:border-0 bg-gray-50 gizmo:bg-transparent dark:bg-[#444654] gizmo:dark:bg-transparent\" data-testid=\"conversation-turn-5\">\n<div class=\"p-4 gizmo:py-2 justify-center text-base md:gap-6 md:py-6 m-auto\">\n<div class=\"flex flex-1 gap-4 text-base mx-auto md:gap-6 gizmo:gap-3 gizmo:md:px-5 gizmo:lg:px-1 gizmo:xl:px-5 md:max-w-2xl lg:max-w-[38rem] gizmo:md:max-w-3xl gizmo:lg:max-w-[40rem] gizmo:xl:max-w-[48rem] xl:max-w-3xl }\">\n<div class=\"relative flex w-[calc(100%-50px)] flex-col gizmo:w-full lg:w-[calc(100%-115px)] agent-turn\">\n<div class=\"flex-col gap-1 md:gap-3\">\n<div class=\"flex flex-grow flex-col gap-3 max-w-full\">\n<div class=\"min-h-[20px] flex flex-col items-start gap-3 whitespace-pre-wrap break-words overflow-x-auto\" data-message-author-role=\"assistant\" data-message-id=\"8dcd54b1-6e37-4b5c-bb05-34b6bc023b91\">\n<div class=\"markdown prose w-full break-words dark:prose-invert light\">\n<p>FitzChevalerie sauve le prince Devoir, cherche la paix, mais doit faire face aux manigances des Pie<\/p>\n<\/div>\n<\/div>\n<\/div>\n<\/div>\n<\/div>\n<\/div>\n<\/div>\n<\/div>\n","protected":false},"featured_media":15277,"comment_status":"open","ping_status":"closed","template":"","meta":{"inline_featured_image":false},"product_cat":[204,143],"product_tag":[],"class_list":{"0":"post-15268","1":"product","2":"type-product","3":"status-publish","4":"has-post-thumbnail","6":"product_cat-francais","7":"product_cat-roman","8":"pa_auteurs-robin-hobb","10":"first","11":"instock","12":"shipping-taxable","13":"purchasable","14":"product-type-simple"},"_links":{"self":[{"href":"https:\/\/baralivres.ma\/index.php?rest_route=\/wp\/v2\/product\/15268","targetHints":{"allow":["GET"]}}],"collection":[{"href":"https:\/\/baralivres.ma\/index.php?rest_route=\/wp\/v2\/product"}],"about":[{"href":"https:\/\/baralivres.ma\/index.php?rest_route=\/wp\/v2\/types\/product"}],"replies":[{"embeddable":true,"href":"https:\/\/baralivres.ma\/index.php?rest_route=%2Fwp%2Fv2%2Fcomments&post=15268"}],"version-history":[{"count":1,"href":"https:\/\/baralivres.ma\/index.php?rest_route=\/wp\/v2\/product\/15268\/revisions"}],"predecessor-version":[{"id":15278,"href":"https:\/\/baralivres.ma\/index.php?rest_route=\/wp\/v2\/product\/15268\/revisions\/15278"}],"wp:featuredmedia":[{"embeddable":true,"href":"https:\/\/baralivres.ma\/index.php?rest_route=\/wp\/v2\/media\/15277"}],"wp:attachment":[{"href":"https:\/\/baralivres.ma\/index.php?rest_route=%2Fwp%2Fv2%2Fmedia&parent=15268"}],"wp:term":[{"taxonomy":"product_cat","embeddable":true,"href":"https:\/\/baralivres.ma\/index.php?rest_route=%2Fwp%2Fv2%2Fproduct_cat&post=15268"},{"taxonomy":"product_tag","embeddable":true,"href":"https:\/\/baralivres.ma\/index.php?rest_route=%2Fwp%2Fv2%2Fproduct_tag&post=15268"}],"curies":[{"name":"wp","href":"https:\/\/api.w.org\/{rel}","templated":true}]}}