{"id":15241,"date":"2023-10-27T14:14:43","date_gmt":"2023-10-27T13:14:43","guid":{"rendered":"https:\/\/baralivres.ma\/?post_type=product&#038;p=15241"},"modified":"2023-10-27T14:14:44","modified_gmt":"2023-10-27T13:14:44","slug":"lassassin-royal-lassassin-du-roi-tome-2-lassassin-royal","status":"publish","type":"product","link":"https:\/\/baralivres.ma\/?product=lassassin-royal-lassassin-du-roi-tome-2-lassassin-royal","title":{"rendered":"L&rsquo;Assassin royal &#8211; L&rsquo;assassin du roi Tome 2 : L&rsquo;Assassin royal"},"content":{"rendered":"<p>Les Pirates rouges causent la destruction et le chaos au sein des Six-Duch\u00e9s, et le royaume dispose de ressources limit\u00e9es pour les contrer. Le roi se trouve dans une situation difficile, entour\u00e9 d&rsquo;une cour remplie de conspirations, d&rsquo;une arm\u00e9e h\u00e9sitante, et il peut compter sur un atout pr\u00e9cieux : un assassin royal. Fitz, d\u00e9sormais devenu un instrument redoutable, poss\u00e8de des comp\u00e9tences exceptionnelles, ma\u00eetrisant le Vif (la capacit\u00e9 de communiquer avec les animaux) ainsi que l&rsquo;Art. En tant que guerrier aguerri, il est pr\u00eat \u00e0 tuer au nom de la justice royale, une responsabilit\u00e9 d&rsquo;autant plus lourde qu&rsquo;il doit s&rsquo;opposer aux ambitions du prince Royal, un pr\u00e9tendant au tr\u00f4ne en qu\u00eate de pouvoir.<\/p>\n","protected":false},"excerpt":{"rendered":"<p>Les Pirates rouges menacent les Six-Duch\u00e9s, le roi s&rsquo;appuie sur l&rsquo;assassin royal, Fitz, pour contrer l&rsquo;usurpateur Royal.<\/p>\n","protected":false},"featured_media":15246,"comment_status":"open","ping_status":"closed","template":"","meta":{"inline_featured_image":false},"product_cat":[204,143],"product_tag":[],"class_list":{"0":"post-15241","1":"product","2":"type-product","3":"status-publish","4":"has-post-thumbnail","6":"product_cat-francais","7":"product_cat-roman","8":"pa_auteurs-robin-hobb","10":"first","11":"instock","12":"shipping-taxable","13":"purchasable","14":"product-type-simple"},"_links":{"self":[{"href":"https:\/\/baralivres.ma\/index.php?rest_route=\/wp\/v2\/product\/15241","targetHints":{"allow":["GET"]}}],"collection":[{"href":"https:\/\/baralivres.ma\/index.php?rest_route=\/wp\/v2\/product"}],"about":[{"href":"https:\/\/baralivres.ma\/index.php?rest_route=\/wp\/v2\/types\/product"}],"replies":[{"embeddable":true,"href":"https:\/\/baralivres.ma\/index.php?rest_route=%2Fwp%2Fv2%2Fcomments&post=15241"}],"version-history":[{"count":1,"href":"https:\/\/baralivres.ma\/index.php?rest_route=\/wp\/v2\/product\/15241\/revisions"}],"predecessor-version":[{"id":15247,"href":"https:\/\/baralivres.ma\/index.php?rest_route=\/wp\/v2\/product\/15241\/revisions\/15247"}],"wp:featuredmedia":[{"embeddable":true,"href":"https:\/\/baralivres.ma\/index.php?rest_route=\/wp\/v2\/media\/15246"}],"wp:attachment":[{"href":"https:\/\/baralivres.ma\/index.php?rest_route=%2Fwp%2Fv2%2Fmedia&parent=15241"}],"wp:term":[{"taxonomy":"product_cat","embeddable":true,"href":"https:\/\/baralivres.ma\/index.php?rest_route=%2Fwp%2Fv2%2Fproduct_cat&post=15241"},{"taxonomy":"product_tag","embeddable":true,"href":"https:\/\/baralivres.ma\/index.php?rest_route=%2Fwp%2Fv2%2Fproduct_tag&post=15241"}],"curies":[{"name":"wp","href":"https:\/\/api.w.org\/{rel}","templated":true}]}}