{"id":15234,"date":"2023-10-27T14:05:43","date_gmt":"2023-10-27T13:05:43","guid":{"rendered":"https:\/\/baralivres.ma\/?post_type=product&#038;p=15234"},"modified":"2023-10-27T14:05:43","modified_gmt":"2023-10-27T13:05:43","slug":"lassassin-royal-la-voie-magique-tome-5-lassassin-royal","status":"publish","type":"product","link":"https:\/\/baralivres.ma\/?product=lassassin-royal-la-voie-magique-tome-5-lassassin-royal","title":{"rendered":"L&rsquo;Assassin royal &#8211; La voie magique Tome 5 : L&rsquo;Assassin royal"},"content":{"rendered":"<p>Le roi V\u00e9rit\u00e9 a surv\u00e9cu et a appel\u00e9 Fitz \u00e0 le rejoindre. Fitz se lance dans une qu\u00eate \u00e0 travers les myst\u00e9rieux sentiers de l&rsquo;Art, au-del\u00e0 des Montagnes, pour r\u00e9pondre \u00e0 l&rsquo;appel de son souverain affaibli. Cependant, il se retrouve seul, poursuivi par les partisans de Royal, l&rsquo;usurpateur, et ne peut pas compter sur ses propres alli\u00e9s. Pendant son voyage, Fitz d\u00e9couvre davantage sur sa propre identit\u00e9 et le r\u00f4le crucial qu&rsquo;il doit jouer dans le destin des Six-Duch\u00e9s. C&rsquo;est une t\u00e2che immense \u00e0 accomplir alors qu&rsquo;il est traqu\u00e9 par ses ennemis et trahi par ceux en qui il avait confiance.<\/p>\n","protected":false},"excerpt":{"rendered":"<p>Fitz r\u00e9pond \u00e0 l&rsquo;appel du roi V\u00e9rit\u00e9, mais est traqu\u00e9 par Royal, d\u00e9couvrant son destin complexe.<\/p>\n","protected":false},"featured_media":15235,"comment_status":"open","ping_status":"closed","template":"","meta":{"inline_featured_image":false},"product_cat":[204,143],"product_tag":[],"class_list":{"0":"post-15234","1":"product","2":"type-product","3":"status-publish","4":"has-post-thumbnail","6":"product_cat-francais","7":"product_cat-roman","8":"pa_auteurs-robin-hobb","10":"first","11":"instock","12":"shipping-taxable","13":"purchasable","14":"product-type-simple"},"_links":{"self":[{"href":"https:\/\/baralivres.ma\/index.php?rest_route=\/wp\/v2\/product\/15234","targetHints":{"allow":["GET"]}}],"collection":[{"href":"https:\/\/baralivres.ma\/index.php?rest_route=\/wp\/v2\/product"}],"about":[{"href":"https:\/\/baralivres.ma\/index.php?rest_route=\/wp\/v2\/types\/product"}],"replies":[{"embeddable":true,"href":"https:\/\/baralivres.ma\/index.php?rest_route=%2Fwp%2Fv2%2Fcomments&post=15234"}],"version-history":[{"count":1,"href":"https:\/\/baralivres.ma\/index.php?rest_route=\/wp\/v2\/product\/15234\/revisions"}],"predecessor-version":[{"id":15236,"href":"https:\/\/baralivres.ma\/index.php?rest_route=\/wp\/v2\/product\/15234\/revisions\/15236"}],"wp:featuredmedia":[{"embeddable":true,"href":"https:\/\/baralivres.ma\/index.php?rest_route=\/wp\/v2\/media\/15235"}],"wp:attachment":[{"href":"https:\/\/baralivres.ma\/index.php?rest_route=%2Fwp%2Fv2%2Fmedia&parent=15234"}],"wp:term":[{"taxonomy":"product_cat","embeddable":true,"href":"https:\/\/baralivres.ma\/index.php?rest_route=%2Fwp%2Fv2%2Fproduct_cat&post=15234"},{"taxonomy":"product_tag","embeddable":true,"href":"https:\/\/baralivres.ma\/index.php?rest_route=%2Fwp%2Fv2%2Fproduct_tag&post=15234"}],"curies":[{"name":"wp","href":"https:\/\/api.w.org\/{rel}","templated":true}]}}