{"id":15182,"date":"2023-10-27T12:52:04","date_gmt":"2023-10-27T11:52:04","guid":{"rendered":"https:\/\/baralivres.ma\/?post_type=product&#038;p=15182"},"modified":"2023-10-27T12:52:05","modified_gmt":"2023-10-27T11:52:05","slug":"witch-please","status":"publish","type":"product","link":"https:\/\/baralivres.ma\/?product=witch-please","title":{"rendered":"Witch please"},"content":{"rendered":"<p>Un mouvement \u00e9mergent gagne en popularit\u00e9 : la sorcellerie moderne. Cette forme de sorcellerie s&rsquo;ajuste aux \u00e9volutions de la soci\u00e9t\u00e9, des mentalit\u00e9s et des nouvelles g\u00e9n\u00e9rations qui sont en train de transformer le monde. Elle offre un moyen d&rsquo;am\u00e9liorer sa vie, de retrouver le contr\u00f4le et d&rsquo;agir. Ce guide de d\u00e9part fournit des cl\u00e9s, des suggestions et des id\u00e9es pour vous permettre d&rsquo;adapter votre pratique \u00e0 votre personnalit\u00e9. Osez, car ce pouvoir vous appartient. Il explore les fondements, le type de sorci\u00e8re que vous pourriez \u00eatre, la nature des sorts, les \u00e9l\u00e9ments, les divinations, les sorts et les rituels, ainsi que bien d&rsquo;autres aspects.<\/p>\n","protected":false},"excerpt":{"rendered":"<p>La sorcellerie moderne \u00e9merge, adaptable \u00e0 la soci\u00e9t\u00e9 changeante, offrant le pouvoir de personnaliser sa pratique.<\/p>\n","protected":false},"featured_media":15189,"comment_status":"open","ping_status":"closed","template":"","meta":{"inline_featured_image":false},"product_cat":[204,143],"product_tag":[],"class_list":{"0":"post-15182","1":"product","2":"type-product","3":"status-publish","4":"has-post-thumbnail","6":"product_cat-francais","7":"product_cat-roman","8":"pa_auteurs-jack-parker","10":"first","11":"instock","12":"shipping-taxable","13":"purchasable","14":"product-type-simple"},"_links":{"self":[{"href":"https:\/\/baralivres.ma\/index.php?rest_route=\/wp\/v2\/product\/15182","targetHints":{"allow":["GET"]}}],"collection":[{"href":"https:\/\/baralivres.ma\/index.php?rest_route=\/wp\/v2\/product"}],"about":[{"href":"https:\/\/baralivres.ma\/index.php?rest_route=\/wp\/v2\/types\/product"}],"replies":[{"embeddable":true,"href":"https:\/\/baralivres.ma\/index.php?rest_route=%2Fwp%2Fv2%2Fcomments&post=15182"}],"version-history":[{"count":1,"href":"https:\/\/baralivres.ma\/index.php?rest_route=\/wp\/v2\/product\/15182\/revisions"}],"predecessor-version":[{"id":15190,"href":"https:\/\/baralivres.ma\/index.php?rest_route=\/wp\/v2\/product\/15182\/revisions\/15190"}],"wp:featuredmedia":[{"embeddable":true,"href":"https:\/\/baralivres.ma\/index.php?rest_route=\/wp\/v2\/media\/15189"}],"wp:attachment":[{"href":"https:\/\/baralivres.ma\/index.php?rest_route=%2Fwp%2Fv2%2Fmedia&parent=15182"}],"wp:term":[{"taxonomy":"product_cat","embeddable":true,"href":"https:\/\/baralivres.ma\/index.php?rest_route=%2Fwp%2Fv2%2Fproduct_cat&post=15182"},{"taxonomy":"product_tag","embeddable":true,"href":"https:\/\/baralivres.ma\/index.php?rest_route=%2Fwp%2Fv2%2Fproduct_tag&post=15182"}],"curies":[{"name":"wp","href":"https:\/\/api.w.org\/{rel}","templated":true}]}}