{"id":15150,"date":"2023-10-27T12:35:25","date_gmt":"2023-10-27T11:35:25","guid":{"rendered":"https:\/\/baralivres.ma\/?post_type=product&#038;p=15150"},"modified":"2023-10-27T12:35:25","modified_gmt":"2023-10-27T11:35:25","slug":"comme-un-empire-dans-un-empire","status":"publish","type":"product","link":"https:\/\/baralivres.ma\/?product=comme-un-empire-dans-un-empire","title":{"rendered":"Comme un empire dans un empire"},"content":{"rendered":"<p>Son nom est Antoine, tandis qu&rsquo;elle pr\u00e9f\u00e8re \u00eatre appel\u00e9e L. Antoine exerce le r\u00f4le d&rsquo;assistant parlementaire, tandis qu&rsquo;elle se distingue en tant que hackeuse. Tous deux ont d\u00e9di\u00e9 leur vie \u00e0 un engagement politique, que ce soit de mani\u00e8re officielle ou secr\u00e8te. Ils se croiseront autour d&rsquo;une question centrale : comment pers\u00e9v\u00e9rer dans la lutte lorsque l&rsquo;adversaire semble insurmontable ? Dans ce roman captivant sur l&rsquo;engagement, Alice Zeniter met en sc\u00e8ne une g\u00e9n\u00e9ration confront\u00e9e \u00e0 un monde marqu\u00e9 par la violence. Cette g\u00e9n\u00e9ration, avec une d\u00e9termination inspirante, s&rsquo;efforce de red\u00e9finir les contours de ce monde. L&rsquo;auteure saisit audacieusement les r\u00e9alit\u00e9s de nos vies ultra-contemporaines pour explorer ce que signifie r\u00e9ellement s&rsquo;impliquer en politique aujourd&rsquo;hui.<\/p>\n","protected":false},"excerpt":{"rendered":"<p>Antoine, L, politiquement engag\u00e9s, face \u00e0 une puissance ennemie, cherchent \u00e0 red\u00e9finir la politique contemporaine.<\/p>\n","protected":false},"featured_media":15152,"comment_status":"open","ping_status":"closed","template":"","meta":{"inline_featured_image":false},"product_cat":[204,143],"product_tag":[],"class_list":{"0":"post-15150","1":"product","2":"type-product","3":"status-publish","4":"has-post-thumbnail","6":"product_cat-francais","7":"product_cat-roman","8":"pa_auteurs-alice-zeniter","10":"first","11":"instock","12":"shipping-taxable","13":"purchasable","14":"product-type-simple"},"_links":{"self":[{"href":"https:\/\/baralivres.ma\/index.php?rest_route=\/wp\/v2\/product\/15150","targetHints":{"allow":["GET"]}}],"collection":[{"href":"https:\/\/baralivres.ma\/index.php?rest_route=\/wp\/v2\/product"}],"about":[{"href":"https:\/\/baralivres.ma\/index.php?rest_route=\/wp\/v2\/types\/product"}],"replies":[{"embeddable":true,"href":"https:\/\/baralivres.ma\/index.php?rest_route=%2Fwp%2Fv2%2Fcomments&post=15150"}],"version-history":[{"count":1,"href":"https:\/\/baralivres.ma\/index.php?rest_route=\/wp\/v2\/product\/15150\/revisions"}],"predecessor-version":[{"id":15153,"href":"https:\/\/baralivres.ma\/index.php?rest_route=\/wp\/v2\/product\/15150\/revisions\/15153"}],"wp:featuredmedia":[{"embeddable":true,"href":"https:\/\/baralivres.ma\/index.php?rest_route=\/wp\/v2\/media\/15152"}],"wp:attachment":[{"href":"https:\/\/baralivres.ma\/index.php?rest_route=%2Fwp%2Fv2%2Fmedia&parent=15150"}],"wp:term":[{"taxonomy":"product_cat","embeddable":true,"href":"https:\/\/baralivres.ma\/index.php?rest_route=%2Fwp%2Fv2%2Fproduct_cat&post=15150"},{"taxonomy":"product_tag","embeddable":true,"href":"https:\/\/baralivres.ma\/index.php?rest_route=%2Fwp%2Fv2%2Fproduct_tag&post=15150"}],"curies":[{"name":"wp","href":"https:\/\/api.w.org\/{rel}","templated":true}]}}