{"id":15147,"date":"2023-10-27T12:37:28","date_gmt":"2023-10-27T11:37:28","guid":{"rendered":"https:\/\/baralivres.ma\/?post_type=product&#038;p=15147"},"modified":"2023-10-27T12:37:29","modified_gmt":"2023-10-27T11:37:29","slug":"le-psychodrame","status":"publish","type":"product","link":"https:\/\/baralivres.ma\/?product=le-psychodrame","title":{"rendered":"Le psychodrame"},"content":{"rendered":"<div class=\"group w-full text-token-text-primary border-b border-black\/10 gizmo:border-0 dark:border-gray-900\/50 gizmo:dark:border-0 bg-gray-50 gizmo:bg-transparent dark:bg-[#444654] gizmo:dark:bg-transparent\" data-testid=\"conversation-turn-127\">\n<div class=\"p-4 gizmo:py-2 justify-center text-base md:gap-6 md:py-6 m-auto\">\n<div class=\"flex flex-1 gap-4 text-base mx-auto md:gap-6 gizmo:gap-3 gizmo:md:px-5 gizmo:lg:px-1 gizmo:xl:px-5 md:max-w-2xl lg:max-w-[38rem] gizmo:md:max-w-3xl gizmo:lg:max-w-[40rem] gizmo:xl:max-w-[48rem] xl:max-w-3xl }\">\n<div class=\"relative flex w-[calc(100%-50px)] flex-col gizmo:w-full lg:w-[calc(100%-115px)] agent-turn\">\n<div class=\"flex-col gap-1 md:gap-3\">\n<div class=\"flex flex-grow flex-col gap-3 max-w-full\">\n<div class=\"min-h-[20px] flex flex-col items-start gap-3 whitespace-pre-wrap break-words overflow-x-auto\" data-message-author-role=\"assistant\" data-message-id=\"fee6a208-1034-488c-a24d-ec5987178331\">\n<div class=\"markdown prose w-full break-words dark:prose-invert light\">\n<p>La psychanalyse se penche sur les motivations cach\u00e9es de notre comportement, mais nous avons tendance \u00e0 sous-estimer les r\u00f4les que nous jouons dans nos interactions sociales, que ce soit avec notre entourage proche ou la soci\u00e9t\u00e9 en g\u00e9n\u00e9ral. Le psychodrame est une m\u00e9thode th\u00e9rapeutique qui permet d&rsquo;explorer et de comprendre ces r\u00f4les, en recr\u00e9ant des sc\u00e9narios et des interactions dans un environnement s\u00e9curis\u00e9. En introduisant cette technique en France, Anne Ancelin Sch\u00fctzenberger d\u00e9taille son fonctionnement et ses diverses applications. Elle d\u00e9crit plus d&rsquo;une centaine de techniques de psychodrame, allant de l&rsquo;utilisation de la chaise vide \u00e0 des exercices de spontan\u00e9it\u00e9 en passant par des psychodrames destin\u00e9s aux enfants et des exercices impliquant un renversement des r\u00f4les. Cette approche vise \u00e0 aider les individus \u00e0 r\u00e9activer leurs sentiments sous-jacents, \u00e0 reconqu\u00e9rir leur libert\u00e9 d&rsquo;action et \u00e0 encourager leur spontan\u00e9it\u00e9 cr\u00e9ative pour une meilleure adaptation sociale.<\/p>\n<\/div>\n<\/div>\n<\/div>\n<div class=\"flex justify-between empty:hidden gizmo:justify-start gizmo:gap-3 lg:block gizmo:lg:flex\">\n<div class=\"text-gray-400 flex self-end lg:self-center justify-center gizmo:lg:justify-start mt-2 gizmo:mt-0 visible lg:gap-1 lg:absolute lg:top-0 lg:translate-x-full lg:right-0 lg:mt-0 lg:pl-2 gap-2 md:gap-3\"><button class=\"flex ml-auto gizmo:ml-0 gap-2 items-center rounded-md p-1 text-xs gizmo:gap-1.5 gizmo:pl-0 dark:text-gray-400 dark:hover:text-gray-200 disabled:dark:hover:text-gray-400 hover:text-gray-700\"><\/button><\/p>\n<div class=\"flex gap-1\"><\/div>\n<\/div>\n<\/div>\n<\/div>\n<\/div>\n<\/div>\n<\/div>\n<\/div>\n","protected":false},"excerpt":{"rendered":"<p>Le psychodrame est une technique th\u00e9rapeutique qui explore les r\u00f4les sociaux pour favoriser l&rsquo;adaptation et la spontan\u00e9it\u00e9.<\/p>\n","protected":false},"featured_media":15156,"comment_status":"open","ping_status":"closed","template":"","meta":{"inline_featured_image":false},"product_cat":[204,143],"product_tag":[],"class_list":{"0":"post-15147","1":"product","2":"type-product","3":"status-publish","4":"has-post-thumbnail","6":"product_cat-francais","7":"product_cat-roman","8":"pa_auteurs-anne-ancelin-schutzenberger","10":"first","11":"instock","12":"shipping-taxable","13":"purchasable","14":"product-type-simple"},"_links":{"self":[{"href":"https:\/\/baralivres.ma\/index.php?rest_route=\/wp\/v2\/product\/15147","targetHints":{"allow":["GET"]}}],"collection":[{"href":"https:\/\/baralivres.ma\/index.php?rest_route=\/wp\/v2\/product"}],"about":[{"href":"https:\/\/baralivres.ma\/index.php?rest_route=\/wp\/v2\/types\/product"}],"replies":[{"embeddable":true,"href":"https:\/\/baralivres.ma\/index.php?rest_route=%2Fwp%2Fv2%2Fcomments&post=15147"}],"version-history":[{"count":1,"href":"https:\/\/baralivres.ma\/index.php?rest_route=\/wp\/v2\/product\/15147\/revisions"}],"predecessor-version":[{"id":15157,"href":"https:\/\/baralivres.ma\/index.php?rest_route=\/wp\/v2\/product\/15147\/revisions\/15157"}],"wp:featuredmedia":[{"embeddable":true,"href":"https:\/\/baralivres.ma\/index.php?rest_route=\/wp\/v2\/media\/15156"}],"wp:attachment":[{"href":"https:\/\/baralivres.ma\/index.php?rest_route=%2Fwp%2Fv2%2Fmedia&parent=15147"}],"wp:term":[{"taxonomy":"product_cat","embeddable":true,"href":"https:\/\/baralivres.ma\/index.php?rest_route=%2Fwp%2Fv2%2Fproduct_cat&post=15147"},{"taxonomy":"product_tag","embeddable":true,"href":"https:\/\/baralivres.ma\/index.php?rest_route=%2Fwp%2Fv2%2Fproduct_tag&post=15147"}],"curies":[{"name":"wp","href":"https:\/\/api.w.org\/{rel}","templated":true}]}}