{"id":15084,"date":"2023-10-27T12:07:59","date_gmt":"2023-10-27T11:07:59","guid":{"rendered":"https:\/\/baralivres.ma\/?post_type=product&#038;p=15084"},"modified":"2023-10-27T12:07:59","modified_gmt":"2023-10-27T11:07:59","slug":"instantanes-dambre","status":"publish","type":"product","link":"https:\/\/baralivres.ma\/?product=instantanes-dambre","title":{"rendered":"Instantan\u00e9s d&rsquo;Ambre"},"content":{"rendered":"<p>Une m\u00e8re isole ses enfants du monde ext\u00e9rieur et leur demande d&rsquo;effacer leur pr\u00e9nom de leur m\u00e9moire, de ne plus jamais y penser, et d&rsquo;en choisir un nouveau pour \u00e9chapper \u00e0 un danger mena\u00e7ant leur vie. Ils vivent ensuite dans une maison au milieu d&rsquo;un jardin entour\u00e9 de hauts murs, o\u00f9 ils passeront de nombreuses ann\u00e9es. Bien qu&rsquo;ils soient enferm\u00e9s, ils sont heureux. Au fil du temps, les v\u00eatements confectionn\u00e9s par leur m\u00e8re ne leur vont plus, mais les ailes en coton et en laine qu&rsquo;elle a fix\u00e9es sur leur dos ne les d\u00e9rangent pas. Opale, Ambre et Agate vivent en harmonie jusqu&rsquo;\u00e0 l&rsquo;arriv\u00e9e d&rsquo;un colporteur dans le jardin.<\/p>\n<p>Ce livre remarquable c\u00e9l\u00e8bre l&rsquo;imagination et symbolise la capacit\u00e9 de r\u00e9silience de l&rsquo;enfance. Il met en avant les pierres, en particulier l&rsquo;ambre, qui renferme la trace de ce qui a \u00e9t\u00e9 perdu.<\/p>\n","protected":false},"excerpt":{"rendered":"<p>M\u00e8re prot\u00e8ge enfants du monde, change leurs pr\u00e9noms, vivent heureux dans jardin, jusqu&rsquo;\u00e0 colporteur intrusif.<\/p>\n","protected":false},"featured_media":15089,"comment_status":"open","ping_status":"closed","template":"","meta":{"inline_featured_image":false},"product_cat":[204,143],"product_tag":[],"class_list":{"0":"post-15084","1":"product","2":"type-product","3":"status-publish","4":"has-post-thumbnail","6":"product_cat-francais","7":"product_cat-roman","8":"pa_auteurs-yako-ogawa","10":"first","11":"instock","12":"shipping-taxable","13":"purchasable","14":"product-type-simple"},"_links":{"self":[{"href":"https:\/\/baralivres.ma\/index.php?rest_route=\/wp\/v2\/product\/15084","targetHints":{"allow":["GET"]}}],"collection":[{"href":"https:\/\/baralivres.ma\/index.php?rest_route=\/wp\/v2\/product"}],"about":[{"href":"https:\/\/baralivres.ma\/index.php?rest_route=\/wp\/v2\/types\/product"}],"replies":[{"embeddable":true,"href":"https:\/\/baralivres.ma\/index.php?rest_route=%2Fwp%2Fv2%2Fcomments&post=15084"}],"version-history":[{"count":1,"href":"https:\/\/baralivres.ma\/index.php?rest_route=\/wp\/v2\/product\/15084\/revisions"}],"predecessor-version":[{"id":15092,"href":"https:\/\/baralivres.ma\/index.php?rest_route=\/wp\/v2\/product\/15084\/revisions\/15092"}],"wp:featuredmedia":[{"embeddable":true,"href":"https:\/\/baralivres.ma\/index.php?rest_route=\/wp\/v2\/media\/15089"}],"wp:attachment":[{"href":"https:\/\/baralivres.ma\/index.php?rest_route=%2Fwp%2Fv2%2Fmedia&parent=15084"}],"wp:term":[{"taxonomy":"product_cat","embeddable":true,"href":"https:\/\/baralivres.ma\/index.php?rest_route=%2Fwp%2Fv2%2Fproduct_cat&post=15084"},{"taxonomy":"product_tag","embeddable":true,"href":"https:\/\/baralivres.ma\/index.php?rest_route=%2Fwp%2Fv2%2Fproduct_tag&post=15084"}],"curies":[{"name":"wp","href":"https:\/\/api.w.org\/{rel}","templated":true}]}}