{"id":15059,"date":"2023-10-27T11:56:38","date_gmt":"2023-10-27T10:56:38","guid":{"rendered":"https:\/\/baralivres.ma\/?post_type=product&#038;p=15059"},"modified":"2023-10-27T11:56:39","modified_gmt":"2023-10-27T10:56:39","slug":"jeanne-des-eaux-vives","status":"publish","type":"product","link":"https:\/\/baralivres.ma\/?product=jeanne-des-eaux-vives","title":{"rendered":"Jeanne des eaux vives"},"content":{"rendered":"<p>Apr\u00e8s un difficile divorce, Jeanne, une jeune illustratrice parisienne et m\u00e8re de la petite Emma, se trouve \u00e0 un moment de profonde r\u00e9flexion, faisant ressurgir les souvenirs de sa vie pass\u00e9e. Parmi eux, l&rsquo;\u00e9clatant \u00e9t\u00e9 qu&rsquo;elle a pass\u00e9 avec ses parents \u00e0 Fresselines, un village de la Creuse cher aux peintres impressionnistes. Malgr\u00e9 les critiques de son entourage, Jeanne prend la d\u00e9cision audacieuse de quitter Paris avec sa fille pour s&rsquo;installer dans ce lieu empreint de souvenirs et d&rsquo;art. Depuis sa maison perch\u00e9e au-dessus de la rivi\u00e8re, Jeanne entreprend un voyage pour explorer son nouvel environnement, d\u00e9couvrir la dure r\u00e9alit\u00e9 de la vie rurale, se rapprocher des anciens habitants chaleureux, et, enfin, se retrouver elle-m\u00eame. C&rsquo;est une qu\u00eate de sinc\u00e9rit\u00e9 empreinte de sensibilit\u00e9 et d&rsquo;optimisme, un hymne \u00e0 la r\u00e9silience qui s\u00e9duira les amoureux de la nature et tous ceux aspirant \u00e0 une vie en harmonie avec la nature.<\/p>\n","protected":false},"excerpt":{"rendered":"<p>Jeanne, illustratrice parisienne, divorce difficile, rejoint village en Creuse avec sa fille pour red\u00e9couvrir l&rsquo;authenticit\u00e9.<\/p>\n","protected":false},"featured_media":15065,"comment_status":"open","ping_status":"closed","template":"","meta":{"inline_featured_image":false},"product_cat":[204,143],"product_tag":[],"class_list":{"0":"post-15059","1":"product","2":"type-product","3":"status-publish","4":"has-post-thumbnail","6":"product_cat-francais","7":"product_cat-roman","8":"pa_auteurs-jeanine-berducat","10":"first","11":"instock","12":"shipping-taxable","13":"purchasable","14":"product-type-simple"},"_links":{"self":[{"href":"https:\/\/baralivres.ma\/index.php?rest_route=\/wp\/v2\/product\/15059","targetHints":{"allow":["GET"]}}],"collection":[{"href":"https:\/\/baralivres.ma\/index.php?rest_route=\/wp\/v2\/product"}],"about":[{"href":"https:\/\/baralivres.ma\/index.php?rest_route=\/wp\/v2\/types\/product"}],"replies":[{"embeddable":true,"href":"https:\/\/baralivres.ma\/index.php?rest_route=%2Fwp%2Fv2%2Fcomments&post=15059"}],"version-history":[{"count":1,"href":"https:\/\/baralivres.ma\/index.php?rest_route=\/wp\/v2\/product\/15059\/revisions"}],"predecessor-version":[{"id":15067,"href":"https:\/\/baralivres.ma\/index.php?rest_route=\/wp\/v2\/product\/15059\/revisions\/15067"}],"wp:featuredmedia":[{"embeddable":true,"href":"https:\/\/baralivres.ma\/index.php?rest_route=\/wp\/v2\/media\/15065"}],"wp:attachment":[{"href":"https:\/\/baralivres.ma\/index.php?rest_route=%2Fwp%2Fv2%2Fmedia&parent=15059"}],"wp:term":[{"taxonomy":"product_cat","embeddable":true,"href":"https:\/\/baralivres.ma\/index.php?rest_route=%2Fwp%2Fv2%2Fproduct_cat&post=15059"},{"taxonomy":"product_tag","embeddable":true,"href":"https:\/\/baralivres.ma\/index.php?rest_route=%2Fwp%2Fv2%2Fproduct_tag&post=15059"}],"curies":[{"name":"wp","href":"https:\/\/api.w.org\/{rel}","templated":true}]}}