{"id":15027,"date":"2023-10-27T11:40:33","date_gmt":"2023-10-27T10:40:33","guid":{"rendered":"https:\/\/baralivres.ma\/?post_type=product&#038;p=15027"},"modified":"2023-10-27T11:40:34","modified_gmt":"2023-10-27T10:40:34","slug":"le-chant-de-la-vengeance","status":"publish","type":"product","link":"https:\/\/baralivres.ma\/?product=le-chant-de-la-vengeance","title":{"rendered":"Le chant de la vengeance"},"content":{"rendered":"<p>En 1906, apr\u00e8s le d\u00e9c\u00e8s de sa m\u00e8re, May Kimble se retrouve dans une situation pr\u00e9caire jusqu&rsquo;\u00e0 ce que sa tante, qu&rsquo;elle n&rsquo;a jamais rencontr\u00e9e, lui offre l&rsquo;opportunit\u00e9 de la rejoindre \u00e0 San Francisco. Elle est chaleureusement accueillie au sein de la famille Sullivan, o\u00f9 elle est \u00e9merveill\u00e9e par la richesse de sa nouvelle vie. Cependant, elle commence \u00e0 remarquer certaines zones d&rsquo;ombre : sa cousine, Goldie, s&rsquo;\u00e9clipse fr\u00e9quemment la nuit, sa tante semble \u00eatre troubl\u00e9e par le laudanum, et l&rsquo;une des domestiques tente de la mettre en garde. Au milieu de trahisons, de folie et de meurtre, May se trouve face \u00e0 la possibilit\u00e9 de tout perdre, y compris sa libert\u00e9. Lorsque San Francisco est secou\u00e9e par un tremblement de terre, elle devra se relever parmi les d\u00e9combres fumants et faire face \u00e0 son destin.<\/p>\n","protected":false},"excerpt":{"rendered":"<p>May, apr\u00e8s la mort de sa m\u00e8re, rejoint sa tante \u00e0 San Francisco, d\u00e9couvre secrets et trahisons.<\/p>\n","protected":false},"featured_media":15032,"comment_status":"open","ping_status":"closed","template":"","meta":{"inline_featured_image":false},"product_cat":[204,143],"product_tag":[],"class_list":{"0":"post-15027","1":"product","2":"type-product","3":"status-publish","4":"has-post-thumbnail","6":"product_cat-francais","7":"product_cat-roman","8":"pa_auteurs-megan-chance","10":"first","11":"instock","12":"shipping-taxable","13":"purchasable","14":"product-type-simple"},"_links":{"self":[{"href":"https:\/\/baralivres.ma\/index.php?rest_route=\/wp\/v2\/product\/15027","targetHints":{"allow":["GET"]}}],"collection":[{"href":"https:\/\/baralivres.ma\/index.php?rest_route=\/wp\/v2\/product"}],"about":[{"href":"https:\/\/baralivres.ma\/index.php?rest_route=\/wp\/v2\/types\/product"}],"replies":[{"embeddable":true,"href":"https:\/\/baralivres.ma\/index.php?rest_route=%2Fwp%2Fv2%2Fcomments&post=15027"}],"version-history":[{"count":1,"href":"https:\/\/baralivres.ma\/index.php?rest_route=\/wp\/v2\/product\/15027\/revisions"}],"predecessor-version":[{"id":15033,"href":"https:\/\/baralivres.ma\/index.php?rest_route=\/wp\/v2\/product\/15027\/revisions\/15033"}],"wp:featuredmedia":[{"embeddable":true,"href":"https:\/\/baralivres.ma\/index.php?rest_route=\/wp\/v2\/media\/15032"}],"wp:attachment":[{"href":"https:\/\/baralivres.ma\/index.php?rest_route=%2Fwp%2Fv2%2Fmedia&parent=15027"}],"wp:term":[{"taxonomy":"product_cat","embeddable":true,"href":"https:\/\/baralivres.ma\/index.php?rest_route=%2Fwp%2Fv2%2Fproduct_cat&post=15027"},{"taxonomy":"product_tag","embeddable":true,"href":"https:\/\/baralivres.ma\/index.php?rest_route=%2Fwp%2Fv2%2Fproduct_tag&post=15027"}],"curies":[{"name":"wp","href":"https:\/\/api.w.org\/{rel}","templated":true}]}}