{"id":14971,"date":"2023-10-27T11:02:20","date_gmt":"2023-10-27T10:02:20","guid":{"rendered":"https:\/\/baralivres.ma\/?post_type=product&#038;p=14971"},"modified":"2023-10-27T11:02:21","modified_gmt":"2023-10-27T10:02:21","slug":"crepuscule-a-casablanca-une-enquete-de-gabrielle-kaplan","status":"publish","type":"product","link":"https:\/\/baralivres.ma\/?product=crepuscule-a-casablanca-une-enquete-de-gabrielle-kaplan","title":{"rendered":"Cr\u00e9puscule \u00e0 Casablanca. Une enqu\u00eate de Gabrielle Kaplan"},"content":{"rendered":"<p>Casablanca, 1951. Gabrielle Kaplan, d\u00e9tective priv\u00e9e, est engag\u00e9e pour une mission apparemment simple qui se transforme en une s\u00e9rie de meurtres, la pla\u00e7ant au milieu d&rsquo;intrigues impliquant la CIA, des truands corses et des politiciens. \u00ab\u00a0Cr\u00e9puscule \u00e0 Casablanca\u00a0\u00bb est le premier roman de Malvina Mestre, qui propose une s\u00e9rie d&rsquo;enqu\u00eates polici\u00e8res et d&rsquo;espionnage document\u00e9es dans le Maroc des ann\u00e9es 50.<\/p>\n","protected":false},"excerpt":{"rendered":"<p>En 1951 \u00e0 Casablanca, la d\u00e9tective Gabrielle Kaplan est entra\u00een\u00e9e dans une enqu\u00eate complexe m\u00ealant meurtres, politique et espionnage.<\/p>\n","protected":false},"featured_media":14977,"comment_status":"open","ping_status":"closed","template":"","meta":{"inline_featured_image":false},"product_cat":[204,143],"product_tag":[],"class_list":{"0":"post-14971","1":"product","2":"type-product","3":"status-publish","4":"has-post-thumbnail","6":"product_cat-francais","7":"product_cat-roman","8":"pa_auteurs-melvina-mestre","10":"first","11":"instock","12":"shipping-taxable","13":"purchasable","14":"product-type-simple"},"_links":{"self":[{"href":"https:\/\/baralivres.ma\/index.php?rest_route=\/wp\/v2\/product\/14971","targetHints":{"allow":["GET"]}}],"collection":[{"href":"https:\/\/baralivres.ma\/index.php?rest_route=\/wp\/v2\/product"}],"about":[{"href":"https:\/\/baralivres.ma\/index.php?rest_route=\/wp\/v2\/types\/product"}],"replies":[{"embeddable":true,"href":"https:\/\/baralivres.ma\/index.php?rest_route=%2Fwp%2Fv2%2Fcomments&post=14971"}],"version-history":[{"count":1,"href":"https:\/\/baralivres.ma\/index.php?rest_route=\/wp\/v2\/product\/14971\/revisions"}],"predecessor-version":[{"id":14978,"href":"https:\/\/baralivres.ma\/index.php?rest_route=\/wp\/v2\/product\/14971\/revisions\/14978"}],"wp:featuredmedia":[{"embeddable":true,"href":"https:\/\/baralivres.ma\/index.php?rest_route=\/wp\/v2\/media\/14977"}],"wp:attachment":[{"href":"https:\/\/baralivres.ma\/index.php?rest_route=%2Fwp%2Fv2%2Fmedia&parent=14971"}],"wp:term":[{"taxonomy":"product_cat","embeddable":true,"href":"https:\/\/baralivres.ma\/index.php?rest_route=%2Fwp%2Fv2%2Fproduct_cat&post=14971"},{"taxonomy":"product_tag","embeddable":true,"href":"https:\/\/baralivres.ma\/index.php?rest_route=%2Fwp%2Fv2%2Fproduct_tag&post=14971"}],"curies":[{"name":"wp","href":"https:\/\/api.w.org\/{rel}","templated":true}]}}