{"id":14946,"date":"2023-10-27T10:42:07","date_gmt":"2023-10-27T09:42:07","guid":{"rendered":"https:\/\/baralivres.ma\/?post_type=product&#038;p=14946"},"modified":"2023-10-27T10:42:08","modified_gmt":"2023-10-27T09:42:08","slug":"tout-peut-soublier","status":"publish","type":"product","link":"https:\/\/baralivres.ma\/?product=tout-peut-soublier","title":{"rendered":"Tout peut s&rsquo;oublier"},"content":{"rendered":"<p>Lorsque Nathan arrive pour r\u00e9cup\u00e9rer son fils chez son ancienne \u00e9pouse, il se trouve face \u00e0 un appartement vide. Il r\u00e9alise rapidement que Jun a quitt\u00e9 la Bretagne pour retourner au Japon, son pays d&rsquo;origine, avec leur fils L\u00e9o. Nathan est submerg\u00e9 par l&rsquo;incompr\u00e9hension et la panique. Comment peut-il les retrouver, sachant que tant d&rsquo;autres au Japon cherchent d\u00e9sesp\u00e9r\u00e9ment leurs proches disparus ? De plus, son entourage lui met en garde : m\u00eame s&rsquo;il parvient \u00e0 retrouver leur trace, cela ne r\u00e9soudra pas n\u00e9cessairement tous les probl\u00e8mes. En racontant l&rsquo;histoire d&rsquo;un p\u00e8re confront\u00e9 \u00e0 une situation impensable, Olivier Adam explore la vuln\u00e9rabilit\u00e9 des liens qui unissent les parents \u00e0 leurs enfants.<\/p>\n","protected":false},"excerpt":{"rendered":"<p>Nathan d\u00e9couvre que son ex-femme a emmen\u00e9 leur fils au Japon, d\u00e9clenchant une qu\u00eate d\u00e9sesp\u00e9r\u00e9e et complexe.<\/p>\n","protected":false},"featured_media":14947,"comment_status":"open","ping_status":"closed","template":"","meta":{"inline_featured_image":false},"product_cat":[204,143],"product_tag":[],"class_list":{"0":"post-14946","1":"product","2":"type-product","3":"status-publish","4":"has-post-thumbnail","6":"product_cat-francais","7":"product_cat-roman","8":"pa_auteurs-olivier-adam","10":"first","11":"instock","12":"shipping-taxable","13":"purchasable","14":"product-type-simple"},"_links":{"self":[{"href":"https:\/\/baralivres.ma\/index.php?rest_route=\/wp\/v2\/product\/14946","targetHints":{"allow":["GET"]}}],"collection":[{"href":"https:\/\/baralivres.ma\/index.php?rest_route=\/wp\/v2\/product"}],"about":[{"href":"https:\/\/baralivres.ma\/index.php?rest_route=\/wp\/v2\/types\/product"}],"replies":[{"embeddable":true,"href":"https:\/\/baralivres.ma\/index.php?rest_route=%2Fwp%2Fv2%2Fcomments&post=14946"}],"version-history":[{"count":1,"href":"https:\/\/baralivres.ma\/index.php?rest_route=\/wp\/v2\/product\/14946\/revisions"}],"predecessor-version":[{"id":14948,"href":"https:\/\/baralivres.ma\/index.php?rest_route=\/wp\/v2\/product\/14946\/revisions\/14948"}],"wp:featuredmedia":[{"embeddable":true,"href":"https:\/\/baralivres.ma\/index.php?rest_route=\/wp\/v2\/media\/14947"}],"wp:attachment":[{"href":"https:\/\/baralivres.ma\/index.php?rest_route=%2Fwp%2Fv2%2Fmedia&parent=14946"}],"wp:term":[{"taxonomy":"product_cat","embeddable":true,"href":"https:\/\/baralivres.ma\/index.php?rest_route=%2Fwp%2Fv2%2Fproduct_cat&post=14946"},{"taxonomy":"product_tag","embeddable":true,"href":"https:\/\/baralivres.ma\/index.php?rest_route=%2Fwp%2Fv2%2Fproduct_tag&post=14946"}],"curies":[{"name":"wp","href":"https:\/\/api.w.org\/{rel}","templated":true}]}}