{"id":14924,"date":"2023-10-27T10:27:45","date_gmt":"2023-10-27T09:27:45","guid":{"rendered":"https:\/\/baralivres.ma\/?post_type=product&#038;p=14924"},"modified":"2023-10-27T10:27:45","modified_gmt":"2023-10-27T09:27:45","slug":"capital-et-ideologie","status":"publish","type":"product","link":"https:\/\/baralivres.ma\/?product=capital-et-ideologie","title":{"rendered":"Capital et id\u00e9ologie"},"content":{"rendered":"<p>Ce livre, bas\u00e9 sur des donn\u00e9es comparatives approfondies, explore l&rsquo;histoire des r\u00e9gimes in\u00e9galitaires, de l&rsquo;Antiquit\u00e9 \u00e0 nos jours. Il remet en question la glorification de la propri\u00e9t\u00e9 en montrant que l&rsquo;\u00e9galit\u00e9 et l&rsquo;\u00e9ducation ont favoris\u00e9 le d\u00e9veloppement \u00e9conomique et le progr\u00e8s humain. En utilisant les enseignements de l&rsquo;histoire globale, l&rsquo;auteur propose un socialisme participatif pour le XXIe si\u00e8cle, mettant en avant l&rsquo;\u00e9galit\u00e9, la propri\u00e9t\u00e9 sociale, l&rsquo;\u00e9ducation, le partage des savoirs et du pouvoir. Thomas Piketty, directeur d&rsquo;\u00e9tudes \u00e0 l&rsquo;\u00c9cole des hautes \u00e9tudes en sciences sociales et professeur \u00e0 l&rsquo;\u00c9cole d&rsquo;\u00e9conomie de Paris, est l&rsquo;auteur du \u00ab\u00a0Capital au XXIe si\u00e8cle\u00a0\u00bb et d'\u00a0\u00bbUne br\u00e8ve histoire de l&rsquo;\u00e9galit\u00e9\u00a0\u00bb.<\/p>\n","protected":false},"excerpt":{"rendered":"<p>Thomas Piketty explore l&rsquo;histoire des in\u00e9galit\u00e9s, de l&rsquo;Antiquit\u00e9 \u00e0 nos jours, remettant en question la sacralisation de la propri\u00e9t\u00e9.<\/p>\n","protected":false},"featured_media":14925,"comment_status":"open","ping_status":"closed","template":"","meta":{"inline_featured_image":false},"product_cat":[204,143],"product_tag":[],"class_list":{"0":"post-14924","1":"product","2":"type-product","3":"status-publish","4":"has-post-thumbnail","6":"product_cat-francais","7":"product_cat-roman","8":"pa_auteurs-thomas-piketty","10":"first","11":"instock","12":"shipping-taxable","13":"purchasable","14":"product-type-simple"},"_links":{"self":[{"href":"https:\/\/baralivres.ma\/index.php?rest_route=\/wp\/v2\/product\/14924","targetHints":{"allow":["GET"]}}],"collection":[{"href":"https:\/\/baralivres.ma\/index.php?rest_route=\/wp\/v2\/product"}],"about":[{"href":"https:\/\/baralivres.ma\/index.php?rest_route=\/wp\/v2\/types\/product"}],"replies":[{"embeddable":true,"href":"https:\/\/baralivres.ma\/index.php?rest_route=%2Fwp%2Fv2%2Fcomments&post=14924"}],"version-history":[{"count":1,"href":"https:\/\/baralivres.ma\/index.php?rest_route=\/wp\/v2\/product\/14924\/revisions"}],"predecessor-version":[{"id":14926,"href":"https:\/\/baralivres.ma\/index.php?rest_route=\/wp\/v2\/product\/14924\/revisions\/14926"}],"wp:featuredmedia":[{"embeddable":true,"href":"https:\/\/baralivres.ma\/index.php?rest_route=\/wp\/v2\/media\/14925"}],"wp:attachment":[{"href":"https:\/\/baralivres.ma\/index.php?rest_route=%2Fwp%2Fv2%2Fmedia&parent=14924"}],"wp:term":[{"taxonomy":"product_cat","embeddable":true,"href":"https:\/\/baralivres.ma\/index.php?rest_route=%2Fwp%2Fv2%2Fproduct_cat&post=14924"},{"taxonomy":"product_tag","embeddable":true,"href":"https:\/\/baralivres.ma\/index.php?rest_route=%2Fwp%2Fv2%2Fproduct_tag&post=14924"}],"curies":[{"name":"wp","href":"https:\/\/api.w.org\/{rel}","templated":true}]}}