{"id":14871,"date":"2023-10-27T09:45:10","date_gmt":"2023-10-27T08:45:10","guid":{"rendered":"https:\/\/baralivres.ma\/?post_type=product&#038;p=14871"},"modified":"2023-10-27T09:50:57","modified_gmt":"2023-10-27T08:50:57","slug":"jai-vendu-mon-ame-en-bitcoins","status":"publish","type":"product","link":"https:\/\/baralivres.ma\/?product=jai-vendu-mon-ame-en-bitcoins","title":{"rendered":"J&rsquo;ai vendu mon \u00e2me en bitcoins"},"content":{"rendered":"<div class=\"flex-1 overflow-hidden\">\n<div class=\"react-scroll-to-bottom--css-pnmdz-79elbk h-full\">\n<div class=\"react-scroll-to-bottom--css-pnmdz-1n7m0yu\">\n<div class=\"flex flex-col text-sm gizmo:pb-9 dark:bg-gray-800 gizmo:dark:bg-transparent\">\n<div class=\"group w-full text-token-text-primary border-b border-black\/10 gizmo:border-0 dark:border-gray-900\/50 gizmo:dark:border-0 bg-gray-50 gizmo:bg-transparent dark:bg-[#444654] gizmo:dark:bg-transparent\" data-testid=\"conversation-turn-23\">\n<div class=\"p-4 gizmo:py-2 justify-center text-base md:gap-6 md:py-6 m-auto\">\n<div class=\"flex flex-1 gap-4 text-base mx-auto md:gap-6 gizmo:gap-3 gizmo:md:px-5 gizmo:lg:px-1 gizmo:xl:px-5 md:max-w-2xl lg:max-w-[38rem] gizmo:md:max-w-3xl gizmo:lg:max-w-[40rem] gizmo:xl:max-w-[48rem] xl:max-w-3xl }\">\n<div class=\"relative flex w-[calc(100%-50px)] flex-col gizmo:w-full lg:w-[calc(100%-115px)] agent-turn\">\n<div class=\"flex-col gap-1 md:gap-3\">\n<div class=\"flex flex-grow flex-col gap-3 max-w-full\">\n<div class=\"min-h-[20px] flex flex-col items-start gap-3 whitespace-pre-wrap break-words overflow-x-auto\" data-message-author-role=\"assistant\" data-message-id=\"3635f640-a1a6-4819-8d92-2ca692de44ab\">\n<div class=\"markdown prose w-full break-words dark:prose-invert light\">\n<p>\u00ab\u00a0Le Point\u00a0\u00bb d\u00e9crit l&rsquo;intrigue avec une multitude de personnages louches, rappelant Raymond Chandler avec une touche de cybercriminalit\u00e9 et de grand banditisme.<\/p>\n<p>En 2014, Jake Adelstein se penche sur le scandale de Mt. Gox, une plateforme d&rsquo;\u00e9change de bitcoins bas\u00e9e \u00e0 Tokyo, o\u00f9 la disparition de 850 000 bitcoins (d&rsquo;une valeur de 500 millions de dollars) pointe du doigt Mark Karpel\u00e8s, le dirigeant. L&rsquo;affaire se transforme en une immense enqu\u00eate criminelle, offrant un r\u00e9cit aussi palpitant qu&rsquo;un roman noir.<\/p>\n<p>Jake Adelstein, journaliste pour le principal quotidien japonais, le Yomiuri Shinbun, se sp\u00e9cialise dans la couverture des affaires li\u00e9es \u00e0 la corruption. Il a d\u00e9j\u00e0 publi\u00e9 deux ouvrages \u00e0 succ\u00e8s chez Points : \u00ab\u00a0Tokyo Vice\u00a0\u00bb et \u00ab\u00a0Le Dernier des Yakuzas.\u00a0\u00bb<\/p>\n<p>La traduction de l&rsquo;anglais (\u00c9tats-Unis) vers le fran\u00e7ais a \u00e9t\u00e9 r\u00e9alis\u00e9e par Cyril Gay.<\/p>\n<\/div>\n<\/div>\n<\/div>\n<div class=\"flex justify-between empty:hidden gizmo:justify-start gizmo:gap-3 lg:block gizmo:lg:flex\">\n<div class=\"text-gray-400 flex self-end lg:self-center justify-center gizmo:lg:justify-start mt-2 gizmo:mt-0 visible lg:gap-1 lg:absolute lg:top-0 lg:translate-x-full lg:right-0 lg:mt-0 lg:pl-2 gap-2 md:gap-3\">\n<p>&nbsp;<\/p>\n<div class=\"flex gap-1\"><\/div>\n<\/div>\n<\/div>\n<\/div>\n<\/div>\n<\/div>\n<\/div>\n<\/div>\n<div class=\"h-36 md:h-48 flex-shrink-0\"><\/div>\n<\/div>\n<\/div>\n<\/div>\n<\/div>\n<div class=\"w-full pt-2 md:pt-0 border-t md:border-t-0 dark:border-white\/20 md:border-transparent md:dark:border-transparent md:pl-2 gizmo:pl-0 gizmo:md:pl-0 md:w-[calc(100%-.5rem)] absolute bottom-0 left-0 md:bg-vert-light-gradient bg-white dark:bg-gray-800 md:!bg-transparent dark:md:bg-vert-dark-gradient\">\n<div class=\"relative flex h-full flex-1 items-stretch md:flex-col\">\n<div>\n<div class=\"h-full flex ml-1 md:w-full md:m-auto md:mb-4 gap-0 md:gap-2 justify-center\"><\/div>\n<\/div>\n<\/div>\n<\/div>\n","protected":false},"excerpt":{"rendered":"<p>Enqu\u00eate sur la disparition de bitcoins \u00e0 Mt. Gox par Jake Adelstein, rappelant un roman noir.<\/p>\n","protected":false},"featured_media":14875,"comment_status":"open","ping_status":"closed","template":"","meta":{"inline_featured_image":false},"product_cat":[204,143],"product_tag":[],"class_list":{"0":"post-14871","1":"product","2":"type-product","3":"status-publish","4":"has-post-thumbnail","6":"product_cat-francais","7":"product_cat-roman","8":"pa_auteurs-jake-adelstein","10":"first","11":"instock","12":"shipping-taxable","13":"purchasable","14":"product-type-simple"},"_links":{"self":[{"href":"https:\/\/baralivres.ma\/index.php?rest_route=\/wp\/v2\/product\/14871","targetHints":{"allow":["GET"]}}],"collection":[{"href":"https:\/\/baralivres.ma\/index.php?rest_route=\/wp\/v2\/product"}],"about":[{"href":"https:\/\/baralivres.ma\/index.php?rest_route=\/wp\/v2\/types\/product"}],"replies":[{"embeddable":true,"href":"https:\/\/baralivres.ma\/index.php?rest_route=%2Fwp%2Fv2%2Fcomments&post=14871"}],"version-history":[{"count":2,"href":"https:\/\/baralivres.ma\/index.php?rest_route=\/wp\/v2\/product\/14871\/revisions"}],"predecessor-version":[{"id":14884,"href":"https:\/\/baralivres.ma\/index.php?rest_route=\/wp\/v2\/product\/14871\/revisions\/14884"}],"wp:featuredmedia":[{"embeddable":true,"href":"https:\/\/baralivres.ma\/index.php?rest_route=\/wp\/v2\/media\/14875"}],"wp:attachment":[{"href":"https:\/\/baralivres.ma\/index.php?rest_route=%2Fwp%2Fv2%2Fmedia&parent=14871"}],"wp:term":[{"taxonomy":"product_cat","embeddable":true,"href":"https:\/\/baralivres.ma\/index.php?rest_route=%2Fwp%2Fv2%2Fproduct_cat&post=14871"},{"taxonomy":"product_tag","embeddable":true,"href":"https:\/\/baralivres.ma\/index.php?rest_route=%2Fwp%2Fv2%2Fproduct_tag&post=14871"}],"curies":[{"name":"wp","href":"https:\/\/api.w.org\/{rel}","templated":true}]}}