{"id":14813,"date":"2023-10-27T00:30:30","date_gmt":"2023-10-26T23:30:30","guid":{"rendered":"https:\/\/baralivres.ma\/?post_type=product&#038;p=14813"},"modified":"2023-10-27T00:30:30","modified_gmt":"2023-10-26T23:30:30","slug":"jai-tue-scheherazade","status":"publish","type":"product","link":"https:\/\/baralivres.ma\/?product=jai-tue-scheherazade","title":{"rendered":"J&rsquo;ai tu\u00e9 Sch\u00e9h\u00e9razade"},"content":{"rendered":"<p>En entrem\u00ealant des \u00e9l\u00e9ments tels que des r\u00e9cits personnels, des r\u00e9flexions profondes, des vers po\u00e9tiques et des appels passionn\u00e9s, la po\u00e9tesse libanaise, qui occupe les fonctions de secr\u00e9taire g\u00e9n\u00e9rale du Booker Prize arabe et de responsable des rubriques culturelles du quotidien \u00ab\u00a0An-Nahar\u00a0\u00bb ainsi que du magazine \u00ab\u00a0JASAD\u00a0\u00bb, offre une superbe repr\u00e9sentation du nouveau mouvement f\u00e9ministe au sein du monde arabe. Dans \u00ab\u00a0Tuer Sch\u00e9h\u00e9razade\u00a0\u00bb, elle nous invite \u00e0 vivre et penser en tant que femmes libres, \u00e0 la fois arabes et \u00e9mancip\u00e9es, repr\u00e9sentant un groupe nombreux mais trop souvent n\u00e9glig\u00e9 que l&rsquo;on s&#8217;emp\u00eache de reconna\u00eetre ou d&rsquo;\u00e9couter.<\/p>\n","protected":false},"excerpt":{"rendered":"<p>La po\u00e9tesse libanaise m\u00eale po\u00e9sie, r\u00e9flexion, et t\u00e9moignage pour incarner le nouveau f\u00e9minisme arabe dans \u00ab\u00a0Tuer Sch\u00e9h\u00e9razade\u00a0\u00bb.<\/p>\n","protected":false},"featured_media":14815,"comment_status":"open","ping_status":"closed","template":"","meta":{"inline_featured_image":false},"product_cat":[204,143],"product_tag":[],"class_list":{"0":"post-14813","1":"product","2":"type-product","3":"status-publish","4":"has-post-thumbnail","6":"product_cat-francais","7":"product_cat-roman","8":"pa_auteurs-joumana-haddad","10":"first","11":"instock","12":"shipping-taxable","13":"purchasable","14":"product-type-simple"},"_links":{"self":[{"href":"https:\/\/baralivres.ma\/index.php?rest_route=\/wp\/v2\/product\/14813","targetHints":{"allow":["GET"]}}],"collection":[{"href":"https:\/\/baralivres.ma\/index.php?rest_route=\/wp\/v2\/product"}],"about":[{"href":"https:\/\/baralivres.ma\/index.php?rest_route=\/wp\/v2\/types\/product"}],"replies":[{"embeddable":true,"href":"https:\/\/baralivres.ma\/index.php?rest_route=%2Fwp%2Fv2%2Fcomments&post=14813"}],"version-history":[{"count":1,"href":"https:\/\/baralivres.ma\/index.php?rest_route=\/wp\/v2\/product\/14813\/revisions"}],"predecessor-version":[{"id":14816,"href":"https:\/\/baralivres.ma\/index.php?rest_route=\/wp\/v2\/product\/14813\/revisions\/14816"}],"wp:featuredmedia":[{"embeddable":true,"href":"https:\/\/baralivres.ma\/index.php?rest_route=\/wp\/v2\/media\/14815"}],"wp:attachment":[{"href":"https:\/\/baralivres.ma\/index.php?rest_route=%2Fwp%2Fv2%2Fmedia&parent=14813"}],"wp:term":[{"taxonomy":"product_cat","embeddable":true,"href":"https:\/\/baralivres.ma\/index.php?rest_route=%2Fwp%2Fv2%2Fproduct_cat&post=14813"},{"taxonomy":"product_tag","embeddable":true,"href":"https:\/\/baralivres.ma\/index.php?rest_route=%2Fwp%2Fv2%2Fproduct_tag&post=14813"}],"curies":[{"name":"wp","href":"https:\/\/api.w.org\/{rel}","templated":true}]}}