{"id":14801,"date":"2023-10-26T23:43:53","date_gmt":"2023-10-26T22:43:53","guid":{"rendered":"https:\/\/baralivres.ma\/?post_type=product&#038;p=14801"},"modified":"2023-11-07T12:21:32","modified_gmt":"2023-11-07T11:21:32","slug":"zabor","status":"publish","type":"product","link":"https:\/\/baralivres.ma\/?product=zabor","title":{"rendered":"Zabor"},"content":{"rendered":"<p>Orphelin de m\u00e8re, rejet\u00e9 par son p\u00e8re remari\u00e9, \u00e9lev\u00e9 par une tante c\u00e9libataire et un grand-p\u00e8re silencieux, Zabor avait une enfance hors du commun. Il a grandi loin de son village, aux confins du d\u00e9sert, dormant le jour et errant la nuit. Il \u00e9tait un enfant solitaire, trouvant refuge dans les quelques romans d&rsquo;une biblioth\u00e8que poussi\u00e9reuse qui donnaient un sens \u00e0 sa vie. Tr\u00e8s t\u00f4t, il a d\u00e9couvert un don particulier : sa capacit\u00e9 \u00e0 repousser la mort en \u00e9crivant, en enfermant les gens dans ses mots, leur offrant ainsi un sursis.<\/p>\n<p>Ce soir-l\u00e0, un demi-fr\u00e8re qu&rsquo;il d\u00e9teste frappe \u00e0 sa porte : leur p\u00e8re est mourant, et peut-\u00eatre que Zabor est le seul capable de retarder l&rsquo;in\u00e9vitable. Cependant, se sent-il oblig\u00e9 de prolonger la vie d&rsquo;un homme qui ne l&rsquo;a jamais aim\u00e9 ?<\/p>\n<p>Le deuxi\u00e8me roman de Kamel Daoud est une fable, une parabole, une confession vertigineuse. Il c\u00e9l\u00e8bre la n\u00e9cessit\u00e9 impertinente de la fiction en confrontant les textes sacr\u00e9s \u00e0 la libert\u00e9 de la cr\u00e9ation. Tel une Sh\u00e9h\u00e9razade ultime et parfaite, Zabor \u00e9chappe au vide en sauvant les autres gr\u00e2ce au pouvoir supr\u00eame de l&rsquo;\u00e9criture, en r\u00e9v\u00e9lant la v\u00e9rit\u00e9 iconoclaste de l&rsquo;imagination.<\/p>\n","protected":false},"excerpt":{"rendered":"<div class=\"group final-completion w-full text-token-text-primary border-b border-black\/10 gizmo:border-0 dark:border-gray-900\/50 gizmo:dark:border-0 bg-gray-50 gizmo:bg-transparent dark:bg-[#444654] gizmo:dark:bg-transparent\" data-testid=\"conversation-turn-5\">\n<div class=\"p-4 gizmo:py-2 justify-center text-base md:gap-6 md:py-6 m-auto\">\n<div class=\"flex flex-1 gap-4 text-base mx-auto md:gap-6 gizmo:gap-3 gizmo:md:px-5 gizmo:lg:px-1 gizmo:xl:px-5 md:max-w-2xl lg:max-w-[38rem] gizmo:md:max-w-3xl gizmo:lg:max-w-[40rem] gizmo:xl:max-w-[48rem] xl:max-w-3xl }\">\n<div class=\"relative flex w-[calc(100%-50px)] flex-col gizmo:w-full lg:w-[calc(100%-115px)] agent-turn\">\n<div class=\"flex-col gap-1 md:gap-3\">\n<div class=\"flex flex-grow flex-col gap-3 max-w-full\">\n<div class=\"min-h-[20px] flex flex-col items-start gap-3 whitespace-pre-wrap break-words overflow-x-auto\" data-message-author-role=\"assistant\" data-message-id=\"2d73f8e9-d59e-4147-b437-e002bbc258ac\">\n<div class=\"markdown prose w-full break-words dark:prose-invert dark\">\n<p>Enfant solitaire, Zabor repousse la mort par l&rsquo;\u00e9criture, confront\u00e9 \u00e0 la vie de son p\u00e8re mourant.<\/p>\n<\/div>\n<\/div>\n<\/div>\n<\/div>\n<\/div>\n<\/div>\n<\/div>\n<\/div>\n","protected":false},"featured_media":14802,"comment_status":"open","ping_status":"closed","template":"","meta":{"inline_featured_image":false},"product_cat":[204,143],"product_tag":[],"class_list":{"0":"post-14801","1":"product","2":"type-product","3":"status-publish","4":"has-post-thumbnail","6":"product_cat-francais","7":"product_cat-roman","8":"pa_auteurs-kamel-daoud","10":"first","11":"instock","12":"shipping-taxable","13":"purchasable","14":"product-type-simple"},"_links":{"self":[{"href":"https:\/\/baralivres.ma\/index.php?rest_route=\/wp\/v2\/product\/14801","targetHints":{"allow":["GET"]}}],"collection":[{"href":"https:\/\/baralivres.ma\/index.php?rest_route=\/wp\/v2\/product"}],"about":[{"href":"https:\/\/baralivres.ma\/index.php?rest_route=\/wp\/v2\/types\/product"}],"replies":[{"embeddable":true,"href":"https:\/\/baralivres.ma\/index.php?rest_route=%2Fwp%2Fv2%2Fcomments&post=14801"}],"version-history":[{"count":1,"href":"https:\/\/baralivres.ma\/index.php?rest_route=\/wp\/v2\/product\/14801\/revisions"}],"predecessor-version":[{"id":14803,"href":"https:\/\/baralivres.ma\/index.php?rest_route=\/wp\/v2\/product\/14801\/revisions\/14803"}],"wp:featuredmedia":[{"embeddable":true,"href":"https:\/\/baralivres.ma\/index.php?rest_route=\/wp\/v2\/media\/14802"}],"wp:attachment":[{"href":"https:\/\/baralivres.ma\/index.php?rest_route=%2Fwp%2Fv2%2Fmedia&parent=14801"}],"wp:term":[{"taxonomy":"product_cat","embeddable":true,"href":"https:\/\/baralivres.ma\/index.php?rest_route=%2Fwp%2Fv2%2Fproduct_cat&post=14801"},{"taxonomy":"product_tag","embeddable":true,"href":"https:\/\/baralivres.ma\/index.php?rest_route=%2Fwp%2Fv2%2Fproduct_tag&post=14801"}],"curies":[{"name":"wp","href":"https:\/\/api.w.org\/{rel}","templated":true}]}}