{"id":14756,"date":"2023-10-26T17:39:54","date_gmt":"2023-10-26T16:39:54","guid":{"rendered":"https:\/\/baralivres.ma\/?post_type=product&#038;p=14756"},"modified":"2025-02-20T11:47:22","modified_gmt":"2025-02-20T10:47:22","slug":"le-tabernacle-des-lumieres","status":"publish","type":"product","link":"https:\/\/baralivres.ma\/?product=le-tabernacle-des-lumieres","title":{"rendered":"Le Tabernacle des lumi\u00e8res"},"content":{"rendered":"<p>\u00c0 la demande d&rsquo;un ami, Ghazali, un ma\u00eetre spirituel et penseur islamique renomm\u00e9, a comment\u00e9 un verset coranique particulier, le verset XXIV, 35, qui traite de la Lumi\u00e8re. Ce commentaire se pr\u00e9sente sous la forme d&rsquo;un petit trait\u00e9 de mystique soufie, une v\u00e9ritable introduction \u00e0 la spiritualit\u00e9 musulmane.<\/p>\n<p>Ce texte, \u00e9crit par Ghazali au 11e si\u00e8cle, est consid\u00e9r\u00e9 comme une \u0153uvre majeure dans la tradition mystique islamique. Il explore des concepts de lumi\u00e8re, de connaissance divine, et de la recherche de l&rsquo;illumination spirituelle. Ghazali explique comment la lumi\u00e8re divine \u00e9claire la vie des croyants et les guide sur le chemin de la foi.<\/p>\n<p>La traduction de ce texte de l&rsquo;arabe en fran\u00e7ais, accompagn\u00e9e d&rsquo;introductions et de notes par Roger De Ladri\u00e8re, permet aux lecteurs francophones de plonger dans la mystique soufie et de mieux comprendre la spiritualit\u00e9 islamique.<\/p>\n<p>Ce trait\u00e9 apporte un \u00e9clairage sur les profondes r\u00e9flexions de Ghazali sur la foi, la connaissance et la qu\u00eate de la v\u00e9rit\u00e9 dans l&rsquo;islam. Il reste une \u0153uvre cl\u00e9 pour ceux qui cherchent \u00e0 approfondir leur compr\u00e9hension de la mystique islamique et de la spiritualit\u00e9 en g\u00e9n\u00e9ral.<\/p>\n","protected":false},"excerpt":{"rendered":"<p>\u00c0 la demande d&rsquo;un ami, Ghaz\u00e2l\u00ee commente un verset coranique sur la Lumi\u00e8re, offrant une introduction \u00e0 la mystique soufie.<\/p>\n","protected":false},"featured_media":14765,"comment_status":"open","ping_status":"closed","template":"","meta":{"inline_featured_image":false},"product_cat":[3725,3862,4214],"product_tag":[],"class_list":{"0":"post-14756","1":"product","2":"type-product","3":"status-publish","4":"has-post-thumbnail","6":"product_cat-litterature-religieuse","7":"product_cat-spiritualite","8":"product_cat-voyage-spirituel-pendant-le-ramadan","9":"pa_auteurs-ahmad-ghazali","11":"first","12":"instock","13":"shipping-taxable","14":"purchasable","15":"product-type-simple"},"_links":{"self":[{"href":"https:\/\/baralivres.ma\/index.php?rest_route=\/wp\/v2\/product\/14756","targetHints":{"allow":["GET"]}}],"collection":[{"href":"https:\/\/baralivres.ma\/index.php?rest_route=\/wp\/v2\/product"}],"about":[{"href":"https:\/\/baralivres.ma\/index.php?rest_route=\/wp\/v2\/types\/product"}],"replies":[{"embeddable":true,"href":"https:\/\/baralivres.ma\/index.php?rest_route=%2Fwp%2Fv2%2Fcomments&post=14756"}],"version-history":[{"count":1,"href":"https:\/\/baralivres.ma\/index.php?rest_route=\/wp\/v2\/product\/14756\/revisions"}],"predecessor-version":[{"id":14766,"href":"https:\/\/baralivres.ma\/index.php?rest_route=\/wp\/v2\/product\/14756\/revisions\/14766"}],"wp:featuredmedia":[{"embeddable":true,"href":"https:\/\/baralivres.ma\/index.php?rest_route=\/wp\/v2\/media\/14765"}],"wp:attachment":[{"href":"https:\/\/baralivres.ma\/index.php?rest_route=%2Fwp%2Fv2%2Fmedia&parent=14756"}],"wp:term":[{"taxonomy":"product_cat","embeddable":true,"href":"https:\/\/baralivres.ma\/index.php?rest_route=%2Fwp%2Fv2%2Fproduct_cat&post=14756"},{"taxonomy":"product_tag","embeddable":true,"href":"https:\/\/baralivres.ma\/index.php?rest_route=%2Fwp%2Fv2%2Fproduct_tag&post=14756"}],"curies":[{"name":"wp","href":"https:\/\/api.w.org\/{rel}","templated":true}]}}