{"id":14752,"date":"2023-10-26T17:37:09","date_gmt":"2023-10-26T16:37:09","guid":{"rendered":"https:\/\/baralivres.ma\/?post_type=product&#038;p=14752"},"modified":"2023-10-26T17:37:09","modified_gmt":"2023-10-26T16:37:09","slug":"saison-de-la-migration-vers-le-nord","status":"publish","type":"product","link":"https:\/\/baralivres.ma\/?product=saison-de-la-migration-vers-le-nord","title":{"rendered":"Saison de la migration vers le Nord"},"content":{"rendered":"<p>En \u00e9quilibre entre les traditions ancestrales et l&rsquo;influence du monde contemporain, le quotidien d&rsquo;un village soudanais et de ses r\u00e9sidents, des individus au caract\u00e8re marqu\u00e9.<\/p>\n","protected":false},"excerpt":{"rendered":"<p>Vie d&rsquo;un village soudanais oscillant entre traditions ancestrales et modernit\u00e9, peupl\u00e9e de personnages singuliers.<\/p>\n","protected":false},"featured_media":14758,"comment_status":"open","ping_status":"closed","template":"","meta":{"inline_featured_image":false},"product_cat":[204,143],"product_tag":[],"class_list":{"0":"post-14752","1":"product","2":"type-product","3":"status-publish","4":"has-post-thumbnail","6":"product_cat-francais","7":"product_cat-roman","8":"pa_auteurs-tayeb-salih","10":"first","11":"instock","12":"shipping-taxable","13":"purchasable","14":"product-type-simple"},"_links":{"self":[{"href":"https:\/\/baralivres.ma\/index.php?rest_route=\/wp\/v2\/product\/14752","targetHints":{"allow":["GET"]}}],"collection":[{"href":"https:\/\/baralivres.ma\/index.php?rest_route=\/wp\/v2\/product"}],"about":[{"href":"https:\/\/baralivres.ma\/index.php?rest_route=\/wp\/v2\/types\/product"}],"replies":[{"embeddable":true,"href":"https:\/\/baralivres.ma\/index.php?rest_route=%2Fwp%2Fv2%2Fcomments&post=14752"}],"version-history":[{"count":1,"href":"https:\/\/baralivres.ma\/index.php?rest_route=\/wp\/v2\/product\/14752\/revisions"}],"predecessor-version":[{"id":14759,"href":"https:\/\/baralivres.ma\/index.php?rest_route=\/wp\/v2\/product\/14752\/revisions\/14759"}],"wp:featuredmedia":[{"embeddable":true,"href":"https:\/\/baralivres.ma\/index.php?rest_route=\/wp\/v2\/media\/14758"}],"wp:attachment":[{"href":"https:\/\/baralivres.ma\/index.php?rest_route=%2Fwp%2Fv2%2Fmedia&parent=14752"}],"wp:term":[{"taxonomy":"product_cat","embeddable":true,"href":"https:\/\/baralivres.ma\/index.php?rest_route=%2Fwp%2Fv2%2Fproduct_cat&post=14752"},{"taxonomy":"product_tag","embeddable":true,"href":"https:\/\/baralivres.ma\/index.php?rest_route=%2Fwp%2Fv2%2Fproduct_tag&post=14752"}],"curies":[{"name":"wp","href":"https:\/\/api.w.org\/{rel}","templated":true}]}}