{"id":14649,"date":"2023-10-26T16:13:22","date_gmt":"2023-10-26T15:13:22","guid":{"rendered":"https:\/\/baralivres.ma\/?post_type=product&#038;p=14649"},"modified":"2023-10-26T16:13:23","modified_gmt":"2023-10-26T15:13:23","slug":"moha-le-fou-moha-le-sage","status":"publish","type":"product","link":"https:\/\/baralivres.ma\/?product=moha-le-fou-moha-le-sage","title":{"rendered":"Moha le fou, Moha le sage"},"content":{"rendered":"<p>Moha, une figure embl\u00e9matique au Maghreb, est reconnu pour ses performances publiques o\u00f9 il d\u00e9clame de la po\u00e9sie, d\u00e9chire des billets de banque devant une banque, interpelle des technocrates et des psychiatres, explore les secrets de l&rsquo;esclavage, et communique avec les exclus de la soci\u00e9t\u00e9. Sa parole, source de tradition et de v\u00e9rit\u00e9, demeure in\u00e9puisable. Il incarne un chant po\u00e9tique qui r\u00e9v\u00e8le des facettes de la soci\u00e9t\u00e9 maghr\u00e9bine. Tahar Ben Jelloun, \u00e9crivain marocain francophone acclam\u00e9, nous plonge dans cet univers po\u00e9tique fascinant, d\u00e9voilant des histoires l\u00e9gendaires en perp\u00e9tuelle r\u00e9currence.<\/p>\n","protected":false},"excerpt":{"rendered":"<p>Moha, le po\u00e8te maghr\u00e9bin, c\u00e9l\u00e8bre pour ses d\u00e9clarations en public, livre des v\u00e9rit\u00e9s et traditions de la soci\u00e9t\u00e9.<\/p>\n","protected":false},"featured_media":14651,"comment_status":"open","ping_status":"closed","template":"","meta":{"inline_featured_image":false},"product_cat":[204,143],"product_tag":[],"class_list":{"0":"post-14649","1":"product","2":"type-product","3":"status-publish","4":"has-post-thumbnail","6":"product_cat-francais","7":"product_cat-roman","8":"pa_auteurs-tahar-ben-jelloun","10":"first","11":"instock","12":"shipping-taxable","13":"purchasable","14":"product-type-simple"},"_links":{"self":[{"href":"https:\/\/baralivres.ma\/index.php?rest_route=\/wp\/v2\/product\/14649","targetHints":{"allow":["GET"]}}],"collection":[{"href":"https:\/\/baralivres.ma\/index.php?rest_route=\/wp\/v2\/product"}],"about":[{"href":"https:\/\/baralivres.ma\/index.php?rest_route=\/wp\/v2\/types\/product"}],"replies":[{"embeddable":true,"href":"https:\/\/baralivres.ma\/index.php?rest_route=%2Fwp%2Fv2%2Fcomments&post=14649"}],"version-history":[{"count":1,"href":"https:\/\/baralivres.ma\/index.php?rest_route=\/wp\/v2\/product\/14649\/revisions"}],"predecessor-version":[{"id":14652,"href":"https:\/\/baralivres.ma\/index.php?rest_route=\/wp\/v2\/product\/14649\/revisions\/14652"}],"wp:featuredmedia":[{"embeddable":true,"href":"https:\/\/baralivres.ma\/index.php?rest_route=\/wp\/v2\/media\/14651"}],"wp:attachment":[{"href":"https:\/\/baralivres.ma\/index.php?rest_route=%2Fwp%2Fv2%2Fmedia&parent=14649"}],"wp:term":[{"taxonomy":"product_cat","embeddable":true,"href":"https:\/\/baralivres.ma\/index.php?rest_route=%2Fwp%2Fv2%2Fproduct_cat&post=14649"},{"taxonomy":"product_tag","embeddable":true,"href":"https:\/\/baralivres.ma\/index.php?rest_route=%2Fwp%2Fv2%2Fproduct_tag&post=14649"}],"curies":[{"name":"wp","href":"https:\/\/api.w.org\/{rel}","templated":true}]}}