{"id":14603,"date":"2023-10-26T15:29:04","date_gmt":"2023-10-26T14:29:04","guid":{"rendered":"https:\/\/baralivres.ma\/?post_type=product&#038;p=14603"},"modified":"2024-11-18T13:59:24","modified_gmt":"2024-11-18T12:59:24","slug":"averroes-ou-le-secretaire-du-diable","status":"publish","type":"product","link":"https:\/\/baralivres.ma\/?product=averroes-ou-le-secretaire-du-diable","title":{"rendered":"Averro\u00e8s ou Le secr\u00e9taire du diable"},"content":{"rendered":"<p>N\u00e9 en 1126 \u00e0 Cordoue, Averro\u00e8s a eu une vie marqu\u00e9e par des hauts et des bas, alternant entre la c\u00e9l\u00e9brit\u00e9 et la disgr\u00e2ce, entre le respect des puissants et l&rsquo;exil dans la clandestinit\u00e9. Il a laiss\u00e9 une empreinte ind\u00e9l\u00e9bile sur l&rsquo;histoire de l&rsquo;Andalousie musulmane, mais a d\u00fb payer un lourd tribut pour ses id\u00e9es audacieuses. Ses pens\u00e9es ont \u00e9t\u00e9 vivement critiqu\u00e9es, tant par l&rsquo;\u00c9glise que par les th\u00e9ologiens musulmans, car il osait aborder la foi par la raison, remettre en question les dogmes et l&rsquo;usage des textes sacr\u00e9s. Rejet\u00e9, menac\u00e9 et finalement d\u00e9c\u00e9d\u00e9 dans un climat d&rsquo;hostilit\u00e9 \u00e0 Marrakech, Averro\u00e8s demeurait un paria. Pourtant, des si\u00e8cles plus tard, son \u0153uvre continue de briller avec une vitalit\u00e9 sans pareille. Cette biographie romanc\u00e9e, laur\u00e9ate du Prix de la Griffe Noire en 2017, offre une plong\u00e9e riche et captivante dans la vie d&rsquo;un des penseurs les plus embl\u00e9matiques de l&rsquo;histoire, gr\u00e2ce au talent litt\u00e9raire de Gilbert Sinou\u00e9.<\/p>\n","protected":false},"excerpt":{"rendered":"<p>Averro\u00e8s, n\u00e9 en 1126 \u00e0 Cordoue, a d\u00e9fi\u00e9 dogmes religieux, suscitant controverses, exil et finalement admiration posthume.<\/p>\n","protected":false},"featured_media":14607,"comment_status":"open","ping_status":"closed","template":"","meta":{"inline_featured_image":false},"product_cat":[203,204,143],"product_tag":[],"class_list":{"0":"post-14603","1":"product","2":"type-product","3":"status-publish","4":"has-post-thumbnail","6":"product_cat-adolescente","7":"product_cat-francais","8":"product_cat-roman","9":"pa_auteurs-gilbert-sinoue","11":"first","12":"instock","13":"shipping-taxable","14":"purchasable","15":"product-type-simple"},"_links":{"self":[{"href":"https:\/\/baralivres.ma\/index.php?rest_route=\/wp\/v2\/product\/14603","targetHints":{"allow":["GET"]}}],"collection":[{"href":"https:\/\/baralivres.ma\/index.php?rest_route=\/wp\/v2\/product"}],"about":[{"href":"https:\/\/baralivres.ma\/index.php?rest_route=\/wp\/v2\/types\/product"}],"replies":[{"embeddable":true,"href":"https:\/\/baralivres.ma\/index.php?rest_route=%2Fwp%2Fv2%2Fcomments&post=14603"}],"version-history":[{"count":1,"href":"https:\/\/baralivres.ma\/index.php?rest_route=\/wp\/v2\/product\/14603\/revisions"}],"predecessor-version":[{"id":14608,"href":"https:\/\/baralivres.ma\/index.php?rest_route=\/wp\/v2\/product\/14603\/revisions\/14608"}],"wp:featuredmedia":[{"embeddable":true,"href":"https:\/\/baralivres.ma\/index.php?rest_route=\/wp\/v2\/media\/14607"}],"wp:attachment":[{"href":"https:\/\/baralivres.ma\/index.php?rest_route=%2Fwp%2Fv2%2Fmedia&parent=14603"}],"wp:term":[{"taxonomy":"product_cat","embeddable":true,"href":"https:\/\/baralivres.ma\/index.php?rest_route=%2Fwp%2Fv2%2Fproduct_cat&post=14603"},{"taxonomy":"product_tag","embeddable":true,"href":"https:\/\/baralivres.ma\/index.php?rest_route=%2Fwp%2Fv2%2Fproduct_tag&post=14603"}],"curies":[{"name":"wp","href":"https:\/\/api.w.org\/{rel}","templated":true}]}}