{"id":14545,"date":"2023-10-26T14:43:47","date_gmt":"2023-10-26T13:43:47","guid":{"rendered":"https:\/\/baralivres.ma\/?post_type=product&#038;p=14545"},"modified":"2023-10-26T14:43:47","modified_gmt":"2023-10-26T13:43:47","slug":"infidele","status":"publish","type":"product","link":"https:\/\/baralivres.ma\/?product=infidele","title":{"rendered":"Infid\u00e8le"},"content":{"rendered":"<p>Le 11 avril 1923, l&rsquo;\u00e9nigmatique disparition de Gretel Nissenbaum, accus\u00e9e d&rsquo;intrigues et d&rsquo;infid\u00e9lit\u00e9, laisse son mari et ses deux filles, Constance et Cornelia, dans l&rsquo;incertitude. Au fil des ann\u00e9es, les filles apprennent \u00e0 oublier et \u00e0 pardonner, et l&rsquo;une d&rsquo;entre elles pr\u00e9tend m\u00eame n&rsquo;avoir jamais ressenti de manque. Cependant, les cicatrices du pass\u00e9 et les myst\u00e8res non r\u00e9solus continuent de les hanter. L&rsquo;autrice Joyce Carol Oates, n\u00e9e en 1938 et membre de l&rsquo;Acad\u00e9mie des Arts et des Lettres, est une \u00e9crivaine prolifique renomm\u00e9e \u00e0 l&rsquo;\u00e9chelle mondiale, laur\u00e9ate de nombreux prix litt\u00e9raires. Ses \u0153uvres, dont \u00ab\u00a0Les Chutes\u00a0\u00bb, \u00ab\u00a0Mudwoman\u00a0\u00bb et \u00ab\u00a0Maudits\u00a0\u00bb, sont disponibles en format Poche.<\/p>\n","protected":false},"excerpt":{"rendered":"<p>Le 11 avril 1923, Gretel Nissenbaum dispara\u00eet myst\u00e9rieusement, laissant derri\u00e8re elle son mari et ses filles.<\/p>\n","protected":false},"featured_media":14551,"comment_status":"open","ping_status":"closed","template":"","meta":{"inline_featured_image":false},"product_cat":[204,143],"product_tag":[],"class_list":{"0":"post-14545","1":"product","2":"type-product","3":"status-publish","4":"has-post-thumbnail","6":"product_cat-francais","7":"product_cat-roman","8":"pa_auteurs-abdellah-taia","10":"first","11":"instock","12":"shipping-taxable","13":"purchasable","14":"product-type-simple"},"_links":{"self":[{"href":"https:\/\/baralivres.ma\/index.php?rest_route=\/wp\/v2\/product\/14545","targetHints":{"allow":["GET"]}}],"collection":[{"href":"https:\/\/baralivres.ma\/index.php?rest_route=\/wp\/v2\/product"}],"about":[{"href":"https:\/\/baralivres.ma\/index.php?rest_route=\/wp\/v2\/types\/product"}],"replies":[{"embeddable":true,"href":"https:\/\/baralivres.ma\/index.php?rest_route=%2Fwp%2Fv2%2Fcomments&post=14545"}],"version-history":[{"count":1,"href":"https:\/\/baralivres.ma\/index.php?rest_route=\/wp\/v2\/product\/14545\/revisions"}],"predecessor-version":[{"id":14552,"href":"https:\/\/baralivres.ma\/index.php?rest_route=\/wp\/v2\/product\/14545\/revisions\/14552"}],"wp:featuredmedia":[{"embeddable":true,"href":"https:\/\/baralivres.ma\/index.php?rest_route=\/wp\/v2\/media\/14551"}],"wp:attachment":[{"href":"https:\/\/baralivres.ma\/index.php?rest_route=%2Fwp%2Fv2%2Fmedia&parent=14545"}],"wp:term":[{"taxonomy":"product_cat","embeddable":true,"href":"https:\/\/baralivres.ma\/index.php?rest_route=%2Fwp%2Fv2%2Fproduct_cat&post=14545"},{"taxonomy":"product_tag","embeddable":true,"href":"https:\/\/baralivres.ma\/index.php?rest_route=%2Fwp%2Fv2%2Fproduct_tag&post=14545"}],"curies":[{"name":"wp","href":"https:\/\/api.w.org\/{rel}","templated":true}]}}