{"id":14412,"date":"2023-10-26T11:22:36","date_gmt":"2023-10-26T10:22:36","guid":{"rendered":"https:\/\/baralivres.ma\/?post_type=product&#038;p=14412"},"modified":"2023-10-26T11:22:37","modified_gmt":"2023-10-26T10:22:37","slug":"crime-dhonneur","status":"publish","type":"product","link":"https:\/\/baralivres.ma\/?product=crime-dhonneur","title":{"rendered":"Crime d&rsquo;honneur"},"content":{"rendered":"<p>Esma, une jeune immigr\u00e9e kurde, porte en elle une histoire familiale marqu\u00e9e par la trag\u00e9die. D\u00e9termin\u00e9e \u00e0 d\u00e9mystifier son pass\u00e9, elle entreprend un voyage \u00e0 travers trois g\u00e9n\u00e9rations pour comprendre le destin lourd qui la lie \u00e0 ses anc\u00eatres. De la r\u00e9gion des rives de l&rsquo;Euphrate jusqu&rsquo;en Angleterre, elle se confronte \u00e0 un conflit int\u00e9rieur entre l&rsquo;\u00e9mancipation et le respect des traditions, tout en d\u00e9nouant progressivement les liens complexes tiss\u00e9s entre l&rsquo;amour et la haine.<\/p>\n","protected":false},"excerpt":{"rendered":"<p>Esma, jeune immigr\u00e9e kurde, explore trois g\u00e9n\u00e9rations d&rsquo;une histoire familiale complexe li\u00e9e \u00e0 l&rsquo;amour et la tradition.<\/p>\n","protected":false},"featured_media":14416,"comment_status":"open","ping_status":"closed","template":"","meta":{"inline_featured_image":false},"product_cat":[204,143],"product_tag":[],"class_list":{"0":"post-14412","1":"product","2":"type-product","3":"status-publish","4":"has-post-thumbnail","6":"product_cat-francais","7":"product_cat-roman","8":"pa_auteurs-elif-shafak","10":"first","11":"instock","12":"shipping-taxable","13":"purchasable","14":"product-type-simple"},"_links":{"self":[{"href":"https:\/\/baralivres.ma\/index.php?rest_route=\/wp\/v2\/product\/14412","targetHints":{"allow":["GET"]}}],"collection":[{"href":"https:\/\/baralivres.ma\/index.php?rest_route=\/wp\/v2\/product"}],"about":[{"href":"https:\/\/baralivres.ma\/index.php?rest_route=\/wp\/v2\/types\/product"}],"replies":[{"embeddable":true,"href":"https:\/\/baralivres.ma\/index.php?rest_route=%2Fwp%2Fv2%2Fcomments&post=14412"}],"version-history":[{"count":1,"href":"https:\/\/baralivres.ma\/index.php?rest_route=\/wp\/v2\/product\/14412\/revisions"}],"predecessor-version":[{"id":14417,"href":"https:\/\/baralivres.ma\/index.php?rest_route=\/wp\/v2\/product\/14412\/revisions\/14417"}],"wp:featuredmedia":[{"embeddable":true,"href":"https:\/\/baralivres.ma\/index.php?rest_route=\/wp\/v2\/media\/14416"}],"wp:attachment":[{"href":"https:\/\/baralivres.ma\/index.php?rest_route=%2Fwp%2Fv2%2Fmedia&parent=14412"}],"wp:term":[{"taxonomy":"product_cat","embeddable":true,"href":"https:\/\/baralivres.ma\/index.php?rest_route=%2Fwp%2Fv2%2Fproduct_cat&post=14412"},{"taxonomy":"product_tag","embeddable":true,"href":"https:\/\/baralivres.ma\/index.php?rest_route=%2Fwp%2Fv2%2Fproduct_tag&post=14412"}],"curies":[{"name":"wp","href":"https:\/\/api.w.org\/{rel}","templated":true}]}}