{"id":14405,"date":"2023-10-26T11:25:22","date_gmt":"2023-10-26T10:25:22","guid":{"rendered":"https:\/\/baralivres.ma\/?post_type=product&#038;p=14405"},"modified":"2023-10-26T11:25:23","modified_gmt":"2023-10-26T10:25:23","slug":"karnak-cafe-2","status":"publish","type":"product","link":"https:\/\/baralivres.ma\/?product=karnak-cafe-2","title":{"rendered":"Karnak Caf\u00e9"},"content":{"rendered":"<p>Au cours des ann\u00e9es 1960, au caf\u00e9 \u00ab\u00a0Al-Karnak\u00a0\u00bb au Caire, un microcosme de l&rsquo;\u00c9gypte en pleine transition se rassemble r\u00e9guli\u00e8rement, compos\u00e9 de trois \u00e9tudiants dont les vies seront fortement influenc\u00e9es par les bouleversements politiques. R\u00e9dig\u00e9 en 1971 par le futur laur\u00e9at du prix Nobel de litt\u00e9rature, ce court roman a eu un impact majeur dans l&rsquo;ensemble du monde arabe.<\/p>\n","protected":false},"excerpt":{"rendered":"<p>Au caf\u00e9 \u00ab\u00a0Al-Karnak\u00a0\u00bb au Caire, trois \u00e9tudiants vivent des bouleversements politiques dans un roman influent de 1971.<\/p>\n","protected":false},"featured_media":14419,"comment_status":"open","ping_status":"closed","template":"","meta":{"inline_featured_image":false},"product_cat":[204,143],"product_tag":[],"class_list":{"0":"post-14405","1":"product","2":"type-product","3":"status-publish","4":"has-post-thumbnail","6":"product_cat-francais","7":"product_cat-roman","8":"pa_auteurs-naguib-mahfouz","10":"first","11":"instock","12":"shipping-taxable","13":"purchasable","14":"product-type-simple"},"_links":{"self":[{"href":"https:\/\/baralivres.ma\/index.php?rest_route=\/wp\/v2\/product\/14405","targetHints":{"allow":["GET"]}}],"collection":[{"href":"https:\/\/baralivres.ma\/index.php?rest_route=\/wp\/v2\/product"}],"about":[{"href":"https:\/\/baralivres.ma\/index.php?rest_route=\/wp\/v2\/types\/product"}],"replies":[{"embeddable":true,"href":"https:\/\/baralivres.ma\/index.php?rest_route=%2Fwp%2Fv2%2Fcomments&post=14405"}],"version-history":[{"count":1,"href":"https:\/\/baralivres.ma\/index.php?rest_route=\/wp\/v2\/product\/14405\/revisions"}],"predecessor-version":[{"id":14420,"href":"https:\/\/baralivres.ma\/index.php?rest_route=\/wp\/v2\/product\/14405\/revisions\/14420"}],"wp:featuredmedia":[{"embeddable":true,"href":"https:\/\/baralivres.ma\/index.php?rest_route=\/wp\/v2\/media\/14419"}],"wp:attachment":[{"href":"https:\/\/baralivres.ma\/index.php?rest_route=%2Fwp%2Fv2%2Fmedia&parent=14405"}],"wp:term":[{"taxonomy":"product_cat","embeddable":true,"href":"https:\/\/baralivres.ma\/index.php?rest_route=%2Fwp%2Fv2%2Fproduct_cat&post=14405"},{"taxonomy":"product_tag","embeddable":true,"href":"https:\/\/baralivres.ma\/index.php?rest_route=%2Fwp%2Fv2%2Fproduct_tag&post=14405"}],"curies":[{"name":"wp","href":"https:\/\/api.w.org\/{rel}","templated":true}]}}