{"id":14356,"date":"2023-10-26T10:21:53","date_gmt":"2023-10-26T09:21:53","guid":{"rendered":"https:\/\/baralivres.ma\/?post_type=product&#038;p=14356"},"modified":"2024-11-28T17:14:00","modified_gmt":"2024-11-28T16:14:00","slug":"zadig-suivi-de-micromegas","status":"publish","type":"product","link":"https:\/\/baralivres.ma\/?product=zadig-suivi-de-micromegas","title":{"rendered":"Zadig suivi de Microm\u00e9gas"},"content":{"rendered":"<p><span>Zadig, un jeune homme riche, vertueux et parfaitement \u00e9quip\u00e9, s&rsquo;appr\u00eate \u00e0 \u00e9pouser la plus belle femme de Babylone. <\/span><span>Tout semble sourire \u00e0 Zadig, mais la vie lui r\u00e9serve un tout autre destin. <\/span><span>Sa fianc\u00e9e le trahit, il est injustement tra\u00een\u00e9 en justice, menac\u00e9 par des fanatiques religieux, et la trame de sa vie se complexifie davantage lorsqu&rsquo;un ange d\u00e9guis\u00e9 en ermite intervient pour l&rsquo;aider. <\/span><span>Voltaire explore les tumultes de la destin\u00e9e \u00e0 travers les aventures de Zadig, et cette histoire sulfureuse contient tout le g\u00e9nie, la philosophie, la cruaut\u00e9, l&rsquo;esprit, la gaiet\u00e9 et la perspicacit\u00e9 de l&rsquo;auteur face aux absurdit\u00e9s et aux vanit\u00e9s humaines.<\/span><\/p>\n","protected":false},"excerpt":{"rendered":"<p>Zadig jeune Richet parfait, se marie avec la plus belle femme de Babylone mais subit trahison<\/p>\n","protected":false},"featured_media":14363,"comment_status":"open","ping_status":"closed","template":"","meta":{"inline_featured_image":false},"product_cat":[4097,4096],"product_tag":[],"class_list":{"0":"post-14356","1":"product","2":"type-product","3":"status-publish","4":"has-post-thumbnail","6":"product_cat-francais-les_romans_classique","7":"product_cat-les_romans_classique","8":"pa_auteurs-voltaire","10":"first","11":"instock","12":"shipping-taxable","13":"purchasable","14":"product-type-simple"},"_links":{"self":[{"href":"https:\/\/baralivres.ma\/index.php?rest_route=\/wp\/v2\/product\/14356","targetHints":{"allow":["GET"]}}],"collection":[{"href":"https:\/\/baralivres.ma\/index.php?rest_route=\/wp\/v2\/product"}],"about":[{"href":"https:\/\/baralivres.ma\/index.php?rest_route=\/wp\/v2\/types\/product"}],"replies":[{"embeddable":true,"href":"https:\/\/baralivres.ma\/index.php?rest_route=%2Fwp%2Fv2%2Fcomments&post=14356"}],"version-history":[{"count":1,"href":"https:\/\/baralivres.ma\/index.php?rest_route=\/wp\/v2\/product\/14356\/revisions"}],"predecessor-version":[{"id":14364,"href":"https:\/\/baralivres.ma\/index.php?rest_route=\/wp\/v2\/product\/14356\/revisions\/14364"}],"wp:featuredmedia":[{"embeddable":true,"href":"https:\/\/baralivres.ma\/index.php?rest_route=\/wp\/v2\/media\/14363"}],"wp:attachment":[{"href":"https:\/\/baralivres.ma\/index.php?rest_route=%2Fwp%2Fv2%2Fmedia&parent=14356"}],"wp:term":[{"taxonomy":"product_cat","embeddable":true,"href":"https:\/\/baralivres.ma\/index.php?rest_route=%2Fwp%2Fv2%2Fproduct_cat&post=14356"},{"taxonomy":"product_tag","embeddable":true,"href":"https:\/\/baralivres.ma\/index.php?rest_route=%2Fwp%2Fv2%2Fproduct_tag&post=14356"}],"curies":[{"name":"wp","href":"https:\/\/api.w.org\/{rel}","templated":true}]}}