{"id":14347,"date":"2023-10-26T10:11:43","date_gmt":"2023-10-26T09:11:43","guid":{"rendered":"https:\/\/baralivres.ma\/?post_type=product&#038;p=14347"},"modified":"2024-11-28T16:59:50","modified_gmt":"2024-11-28T15:59:50","slug":"le-portrait-de-dorian-gray-2","status":"publish","type":"product","link":"https:\/\/baralivres.ma\/?product=le-portrait-de-dorian-gray-2","title":{"rendered":"Le Portrait de Dorian Gray"},"content":{"rendered":"<p><span>Dorian Gray, jeune, riche, et d&rsquo;une beaut\u00e9 exceptionnelle, souhaite que son portrait vieillisse \u00e0 sa place. <\/span><span>Gr\u00e2ce \u00e0 une sorte magique, son souhait est exauc\u00e9, ce qui lui permet de s&rsquo;adonner \u00e0 toutes ses pulsions et vices. <\/span><span>Sous un masque de beaut\u00e9 intouch\u00e9e, il se plonge dans la d\u00e9bauche et le crime, cherchant \u00e0 faire de sa vie une \u0153uvre d&rsquo;art. <\/span><span>Un r\u00e9cit aux r\u00e9sonances de la vie d&rsquo;Oscar Wilde, condamn\u00e9 par la soci\u00e9t\u00e9 victorienne.<\/span><\/p>\n","protected":false},"excerpt":{"rendered":"<p>Un pacte m\u00e8ne Dorian Gray \u00e0 conserver sa jeunesse tandis que son portrait vieillit, d\u00e9voilant sa d\u00e9cadence.<\/p>\n","protected":false},"featured_media":14354,"comment_status":"open","ping_status":"closed","template":"","meta":{"inline_featured_image":false},"product_cat":[4097,4096],"product_tag":[],"class_list":{"0":"post-14347","1":"product","2":"type-product","3":"status-publish","4":"has-post-thumbnail","6":"product_cat-francais-les_romans_classique","7":"product_cat-les_romans_classique","8":"pa_auteurs-oscar-wilde","10":"first","11":"instock","12":"shipping-taxable","13":"purchasable","14":"product-type-simple"},"_links":{"self":[{"href":"https:\/\/baralivres.ma\/index.php?rest_route=\/wp\/v2\/product\/14347","targetHints":{"allow":["GET"]}}],"collection":[{"href":"https:\/\/baralivres.ma\/index.php?rest_route=\/wp\/v2\/product"}],"about":[{"href":"https:\/\/baralivres.ma\/index.php?rest_route=\/wp\/v2\/types\/product"}],"replies":[{"embeddable":true,"href":"https:\/\/baralivres.ma\/index.php?rest_route=%2Fwp%2Fv2%2Fcomments&post=14347"}],"version-history":[{"count":1,"href":"https:\/\/baralivres.ma\/index.php?rest_route=\/wp\/v2\/product\/14347\/revisions"}],"predecessor-version":[{"id":14355,"href":"https:\/\/baralivres.ma\/index.php?rest_route=\/wp\/v2\/product\/14347\/revisions\/14355"}],"wp:featuredmedia":[{"embeddable":true,"href":"https:\/\/baralivres.ma\/index.php?rest_route=\/wp\/v2\/media\/14354"}],"wp:attachment":[{"href":"https:\/\/baralivres.ma\/index.php?rest_route=%2Fwp%2Fv2%2Fmedia&parent=14347"}],"wp:term":[{"taxonomy":"product_cat","embeddable":true,"href":"https:\/\/baralivres.ma\/index.php?rest_route=%2Fwp%2Fv2%2Fproduct_cat&post=14347"},{"taxonomy":"product_tag","embeddable":true,"href":"https:\/\/baralivres.ma\/index.php?rest_route=%2Fwp%2Fv2%2Fproduct_tag&post=14347"}],"curies":[{"name":"wp","href":"https:\/\/api.w.org\/{rel}","templated":true}]}}