{"id":14311,"date":"2023-10-26T09:38:17","date_gmt":"2023-10-26T08:38:17","guid":{"rendered":"https:\/\/baralivres.ma\/?post_type=product&#038;p=14311"},"modified":"2023-10-26T09:38:17","modified_gmt":"2023-10-26T08:38:17","slug":"mamma-maria","status":"publish","type":"product","link":"https:\/\/baralivres.ma\/?product=mamma-maria","title":{"rendered":"Mamma Maria"},"content":{"rendered":"<p>Sur la terrasse ensoleill\u00e9e du Mamma Maria, la simplicit\u00e9 du bonheur se r\u00e9v\u00e8le dans chaque gorg\u00e9e d&rsquo;espresso et dans les m\u00e9lodies d&rsquo;Adriano Celentano. Sofia, une jeune traductrice en qu\u00eate de r\u00e9confort apr\u00e8s une d\u00e9ception amoureuse \u00e0 Paris, a trouv\u00e9 refuge dans son village natal sur la c\u00f4te amalfitaine. Chaque jour, elle retrouve sa place habituelle, savourant l&rsquo;atmosph\u00e8re chaleureuse de ce caf\u00e9 qui occupe une place centrale dans la vie du village. Maria, la g\u00e9n\u00e9reuse patronne, est comme une m\u00e8re pour tous, rassemblant les jeunes et les anciens. Cependant, ce matin-l\u00e0, une dissonance inattendue s&rsquo;est ins\u00e9r\u00e9e dans cette harmonie. Le vieux Franco n&rsquo;a pas honor\u00e9 sa traditionnelle partie de scopa. Est-ce le signe d&rsquo;une fin imminente de cette dolce vita qui les unit tous ?<\/p>\n","protected":false},"excerpt":{"rendered":"<p>Sofia, en qu\u00eate de paix, trouve le bonheur \u00e0 la terrasse du Mamma Maria, mais une perturbation survient.<\/p>\n","protected":false},"featured_media":14312,"comment_status":"open","ping_status":"closed","template":"","meta":{"inline_featured_image":false},"product_cat":[204,143,178],"product_tag":[],"class_list":{"0":"post-14311","1":"product","2":"type-product","3":"status-publish","4":"has-post-thumbnail","6":"product_cat-francais","7":"product_cat-roman","8":"product_cat-contemporain","9":"pa_auteurs-serena-giuliano","11":"first","12":"instock","13":"shipping-taxable","14":"purchasable","15":"product-type-simple"},"_links":{"self":[{"href":"https:\/\/baralivres.ma\/index.php?rest_route=\/wp\/v2\/product\/14311","targetHints":{"allow":["GET"]}}],"collection":[{"href":"https:\/\/baralivres.ma\/index.php?rest_route=\/wp\/v2\/product"}],"about":[{"href":"https:\/\/baralivres.ma\/index.php?rest_route=\/wp\/v2\/types\/product"}],"replies":[{"embeddable":true,"href":"https:\/\/baralivres.ma\/index.php?rest_route=%2Fwp%2Fv2%2Fcomments&post=14311"}],"version-history":[{"count":1,"href":"https:\/\/baralivres.ma\/index.php?rest_route=\/wp\/v2\/product\/14311\/revisions"}],"predecessor-version":[{"id":14313,"href":"https:\/\/baralivres.ma\/index.php?rest_route=\/wp\/v2\/product\/14311\/revisions\/14313"}],"wp:featuredmedia":[{"embeddable":true,"href":"https:\/\/baralivres.ma\/index.php?rest_route=\/wp\/v2\/media\/14312"}],"wp:attachment":[{"href":"https:\/\/baralivres.ma\/index.php?rest_route=%2Fwp%2Fv2%2Fmedia&parent=14311"}],"wp:term":[{"taxonomy":"product_cat","embeddable":true,"href":"https:\/\/baralivres.ma\/index.php?rest_route=%2Fwp%2Fv2%2Fproduct_cat&post=14311"},{"taxonomy":"product_tag","embeddable":true,"href":"https:\/\/baralivres.ma\/index.php?rest_route=%2Fwp%2Fv2%2Fproduct_tag&post=14311"}],"curies":[{"name":"wp","href":"https:\/\/api.w.org\/{rel}","templated":true}]}}