{"id":14308,"date":"2023-10-26T09:40:33","date_gmt":"2023-10-26T08:40:33","guid":{"rendered":"https:\/\/baralivres.ma\/?post_type=product&#038;p=14308"},"modified":"2024-11-28T17:01:40","modified_gmt":"2024-11-28T16:01:40","slug":"le-dernier-jour-dun-condamne","status":"publish","type":"product","link":"https:\/\/baralivres.ma\/?product=le-dernier-jour-dun-condamne","title":{"rendered":"Le Dernier Jour d&rsquo;un condamn\u00e9"},"content":{"rendered":"<p>\u00ab\u00a0Dans six heures \u00e0 peine, ma vie s&rsquo;\u00e9teindra. Est-il r\u00e9el que ma fin surviendra avant la cl\u00f4ture de cette journ\u00e9e ?\u00a0\u00bb Bient\u00f4t, sa t\u00eate sera d\u00e9pos\u00e9e dans la sciure, attendant dans l&rsquo;effroi, apr\u00e8s avoir \u00e9t\u00e9 jug\u00e9e, emprisonn\u00e9e et encha\u00een\u00e9e. \u00ab\u00a0La peur m&rsquo;envahit\u00a0\u00bb &#8211; et notre anxi\u00e9t\u00e9 cro\u00eet en parall\u00e8le \u00e0 la sienne. L&rsquo;aum\u00f4nier viendra, puis les assistants du bourreau. Il montera dans la charrette, traversera une faute sinistre. \u00c0 l&rsquo;issue de cette marche funeste, la vue de la guillotine se dressera. On pr\u00e9tend que la mort est indolore, que c&rsquo;est une fin douce, mais qui peut en \u00eatre certain ?<\/p>\n<p>\u00c0 travers lui, nous partageons ce cauchemar, cette aberration terrifiante de la peine de mort que personne n&rsquo;avait os\u00e9 d\u00e9noncer avant Victor Hugo.<\/p>\n","protected":false},"excerpt":{"rendered":"<div class=\"group final-completion w-full text-token-text-primary border-b border-black\/10 gizmo:border-0 dark:border-gray-900\/50 gizmo:dark:border-0 bg-gray-50 gizmo:bg-transparent dark:bg-[#444654] gizmo:dark:bg-transparent\" data-testid=\"conversation-turn-216\">\n<div class=\"p-4 gizmo:py-2 justify-center text-base md:gap-6 md:py-6 m-auto\">\n<div class=\"flex flex-1 gap-4 text-base mx-auto md:gap-6 gizmo:gap-3 gizmo:md:px-5 gizmo:lg:px-1 gizmo:xl:px-5 md:max-w-2xl lg:max-w-[38rem] gizmo:md:max-w-3xl gizmo:lg:max-w-[40rem] gizmo:xl:max-w-[48rem] xl:max-w-3xl }\">\n<div class=\"relative flex w-[calc(100%-50px)] flex-col gizmo:w-full lg:w-[calc(100%-115px)] agent-turn\">\n<div class=\"flex-col gap-1 md:gap-3\">\n<div class=\"flex flex-grow flex-col gap-3 max-w-full\">\n<div class=\"min-h-[20px] flex flex-col items-start gap-3 whitespace-pre-wrap break-words overflow-x-auto\">\n<div class=\"markdown prose w-full break-words dark:prose-invert light\">\n<p>Victor Hugo d\u00e9peint l&rsquo;agonie d&rsquo;un condamn\u00e9 \u00e0 mort, partageant son ango<\/p>\n<\/div>\n<\/div>\n<\/div>\n<div class=\"flex justify-between empty:hidden gizmo:justify-start gizmo:gap-3 lg:block gizmo:lg:flex\">\n<div class=\"text-gray-400 flex self-end lg:self-center justify-center gizmo:lg:justify-start mt-2 gizmo:mt-0 visible lg:gap-1 lg:absolute lg:top-0 lg:translate-x-full lg:right-0 lg:mt-0 lg:pl-2 gap-2 md:gap-3\">\n<p>&nbsp;<\/p>\n<div class=\"flex gap-1 gizmo:gap-3\"><\/div>\n<\/div>\n<\/div>\n<\/div>\n<\/div>\n<\/div>\n<\/div>\n<\/div>\n","protected":false},"featured_media":14315,"comment_status":"open","ping_status":"closed","template":"","meta":{"inline_featured_image":false},"product_cat":[4097,4096],"product_tag":[],"class_list":{"0":"post-14308","1":"product","2":"type-product","3":"status-publish","4":"has-post-thumbnail","6":"product_cat-francais-les_romans_classique","7":"product_cat-les_romans_classique","8":"pa_auteurs-victor-hugo","10":"first","11":"instock","12":"shipping-taxable","13":"purchasable","14":"product-type-simple"},"_links":{"self":[{"href":"https:\/\/baralivres.ma\/index.php?rest_route=\/wp\/v2\/product\/14308","targetHints":{"allow":["GET"]}}],"collection":[{"href":"https:\/\/baralivres.ma\/index.php?rest_route=\/wp\/v2\/product"}],"about":[{"href":"https:\/\/baralivres.ma\/index.php?rest_route=\/wp\/v2\/types\/product"}],"replies":[{"embeddable":true,"href":"https:\/\/baralivres.ma\/index.php?rest_route=%2Fwp%2Fv2%2Fcomments&post=14308"}],"version-history":[{"count":2,"href":"https:\/\/baralivres.ma\/index.php?rest_route=\/wp\/v2\/product\/14308\/revisions"}],"predecessor-version":[{"id":14324,"href":"https:\/\/baralivres.ma\/index.php?rest_route=\/wp\/v2\/product\/14308\/revisions\/14324"}],"wp:featuredmedia":[{"embeddable":true,"href":"https:\/\/baralivres.ma\/index.php?rest_route=\/wp\/v2\/media\/14315"}],"wp:attachment":[{"href":"https:\/\/baralivres.ma\/index.php?rest_route=%2Fwp%2Fv2%2Fmedia&parent=14308"}],"wp:term":[{"taxonomy":"product_cat","embeddable":true,"href":"https:\/\/baralivres.ma\/index.php?rest_route=%2Fwp%2Fv2%2Fproduct_cat&post=14308"},{"taxonomy":"product_tag","embeddable":true,"href":"https:\/\/baralivres.ma\/index.php?rest_route=%2Fwp%2Fv2%2Fproduct_tag&post=14308"}],"curies":[{"name":"wp","href":"https:\/\/api.w.org\/{rel}","templated":true}]}}