{"id":14305,"date":"2023-10-26T09:35:00","date_gmt":"2023-10-26T08:35:00","guid":{"rendered":"https:\/\/baralivres.ma\/?post_type=product&#038;p=14305"},"modified":"2023-10-26T09:35:01","modified_gmt":"2023-10-26T08:35:01","slug":"ciao-bella","status":"publish","type":"product","link":"https:\/\/baralivres.ma\/?product=ciao-bella","title":{"rendered":"Ciao Bella"},"content":{"rendered":"<p>Anna, rong\u00e9e par diverses peurs telles que la foule, le bruit, la conduite sur l&rsquo;autoroute et m\u00eame les pommes de terre germ\u00e9es, d\u00e9cide de consulter un psychologue pour se pr\u00e9parer \u00e0 sa deuxi\u00e8me grossesse. \u00c0 travers leurs s\u00e9ances, Anna partage avec humour des fragments de sa vie, ce qui la ram\u00e8ne \u00e0 son enfance en Italie, un pays auquel elle a \u00e9t\u00e9 arrach\u00e9e alors qu&rsquo;elle \u00e9tait jeune, la privant ainsi de sa ch\u00e8re grand-m\u00e8re (nonna). Tout au long du r\u00e9cit, l&rsquo;histoire de sa famille se red\u00e9finit sous nos yeux, soulevant des questions sur l&rsquo;impact de l&rsquo;enfance sur la vie d&rsquo;adulte, la possibilit\u00e9 de pardonner l&rsquo;impardonnable, et comment surmonter ses peurs pour se diriger vers un avenir plus prometteur. Il est \u00e0 noter que la lecture de \u00ab\u00a0Ciao Bella\u00a0\u00bb peut avoir des effets durables, tels que l&rsquo;adoption du langage des gestes, l&rsquo;\u00e9coute empreinte de sensibilit\u00e9, le rire en toutes circonstances (surtout de soi-m\u00eame), ou encore une passion soudaine pour les p\u00e2tes al dente.<\/p>\n","protected":false},"excerpt":{"rendered":"<p>Anna confronte ses peurs, explore son pass\u00e9 italien et les liens familiaux pour trouver un avenir meilleur.<\/p>\n","protected":false},"featured_media":14309,"comment_status":"open","ping_status":"closed","template":"","meta":{"inline_featured_image":false},"product_cat":[204,143],"product_tag":[],"class_list":{"0":"post-14305","1":"product","2":"type-product","3":"status-publish","4":"has-post-thumbnail","6":"product_cat-francais","7":"product_cat-roman","8":"pa_auteurs-serena-giuliano","10":"first","11":"instock","12":"shipping-taxable","13":"purchasable","14":"product-type-simple"},"_links":{"self":[{"href":"https:\/\/baralivres.ma\/index.php?rest_route=\/wp\/v2\/product\/14305","targetHints":{"allow":["GET"]}}],"collection":[{"href":"https:\/\/baralivres.ma\/index.php?rest_route=\/wp\/v2\/product"}],"about":[{"href":"https:\/\/baralivres.ma\/index.php?rest_route=\/wp\/v2\/types\/product"}],"replies":[{"embeddable":true,"href":"https:\/\/baralivres.ma\/index.php?rest_route=%2Fwp%2Fv2%2Fcomments&post=14305"}],"version-history":[{"count":1,"href":"https:\/\/baralivres.ma\/index.php?rest_route=\/wp\/v2\/product\/14305\/revisions"}],"predecessor-version":[{"id":14310,"href":"https:\/\/baralivres.ma\/index.php?rest_route=\/wp\/v2\/product\/14305\/revisions\/14310"}],"wp:featuredmedia":[{"embeddable":true,"href":"https:\/\/baralivres.ma\/index.php?rest_route=\/wp\/v2\/media\/14309"}],"wp:attachment":[{"href":"https:\/\/baralivres.ma\/index.php?rest_route=%2Fwp%2Fv2%2Fmedia&parent=14305"}],"wp:term":[{"taxonomy":"product_cat","embeddable":true,"href":"https:\/\/baralivres.ma\/index.php?rest_route=%2Fwp%2Fv2%2Fproduct_cat&post=14305"},{"taxonomy":"product_tag","embeddable":true,"href":"https:\/\/baralivres.ma\/index.php?rest_route=%2Fwp%2Fv2%2Fproduct_tag&post=14305"}],"curies":[{"name":"wp","href":"https:\/\/api.w.org\/{rel}","templated":true}]}}