{"id":14292,"date":"2023-10-26T09:13:29","date_gmt":"2023-10-26T08:13:29","guid":{"rendered":"https:\/\/baralivres.ma\/?post_type=product&#038;p=14292"},"modified":"2024-11-28T16:30:55","modified_gmt":"2024-11-28T15:30:55","slug":"on-ne-badine-pas-avec-lamour","status":"publish","type":"product","link":"https:\/\/baralivres.ma\/?product=on-ne-badine-pas-avec-lamour","title":{"rendered":"On ne badine pas avec l&rsquo;amour"},"content":{"rendered":"<p><span>Au sein d&rsquo;un ch\u00e2teau fran\u00e7ais \u00e9nigmatique, l&rsquo;enfant terrible Perdican joue avec les \u00e9motions des femmes, perdant l&rsquo;amour de sa cousine Camille et d\u00e9sesp\u00e9rant la berg\u00e8re Rosette. <\/span><span>Perdican incarne Musset et l&rsquo;humanit\u00e9, un homme faillible cherchant un bonheur insaisissable. <\/span><span>Dans ce drame comique et poignant, la jeunesse et l&rsquo;amour sont explor\u00e9s, avec leurs d\u00e9sirs, leurs tromperies, leurs pleurs, et l&rsquo;angoisse de la passion et de la jalousie, refl\u00e9tant le complexe<\/span><\/p>\n","protected":false},"excerpt":{"rendered":"<p>Perdican, figure de Musset, incarne un homme tourment\u00e9 par l&rsquo;amour, la qu\u00eate du bonheur et la passion humaine.<\/p>\n","protected":false},"featured_media":14293,"comment_status":"open","ping_status":"closed","template":"","meta":{"inline_featured_image":false},"product_cat":[4097,4096],"product_tag":[],"class_list":{"0":"post-14292","1":"product","2":"type-product","3":"status-publish","4":"has-post-thumbnail","6":"product_cat-francais-les_romans_classique","7":"product_cat-les_romans_classique","8":"pa_auteurs-musset-alfred-de","10":"first","11":"instock","12":"shipping-taxable","13":"purchasable","14":"product-type-simple"},"_links":{"self":[{"href":"https:\/\/baralivres.ma\/index.php?rest_route=\/wp\/v2\/product\/14292","targetHints":{"allow":["GET"]}}],"collection":[{"href":"https:\/\/baralivres.ma\/index.php?rest_route=\/wp\/v2\/product"}],"about":[{"href":"https:\/\/baralivres.ma\/index.php?rest_route=\/wp\/v2\/types\/product"}],"replies":[{"embeddable":true,"href":"https:\/\/baralivres.ma\/index.php?rest_route=%2Fwp%2Fv2%2Fcomments&post=14292"}],"version-history":[{"count":1,"href":"https:\/\/baralivres.ma\/index.php?rest_route=\/wp\/v2\/product\/14292\/revisions"}],"predecessor-version":[{"id":14294,"href":"https:\/\/baralivres.ma\/index.php?rest_route=\/wp\/v2\/product\/14292\/revisions\/14294"}],"wp:featuredmedia":[{"embeddable":true,"href":"https:\/\/baralivres.ma\/index.php?rest_route=\/wp\/v2\/media\/14293"}],"wp:attachment":[{"href":"https:\/\/baralivres.ma\/index.php?rest_route=%2Fwp%2Fv2%2Fmedia&parent=14292"}],"wp:term":[{"taxonomy":"product_cat","embeddable":true,"href":"https:\/\/baralivres.ma\/index.php?rest_route=%2Fwp%2Fv2%2Fproduct_cat&post=14292"},{"taxonomy":"product_tag","embeddable":true,"href":"https:\/\/baralivres.ma\/index.php?rest_route=%2Fwp%2Fv2%2Fproduct_tag&post=14292"}],"curies":[{"name":"wp","href":"https:\/\/api.w.org\/{rel}","templated":true}]}}